{"id":583,"date":"2017-03-01T12:58:12","date_gmt":"2017-03-01T11:58:12","guid":{"rendered":"http:\/\/blogs.univ-jfc.fr\/vigneetvin\/?page_id=583"},"modified":"2017-03-30T07:51:30","modified_gmt":"2017-03-30T06:51:30","slug":"les-derives-du-vin-durant-lantiquite","status":"publish","type":"page","link":"https:\/\/blogs.univ-jfc.fr\/vigneetvin\/les-derives-du-vin-durant-lantiquite\/","title":{"rendered":"Les d\u00e9riv\u00e9s du vin durant l&rsquo;Antiquit\u00e9"},"content":{"rendered":"<p align=\"center\"><span style=\"font-family: 'Times New Roman', serif\"><span style=\"font-size: medium\"><b>Des vertus th\u00e9rapeutiques qui priment sur la consommation d&rsquo;eau<\/b><\/span><\/span><\/p>\n<p align=\"justify\"><span style=\"font-family: 'Times New Roman', serif\"><span style=\"font-size: medium\"> Le r\u00f4le primordial du vin dans les alimentations s&rsquo;explique par opposition \u00e0 celui de l&rsquo;eau: celle-ci, n&rsquo;offrant pas toujours la puret\u00e9 souhaitable, et \u00e9tait surtout d\u00e9pr\u00e9ci\u00e9e car consid\u00e9r\u00e9e comme ayant un \u00ab\u00a0mauvais go\u00fbt\u00a0\u00bb. En effet l&rsquo;\u00e8re pastorienne n&rsquo;a pas commenc\u00e9, les microbes sont inconnus encore, et ce n&rsquo;est donc qu&rsquo;une simple question de go\u00fbt. Le vin apparaissait donc d\u00e8s ses pr\u00e9mices comme une alternative plus que souhaitable. <\/span><\/span><span style=\"font-family: 'Times New Roman', serif\"><span style=\"font-size: medium\">Cependant les vins, mal conserv\u00e9s dans les amphores et tonneaux, ne tenaient pas l&rsquo;ann\u00e9e. C&rsquo;est pourquoi, pour \u00e9viter de d\u00e9truire les vieux vins inconsommables, les vins \u00e9taient convertis en vinaigres et utilis\u00e9s pour la conservation des denr\u00e9es.<\/span><\/span><\/p>\n<p align=\"justify\"><span style=\"font-family: 'Times New Roman', serif\"><span style=\"font-size: medium\">Durant l\u2019antiquit\u00e9 on pr\u00eate surtout de grandes vertus th\u00e9rapeutiques aux vins, et ces vertus ne d\u00e9pendent pas des vari\u00e9t\u00e9s de vins car elles seraient communes \u00e0 tous. Bon pour la digestion, d\u00e9congestionnant pouvant gu\u00e9rir les convalescents, le vin semble alors \u00eatre une boisson miraculeuse. Il e<\/span><\/span><span style=\"font-family: 'Times New Roman', serif\"><span style=\"font-size: medium\">xistait donc de nombreux \u00ab\u00a0vins artificiels\u00a0\u00bb ou vins pharmaceutiques, qui sont des boissons \u00e0 base de plantes diverses allant de la figue au laurier en passant par l\u2019origan. On peut noter avec amusement que le vin gaulois avait mauvaise r\u00e9putation, notamment celui de la Narbonnaise, accus\u00e9 de masquer son go\u00fbt sous celui de la fum\u00e9e<a class=\"sdfootnoteanc\" href=\"#sdfootnote1sym\" name=\"sdfootnote1anc\"><sup>1<\/sup><\/a>.<\/span><\/span><\/p>\n<p align=\"justify\"><strong><a href=\"http:\/\/blogs.univ-jfc.fr\/vigneetvin\/la-culture-de-la-vigne\/de-la-viticulture-a-la-vinification\/le-stockage-du-vin-une-etape-decisive-dans-sa-fabrication\/\">Retour au Stockage du vin.<\/a><\/strong><\/p>\n<div id=\"sdfootnote1\"><span style=\"font-family: 'Times New Roman', serif\"><span style=\"font-size: medium\"><a class=\"sdfootnotesym\" href=\"#sdfootnote1anc\" name=\"sdfootnote1sym\">1<\/a><span style=\"font-size: small\">JULIEN, <\/span><span style=\"font-size: small\"><i>Les plantes dans la pharmacop\u00e9e antique : Pline l&rsquo;Ancien, Histoire naturelle<\/i><\/span><span style=\"font-size: small\">, livre XXVI, Revue d&rsquo;histoire de la pharmacie, volume 46, num\u00e9ro 158, 1985, p. 362 \u00e0 p. 363.<\/span><\/span><\/span><\/div>\n","protected":false},"excerpt":{"rendered":"<p>Des vertus th\u00e9rapeutiques qui priment sur la consommation d&rsquo;eau Le r\u00f4le primordial du vin dans les alimentations s&rsquo;explique par opposition \u00e0 celui de l&rsquo;eau: celle-ci, n&rsquo;offrant pas toujours la puret\u00e9 souhaitable, et \u00e9tait surtout d\u00e9pr\u00e9ci\u00e9e car consid\u00e9r\u00e9e comme ayant un \u00ab\u00a0mauvais go\u00fbt\u00a0\u00bb. En effet l&rsquo;\u00e8re pastorienne n&rsquo;a pas commenc\u00e9, les microbes sont inconnus encore, et &hellip; <a href=\"https:\/\/blogs.univ-jfc.fr\/vigneetvin\/les-derives-du-vin-durant-lantiquite\/\" class=\"more-link\">Continuer la lecture de <span class=\"screen-reader-text\">Les d\u00e9riv\u00e9s du vin durant l&rsquo;Antiquit\u00e9<\/span> <span class=\"meta-nav\">&rarr;<\/span><\/a><\/p>\n","protected":false},"author":268,"featured_media":0,"parent":0,"menu_order":5,"comment_status":"closed","ping_status":"closed","template":"","meta":[],"_links":{"self":[{"href":"https:\/\/blogs.univ-jfc.fr\/vigneetvin\/wp-json\/wp\/v2\/pages\/583"}],"collection":[{"href":"https:\/\/blogs.univ-jfc.fr\/vigneetvin\/wp-json\/wp\/v2\/pages"}],"about":[{"href":"https:\/\/blogs.univ-jfc.fr\/vigneetvin\/wp-json\/wp\/v2\/types\/page"}],"author":[{"embeddable":true,"href":"https:\/\/blogs.univ-jfc.fr\/vigneetvin\/wp-json\/wp\/v2\/users\/268"}],"replies":[{"embeddable":true,"href":"https:\/\/blogs.univ-jfc.fr\/vigneetvin\/wp-json\/wp\/v2\/comments?post=583"}],"version-history":[{"count":5,"href":"https:\/\/blogs.univ-jfc.fr\/vigneetvin\/wp-json\/wp\/v2\/pages\/583\/revisions"}],"predecessor-version":[{"id":4234,"href":"https:\/\/blogs.univ-jfc.fr\/vigneetvin\/wp-json\/wp\/v2\/pages\/583\/revisions\/4234"}],"wp:attachment":[{"href":"https:\/\/blogs.univ-jfc.fr\/vigneetvin\/wp-json\/wp\/v2\/media?parent=583"}],"curies":[{"name":"wp","href":"https:\/\/api.w.org\/{rel}","templated":true}]}}