{"id":678,"date":"2017-03-02T08:59:03","date_gmt":"2017-03-02T07:59:03","guid":{"rendered":"http:\/\/blogs.univ-jfc.fr\/vigneetvin\/?page_id=678"},"modified":"2017-03-30T08:28:13","modified_gmt":"2017-03-30T07:28:13","slug":"limportation-des-souverains-anglais-francais-et-des-comtes-de-toulouse","status":"publish","type":"page","link":"https:\/\/blogs.univ-jfc.fr\/vigneetvin\/gaillac-et-le-vin\/une-histoire-du-vignoble-gaillacois\/leconomie-seculaire-du-vignoble-de-gaillac-aux-epoques-antiques-et-medievales\/la-commercialisation-du-vin-de-gaillac\/limportation-des-souverains-anglais-francais-et-des-comtes-de-toulouse\/","title":{"rendered":"L&rsquo;importance des souverains Anglais, Fran\u00e7ais et des Comtes de Toulouse"},"content":{"rendered":"<p align=\"justify\">Nous avons donc vu que les acteurs se multiplient au Moyen \u00c2ge, cela t\u00e9moigne de l\u2019importance que repr\u00e9sente le commerce du vin sur le Tarn et la Garonne. Dans le cadre de relations tendues avec Bordeaux, de nombreux rois d\u2019Angleterre et de France ont pris certaines d\u00e9cisions. Le premier souverain que l\u2019on peut citer est Jean-Sans-Terre qui d\u00e9cide en 1214 d\u2019exon\u00e9rer d\u2019imp\u00f4ts les bourgeois de Bordeaux pour les favoriser dans le commerce international. En r\u00e9action aux mesures protectionnistes de Guyenne (tenue par les Anglais), certains rois de France ont tent\u00e9 de r\u00e9soudre les tensions et c\u2019est ce que va tenter de faire Charles VII en 1453. Louis XI va lui prendre d\u2019autres d\u00e9cisions, favorisant les <a href=\"http:\/\/blogs.univ-jfc.fr\/vigneetvin\/gaillac-et-le-vin\/une-histoire-du-vignoble-gaillacois\/leconomie-seculaire-du-vignoble-de-gaillac-aux-epoques-antiques-et-medievales\/la-commercialisation-du-vin-de-gaillac\/relation-avec-bordeaux\/\">tensions entre Bordeaux et Gaillac<\/a>.<\/p>\n<p align=\"justify\">Les mesures protectionnistes prise par Bordeaux se retrouvent aussi \u00e0 Gaillac et elles sont le plus souvent prises par les comtes de Toulouse. Ainsi Raymond VI (1156-1222) \u00e9tablit une taxe comtale sur les vins qui descendent le Tarn. Cette politique sera poursuivie par son fils, Raymond VII (1197-1249) qui d\u00e9cide en 1221 de mettre en place une charte qui favorise le commerce de Gaillac en exon\u00e9rant les habitants de la ville sur le mouvement de certaines denr\u00e9es comme le sel, le bl\u00e9\u0301 et bien \u00e9videmment le vin. Il va poursuive une politique intense de transformation du territoire. A partir de 1229 il est \u00e0 l\u2019origine de la cr\u00e9ation ne nombreuses villes neuves qui avaient pour objectif de contr\u00f4ler le territoire. Il va par la suite d\u00e9cider de cr\u00e9er des villes \u00e0 fins commerciaux comme celle de Lisle-sur-Tarn en 1248 qui aura une grande importance dans le commerce et la production du vin. Il favorise un certain nombre de politiques protectionnistes et, comme son p\u00e8re il en profite pour pr\u00e9lever une taxe comtale. Leur importance dans le d\u00e9veloppement du vignoble et de son commerce n\u2019est donc pas n\u00e9gligeable.<\/p>\n","protected":false},"excerpt":{"rendered":"<p>Nous avons donc vu que les acteurs se multiplient au Moyen \u00c2ge, cela t\u00e9moigne de l\u2019importance que repr\u00e9sente le commerce du vin sur le Tarn et la Garonne. Dans le cadre de relations tendues avec Bordeaux, de nombreux rois d\u2019Angleterre et de France ont pris certaines d\u00e9cisions. Le premier souverain que l\u2019on peut citer est &hellip; <a href=\"https:\/\/blogs.univ-jfc.fr\/vigneetvin\/gaillac-et-le-vin\/une-histoire-du-vignoble-gaillacois\/leconomie-seculaire-du-vignoble-de-gaillac-aux-epoques-antiques-et-medievales\/la-commercialisation-du-vin-de-gaillac\/limportation-des-souverains-anglais-francais-et-des-comtes-de-toulouse\/\" class=\"more-link\">Continuer la lecture de <span class=\"screen-reader-text\">L&rsquo;importance des souverains Anglais, Fran\u00e7ais et des Comtes de Toulouse<\/span> <span class=\"meta-nav\">&rarr;<\/span><\/a><\/p>\n","protected":false},"author":189,"featured_media":0,"parent":176,"menu_order":5,"comment_status":"closed","ping_status":"closed","template":"","meta":[],"_links":{"self":[{"href":"https:\/\/blogs.univ-jfc.fr\/vigneetvin\/wp-json\/wp\/v2\/pages\/678"}],"collection":[{"href":"https:\/\/blogs.univ-jfc.fr\/vigneetvin\/wp-json\/wp\/v2\/pages"}],"about":[{"href":"https:\/\/blogs.univ-jfc.fr\/vigneetvin\/wp-json\/wp\/v2\/types\/page"}],"author":[{"embeddable":true,"href":"https:\/\/blogs.univ-jfc.fr\/vigneetvin\/wp-json\/wp\/v2\/users\/189"}],"replies":[{"embeddable":true,"href":"https:\/\/blogs.univ-jfc.fr\/vigneetvin\/wp-json\/wp\/v2\/comments?post=678"}],"version-history":[{"count":10,"href":"https:\/\/blogs.univ-jfc.fr\/vigneetvin\/wp-json\/wp\/v2\/pages\/678\/revisions"}],"predecessor-version":[{"id":4441,"href":"https:\/\/blogs.univ-jfc.fr\/vigneetvin\/wp-json\/wp\/v2\/pages\/678\/revisions\/4441"}],"up":[{"embeddable":true,"href":"https:\/\/blogs.univ-jfc.fr\/vigneetvin\/wp-json\/wp\/v2\/pages\/176"}],"wp:attachment":[{"href":"https:\/\/blogs.univ-jfc.fr\/vigneetvin\/wp-json\/wp\/v2\/media?parent=678"}],"curies":[{"name":"wp","href":"https:\/\/api.w.org\/{rel}","templated":true}]}}