{"id":76,"date":"2017-01-24T15:21:05","date_gmt":"2017-01-24T14:21:05","guid":{"rendered":"http:\/\/blogs.univ-jfc.fr\/vigneetvin\/?page_id=76"},"modified":"2017-04-09T13:02:18","modified_gmt":"2017-04-09T12:02:18","slug":"le-cycle-de-la-vigne","status":"publish","type":"page","link":"https:\/\/blogs.univ-jfc.fr\/vigneetvin\/la-culture-de-la-vigne\/le-cycle-de-la-vigne\/","title":{"rendered":"Le cycle de la vigne"},"content":{"rendered":"<p align=\"justify\"><span style=\"color: #111111\">Depuis plusieurs mill\u00e9naires, la vigne occupe une place de premier ordre au sein des soci\u00e9t\u00e9s occidentales\u00a0: alimentation, culture, revenus, elle est un \u00e9l\u00e9ment au c\u0153ur d\u2019enjeux soci\u00e9taux importants. C\u2019est \u00e0 l\u2019\u00e9poque m\u00e9di\u00e9vale que la vigne \u00ab\u00a0fran\u00e7aise\u00a0\u00bb se diff\u00e9rencie du reste de l\u2019Europe\u00a0: dans les territoires qui, peu \u00e0 peu, ont \u00e9t\u00e9 r\u00e9unis par les dynasties royales m\u00e9rovingiennes (481-741), puis carolingiennes (741-888) naissent des savoirs-faire et pratiques diff\u00e9rents, li\u00e9s entre autre aux sp\u00e9cificit\u00e9s culturelles et climatiques des territoires. <\/span><\/p>\n<p align=\"justify\"><span style=\"color: #111111\">C&rsquo;est ainsi qu&rsquo;il semble int\u00e9ressant d&rsquo;\u00e9tudier cette vigne originale en Europe par de multiples aspects\u00a0et plus pr\u00e9cis\u00e9ment son cycle.<\/span><\/p>\n<figure id=\"attachment_406\" aria-describedby=\"caption-attachment-406\" style=\"width: 679px\" class=\"wp-caption aligncenter\"><a href=\"http:\/\/blogs.univ-jfc.fr\/vigneetvin\/wp-content\/uploads\/sites\/56\/2017\/01\/intro.png\"><img loading=\"lazy\" class=\"wp-image-406 size-full\" title=\"http:\/\/www.histoire-normandie.fr\/wp-content\/uploads\/2010\/09\/heures_duc_berry1.jpg\" src=\"http:\/\/blogs.univ-jfc.fr\/vigneetvin\/wp-content\/uploads\/sites\/56\/2017\/01\/intro.png\" width=\"679\" height=\"267\" srcset=\"https:\/\/blogs.univ-jfc.fr\/vigneetvin\/wp-content\/uploads\/sites\/56\/2017\/01\/intro.png 679w, https:\/\/blogs.univ-jfc.fr\/vigneetvin\/wp-content\/uploads\/sites\/56\/2017\/01\/intro-300x118.png 300w\" sizes=\"(max-width: 679px) 100vw, 679px\" \/><\/a><figcaption id=\"caption-attachment-406\" class=\"wp-caption-text\">Miniature du XVe si\u00e8cle, extrait des\u00a0<u>Tr\u00e8s Riches Heures du Duc de Berry<\/u>\u00a0par Jean et Herman de Limbourg sur une commande du duc Jean I de Berry<\/figcaption><\/figure>\n<p align=\"justify\"><span style=\"color: #111111\"> Qu\u2019est-ce que le cycle de la vigne ? Dans le dictionnaire Larousse, \u00ab cycle \u00bb est d\u00e9fini comme une \u00ab suite de ph\u00e9nom\u00e8nes se renouvelant de mani\u00e8re immuable \u00bb, il en ressort donc une id\u00e9e de temporalit\u00e9. La vigne d\u00e9signe tant \u00ab un arbrisseau grimpant dont une esp\u00e8ce cultiv\u00e9e produit du raisin\u00a0\u00bb<\/span><span style=\"font-size: large\">, <\/span>qu\u2019un \u00ab\u00a0terrain de vigne cultiv\u00e9 \u00bb.<\/p>\n<p align=\"justify\"><span style=\"color: #111111\">Par ailleurs, nous avons choisi de centrer notre propos autour de deux p\u00e9riodes historiques qui montrent une \u00e9volution <a href=\"http:\/\/blogs.univ-jfc.fr\/vigneetvin\/la-culture-de-la-vigne\/le-cycle-de-la-vigne\/le-cycle-general-de-la-vigne\/\">du cycle<\/a> au cours du temps. Il nous a effectivement paru pertinent d\u2019inscrire notre travail dans ces p\u00e9riodes, car elles voient l\u2019apparition successive de deux grands cycles qui pr\u00e9sentent des similitudes, mais aussi des diff\u00e9rences. En effet, au Moyen Age, le cycle de la vigne rythme la vie de la population fran\u00e7aise \u00e0 toutes les strates de la soci\u00e9t\u00e9, des plus grands propri\u00e9taires aux plus humbles paysans en passant par le clerg\u00e9 r\u00e9gulier. L\u2019\u00e9poque contemporaine, qui d\u00e9bute au XIXe, voit l\u2019apparition de nouveaux acteurs et de nouvelles pratiques qui <a href=\"http:\/\/blogs.univ-jfc.fr\/vigneetvin\/la-culture-de-la-vigne\/le-cycle-de-la-vigne\/un-cycle-contraint-par-des-acteurs\/\">modifient le cycle<\/a>, tant au niveau de la culture viticole que de la <a href=\"http:\/\/blogs.univ-jfc.fr\/vigneetvin\/la-culture-de-la-vigne\/le-cycle-de-la-vigne\/les-pratiques-socio-culturelles\/\">culture ethnologique<\/a>.<\/span><\/p>\n<p align=\"justify\"><span style=\"color: #111111\">Pour questionner ce th\u00e8me, on peut se demander comment, tout en conservant des aspects semblables, le cycle de la vigne fran\u00e7aise a \u00e9volu\u00e9 entre l\u2019\u00e9poque m\u00e9di\u00e9vale et l\u2019\u00e9poque contemporaine.<\/span><\/p>\n<p align=\"justify\"><span style=\"color: #111111\"> Nous verrons donc l\u2019\u00e9volution de ce cycle de la vigne au travers de ces deux p\u00e9riodes historiques en soulignant sa facult\u00e9 de renouvellement et d&rsquo;adaptation aux \u00e9volutions que lui imposent ses acteurs, de la plantation des pieds de vigne <a href=\"http:\/\/blogs.univ-jfc.fr\/vigneetvin\/la-culture-de-la-vigne\/le-cycle-de-la-vigne\/les-vendanges-etape-essentielle-du-cycle\/\">aux vendanges<\/a>.<\/span><\/p>\n","protected":false},"excerpt":{"rendered":"<p>Depuis plusieurs mill\u00e9naires, la vigne occupe une place de premier ordre au sein des soci\u00e9t\u00e9s occidentales\u00a0: alimentation, culture, revenus, elle est un \u00e9l\u00e9ment au c\u0153ur d\u2019enjeux soci\u00e9taux importants. C\u2019est \u00e0 l\u2019\u00e9poque m\u00e9di\u00e9vale que la vigne \u00ab\u00a0fran\u00e7aise\u00a0\u00bb se diff\u00e9rencie du reste de l\u2019Europe\u00a0: dans les territoires qui, peu \u00e0 peu, ont \u00e9t\u00e9 r\u00e9unis par les dynasties &hellip; <a href=\"https:\/\/blogs.univ-jfc.fr\/vigneetvin\/la-culture-de-la-vigne\/le-cycle-de-la-vigne\/\" class=\"more-link\">Continuer la lecture de <span class=\"screen-reader-text\">Le cycle de la vigne<\/span> <span class=\"meta-nav\">&rarr;<\/span><\/a><\/p>\n","protected":false},"author":108,"featured_media":0,"parent":71,"menu_order":0,"comment_status":"closed","ping_status":"closed","template":"","meta":[],"_links":{"self":[{"href":"https:\/\/blogs.univ-jfc.fr\/vigneetvin\/wp-json\/wp\/v2\/pages\/76"}],"collection":[{"href":"https:\/\/blogs.univ-jfc.fr\/vigneetvin\/wp-json\/wp\/v2\/pages"}],"about":[{"href":"https:\/\/blogs.univ-jfc.fr\/vigneetvin\/wp-json\/wp\/v2\/types\/page"}],"author":[{"embeddable":true,"href":"https:\/\/blogs.univ-jfc.fr\/vigneetvin\/wp-json\/wp\/v2\/users\/108"}],"replies":[{"embeddable":true,"href":"https:\/\/blogs.univ-jfc.fr\/vigneetvin\/wp-json\/wp\/v2\/comments?post=76"}],"version-history":[{"count":23,"href":"https:\/\/blogs.univ-jfc.fr\/vigneetvin\/wp-json\/wp\/v2\/pages\/76\/revisions"}],"predecessor-version":[{"id":4714,"href":"https:\/\/blogs.univ-jfc.fr\/vigneetvin\/wp-json\/wp\/v2\/pages\/76\/revisions\/4714"}],"up":[{"embeddable":true,"href":"https:\/\/blogs.univ-jfc.fr\/vigneetvin\/wp-json\/wp\/v2\/pages\/71"}],"wp:attachment":[{"href":"https:\/\/blogs.univ-jfc.fr\/vigneetvin\/wp-json\/wp\/v2\/media?parent=76"}],"curies":[{"name":"wp","href":"https:\/\/api.w.org\/{rel}","templated":true}]}}