{"id":816,"date":"2017-03-02T09:26:26","date_gmt":"2017-03-02T08:26:26","guid":{"rendered":"http:\/\/blogs.univ-jfc.fr\/vigneetvin\/?page_id=816"},"modified":"2017-04-19T11:40:00","modified_gmt":"2017-04-19T10:40:00","slug":"formation-privee","status":"publish","type":"page","link":"https:\/\/blogs.univ-jfc.fr\/vigneetvin\/les-metiers-de-la-vigne-et-du-vin\/le-monde-des-artisans\/les-sommeliers\/formation\/formation-privee\/","title":{"rendered":"Formation priv\u00e9e"},"content":{"rendered":"<p style=\"text-align: justify\">Dans les formations priv\u00e9es, on retrouve la notion d\u2019excellence. La formation Cordon Bleu, qui dispose d\u2019un campus \u00e0 Paris, Londres, Madrid et Istanbul, trois campus en Australie, sept en Asie, et plusieurs \u00e9coles aux Etats-Unis, est dans cette d\u00e9marche d\u2019excellence. Cette \u00e9cole dispense un enseignement culinaire : des fourneaux aux arts de la table. L\u2019\u00e9cole refl\u00e8te d\u2019ailleurs cette notion d\u2019excellence et l\u2019inclue dans ses valeurs fondamentales : \u00ab <i>L\u2019Excellence, c\u2019est d\u2019abord le go\u00fbt du beau et le go\u00fbt du bon. C\u2019est la volont\u00e9 de toujours se d\u00e9passer dans la recherche du plaisir de l\u2019autre et atteindre le prestige d\u2019un art accompli. <\/i>\u00bb. On retrouve parmi les valeurs vant\u00e9es, la Passion, la Cr\u00e9ativit\u00e9, La Modernit\u00e9, la Transmission. Ces valeurs illustrent parfaitement la finesse des arts culinaires et du service \u00e0 table. La Sommellerie s\u2019ancre donc v\u00e9ritablement dans ce paysage. La formation en vins et spiritueux s\u2019\u00e9tend sur dix mois, ce qui ressemble \u00e0 la formation publique \u00ab classique \u00bb propos\u00e9e par l\u2019\u00c9ducation Nationale avec des sp\u00e9cialisations particuli\u00e8res comme la Mention Compl\u00e9mentaire en un an. Nous pouvons dire que cela y ressemble car les jeunes apprentis participent \u00e0 des stages au contact de professionnels, \u00e0 des semaines de d\u00e9couvertes dans des vignobles et re\u00e7oivent une formation continue pour l\u2019insertion professionnelle. Une ann\u00e9e co\u00fbte environ 20 000 euros, cette somme consid\u00e9rable \u00e9carte bien des candidats. Mais la recherche de l\u2019excellence est bien pr\u00e9sente ce qui amplifie bien l\u2019aura du m\u00e9tier de sommelier dans les m\u00e9tiers de la restauration. Et qui dit recherche de l\u2019excellence, dit aussi classement, et c\u2019est ce que l\u2019Association des Sommeliers Internationaux a cherch\u00e9 a mettre en place avec le concours de Meilleur sommelier du Monde.<\/p>\n<p><a href=\"http:\/\/blogs.univ-jfc.fr\/vigneetvin\/wp-content\/uploads\/sites\/56\/2017\/03\/UDSF_MS2016.jpg\"><img loading=\"lazy\" class=\"aligncenter wp-image-1963 size-full\" title=\"Dipl\u00f4me de Ma\u00eetres Sommeliers. Photographie\u00a0: Union de la Sommellerie Fran\u00e7aise\" src=\"http:\/\/blogs.univ-jfc.fr\/vigneetvin\/wp-content\/uploads\/sites\/56\/2017\/03\/UDSF_MS2016.jpg\" alt=\"\" width=\"600\" height=\"243\" srcset=\"https:\/\/blogs.univ-jfc.fr\/vigneetvin\/wp-content\/uploads\/sites\/56\/2017\/03\/UDSF_MS2016.jpg 600w, https:\/\/blogs.univ-jfc.fr\/vigneetvin\/wp-content\/uploads\/sites\/56\/2017\/03\/UDSF_MS2016-300x122.jpg 300w\" sizes=\"(max-width: 600px) 100vw, 600px\" \/><\/a><\/p>\n<p><a href=\"http:\/\/blogs.univ-jfc.fr\/vigneetvin\/les-metiers-de-la-vigne-et-du-vin\/le-monde-des-artisans\/les-sommeliers\/formation\/le-concours-de-meilleur-sommelier\/\">Pour aller plus loin : Le concours de meilleur sommelier<br \/>\n<\/a><a href=\"http:\/\/blogs.univ-jfc.fr\/vigneetvin\/les-metiers-de-la-vigne-et-du-vin\/le-monde-des-artisans\/les-sommeliers\/formation\/formation-publique\/\">Pour revenir \u00e0 la page pr\u00e9c\u00e9dente, \u00ab\u00a0<em>Formation publique<\/em>\u00ab\u00a0, cliquez ici.<\/a><\/p>\n","protected":false},"excerpt":{"rendered":"<p>Dans les formations priv\u00e9es, on retrouve la notion d\u2019excellence. La formation Cordon Bleu, qui dispose d\u2019un campus \u00e0 Paris, Londres, Madrid et Istanbul, trois campus en Australie, sept en Asie, et plusieurs \u00e9coles aux Etats-Unis, est dans cette d\u00e9marche d\u2019excellence. Cette \u00e9cole dispense un enseignement culinaire : des fourneaux aux arts de la table. L\u2019\u00e9cole &hellip; <a href=\"https:\/\/blogs.univ-jfc.fr\/vigneetvin\/les-metiers-de-la-vigne-et-du-vin\/le-monde-des-artisans\/les-sommeliers\/formation\/formation-privee\/\" class=\"more-link\">Continuer la lecture de <span class=\"screen-reader-text\">Formation priv\u00e9e<\/span> <span class=\"meta-nav\">&rarr;<\/span><\/a><\/p>\n","protected":false},"author":187,"featured_media":0,"parent":668,"menu_order":2,"comment_status":"closed","ping_status":"closed","template":"","meta":[],"_links":{"self":[{"href":"https:\/\/blogs.univ-jfc.fr\/vigneetvin\/wp-json\/wp\/v2\/pages\/816"}],"collection":[{"href":"https:\/\/blogs.univ-jfc.fr\/vigneetvin\/wp-json\/wp\/v2\/pages"}],"about":[{"href":"https:\/\/blogs.univ-jfc.fr\/vigneetvin\/wp-json\/wp\/v2\/types\/page"}],"author":[{"embeddable":true,"href":"https:\/\/blogs.univ-jfc.fr\/vigneetvin\/wp-json\/wp\/v2\/users\/187"}],"replies":[{"embeddable":true,"href":"https:\/\/blogs.univ-jfc.fr\/vigneetvin\/wp-json\/wp\/v2\/comments?post=816"}],"version-history":[{"count":11,"href":"https:\/\/blogs.univ-jfc.fr\/vigneetvin\/wp-json\/wp\/v2\/pages\/816\/revisions"}],"predecessor-version":[{"id":4969,"href":"https:\/\/blogs.univ-jfc.fr\/vigneetvin\/wp-json\/wp\/v2\/pages\/816\/revisions\/4969"}],"up":[{"embeddable":true,"href":"https:\/\/blogs.univ-jfc.fr\/vigneetvin\/wp-json\/wp\/v2\/pages\/668"}],"wp:attachment":[{"href":"https:\/\/blogs.univ-jfc.fr\/vigneetvin\/wp-json\/wp\/v2\/media?parent=816"}],"curies":[{"name":"wp","href":"https:\/\/api.w.org\/{rel}","templated":true}]}}