{"id":841,"date":"2017-03-02T09:30:08","date_gmt":"2017-03-02T08:30:08","guid":{"rendered":"http:\/\/blogs.univ-jfc.fr\/vigneetvin\/?page_id=841"},"modified":"2017-03-30T08:24:04","modified_gmt":"2017-03-30T07:24:04","slug":"les-acteurs-de-cette-economie","status":"publish","type":"page","link":"https:\/\/blogs.univ-jfc.fr\/vigneetvin\/gaillac-et-le-vin\/une-histoire-du-vignoble-gaillacois\/leconomie-seculaire-du-vignoble-de-gaillac-aux-epoques-antiques-et-medievales\/la-commercialisation-du-vin-de-gaillac\/les-acteurs-de-cette-economie\/","title":{"rendered":"Les acteurs de cette \u00e9conomie"},"content":{"rendered":"<p align=\"justify\">Les Romains mettent en place une politique d\u2019am\u00e9nagement du territoire afin de faciliter le commerce des c\u00e9ramiques de Montans. Des voies de communication sont cr\u00e9\u00e9es entre les diff\u00e9rentes agglom\u00e9rations rut\u00e8nes, permettant aux c\u00e9ramiques d\u2019\u00eatre diffus\u00e9es en Aquitaine et sur toute la fa\u00e7ade Atlantique jusqu\u2019\u00e0 l\u2019Armorique, notamment gr\u00e2ce au port le Bordeaux.<\/p>\n<figure id=\"attachment_1255\" aria-describedby=\"caption-attachment-1255\" style=\"width: 233px\" class=\"wp-caption aligncenter\"><a href=\"http:\/\/blogs.univ-jfc.fr\/vigneetvin\/wp-content\/uploads\/sites\/56\/2017\/03\/en-vp-marchands-de-vin-bnf.jpeg\"><img loading=\"lazy\" class=\"wp-image-1255 size-medium\" src=\"http:\/\/blogs.univ-jfc.fr\/vigneetvin\/wp-content\/uploads\/sites\/56\/2017\/03\/en-vp-marchands-de-vin-bnf-233x300.jpeg\" alt=\"\" width=\"233\" height=\"300\" srcset=\"https:\/\/blogs.univ-jfc.fr\/vigneetvin\/wp-content\/uploads\/sites\/56\/2017\/03\/en-vp-marchands-de-vin-bnf-233x300.jpeg 233w, https:\/\/blogs.univ-jfc.fr\/vigneetvin\/wp-content\/uploads\/sites\/56\/2017\/03\/en-vp-marchands-de-vin-bnf.jpeg 318w\" sizes=\"(max-width: 233px) 100vw, 233px\" \/><\/a><figcaption id=\"caption-attachment-1255\" class=\"wp-caption-text\">Marchands de vin \u00e0 Bordeaux au XVe si\u00e8cle. BNF.<\/figcaption><\/figure>\n<p align=\"justify\">L\u2019Empereur, propri\u00e9taire de son territoire, \u00e9met des d\u00e9crets comme celui de <a href=\"http:\/\/blogs.univ-jfc.fr\/vigneetvin\/gaillac-et-le-vin\/une-histoire-du-vignoble-gaillacois\/leconomie-seculaire-du-vignoble-de-gaillac-aux-epoques-antiques-et-medievales\/la-production-du-vin-de-gaillac\/decret-de-domitien\/\">Domitien<\/a> qui en 92 interdit la plantation de nouvelles vignes en Italie et fait arracher certaines vignes de provinces.<\/p>\n<p align=\"justify\">Au Moyen \u00c2ge, les acteurs se multiplient. En effet, les <a href=\"http:\/\/blogs.univ-jfc.fr\/vigneetvin\/gaillac-et-le-vin\/une-histoire-du-vignoble-gaillacois\/leconomie-seculaire-du-vignoble-de-gaillac-aux-epoques-antiques-et-medievales\/la-commercialisation-du-vin-de-gaillac\/limportation-des-souverains-anglais-francais-et-des-comtes-de-toulouse\/\">rois d\u2019Angleterre et de France<\/a> se pr\u00e9occupent de la situation de la route commerciale de la Garonne. Nous pouvons aussi \u00e9voquer le r\u00f4le important des <a href=\"http:\/\/blogs.univ-jfc.fr\/vigneetvin\/gaillac-et-le-vin\/une-histoire-du-vignoble-gaillacois\/leconomie-seculaire-du-vignoble-de-gaillac-aux-epoques-antiques-et-medievales\/la-commercialisation-du-vin-de-gaillac\/limportation-des-souverains-anglais-francais-et-des-comtes-de-toulouse\/\">comtes de Toulouse<\/a> qui ont pris toute sorte de mesure. Ils pourraient \u00eatre li\u00e9s, notamment \u00e0 la naissance de <a href=\"http:\/\/blogs.univ-jfc.fr\/vigneetvin\/gaillac-et-le-vin\/une-histoire-du-vignoble-gaillacois\/leconomie-seculaire-du-vignoble-de-gaillac-aux-epoques-antiques-et-medievales\/la-production-du-vin-de-gaillac\/abbaye-saint-michel\/\">l\u2019abbaye Saint-Michel<\/a> qui tiendra un r\u00f4le tr\u00e8s important dans l\u2019\u00e9conomie s\u00e9culaire de la r\u00e9gion.<\/p>\n<p align=\"justify\">Il y a aussi des acteurs plus locaux, comme les consuls qui repr\u00e9sentent l\u2019autorit\u00e9 municipale des villes (appel\u00e9es consulats). Ainsi, ils sont responsables du bon fonctionnement des \u00e9changes, de la qualit\u00e9 du vin et du fait qu\u2019ils ne doivent pas \u00eatre m\u00e9lang\u00e9s avec d\u2019autres. En somme, ils prennent des mesures protectionnistes soutenues la plupart du temps par les comtes de Toulouse. Plus g\u00e9n\u00e9ralement, ils sont responsables du commerce et ils apposent la marque de leur ville dure les tonneaux qui partent sur le Tarn, \u00e0 Gaillac, c\u2019est le coq.<\/p>\n<p align=\"justify\">Les acteurs la\u00efcs et civils ne sont pas les seuls \u00e0 op\u00e9rer dans ce commerce, le r\u00f4le du cadre religieux est lui aussi tr\u00e8s important. Par exemple, \u00e0 Gaillac c\u2019est l\u2019abb\u00e9 qui contr\u00f4le l\u2019activit\u00e9 \u00e9conomique du Tarn ainsi que le port. Rabastens, elle, se d\u00e9veloppe de mani\u00e8re spectaculaire autour d\u2019un prieur\u00e9 b\u00e9n\u00e9dictin dans la deuxi\u00e8me moiti\u00e9 du XIIe si\u00e8cle. Ces bastides sont cr\u00e9\u00e9es par des abbayes qui favorisent l\u2019am\u00e9nagement agricole (et donc viticole) et de communication.<\/p>\n<p align=\"justify\">Enfin, les derniers acteurs que nous pouvons \u00e9voquer sont les marchands et les n\u00e9gociants. Tous ces commer\u00e7ants n\u2019ont pas le m\u00eame poids ni la m\u00eame importance et une logique domine, il y a une pr\u00e9pond\u00e9rance des petits marchands. Les relations entre ces derniers et l\u2019autorit\u00e9 municipale de Bordeaux sont tendues \u00e0 cause des mesures protectionnistes prises par ces derni\u00e8res.<\/p>\n<figure id=\"attachment_1314\" aria-describedby=\"caption-attachment-1314\" style=\"width: 962px\" class=\"wp-caption aligncenter\"><a href=\"http:\/\/blogs.univ-jfc.fr\/vigneetvin\/wp-content\/uploads\/sites\/56\/2017\/03\/Capture-d\u2019\u00e9cran-2016-12-04-\u00e0-21.43.08.png\"><img loading=\"lazy\" class=\"wp-image-1314 size-full\" src=\"http:\/\/blogs.univ-jfc.fr\/vigneetvin\/wp-content\/uploads\/sites\/56\/2017\/03\/Capture-d\u2019\u00e9cran-2016-12-04-\u00e0-21.43.08.png\" width=\"962\" height=\"183\" srcset=\"https:\/\/blogs.univ-jfc.fr\/vigneetvin\/wp-content\/uploads\/sites\/56\/2017\/03\/Capture-d\u2019\u00e9cran-2016-12-04-\u00e0-21.43.08.png 962w, https:\/\/blogs.univ-jfc.fr\/vigneetvin\/wp-content\/uploads\/sites\/56\/2017\/03\/Capture-d\u2019\u00e9cran-2016-12-04-\u00e0-21.43.08-300x57.png 300w, https:\/\/blogs.univ-jfc.fr\/vigneetvin\/wp-content\/uploads\/sites\/56\/2017\/03\/Capture-d\u2019\u00e9cran-2016-12-04-\u00e0-21.43.08-768x146.png 768w\" sizes=\"(max-width: 962px) 100vw, 962px\" \/><\/a><figcaption id=\"caption-attachment-1314\" class=\"wp-caption-text\">Tableau repr\u00e9sentant le nombre de marchands dans chaque ville d&rsquo;apr\u00e8s l&rsquo;ouvrage suivant : F\u00e9d\u00e9ration des soci\u00e9t\u00e9s acad\u00e9miques et savantes du Languedoc, Pyr\u00e9n\u00e9es, Gascogne, Gaillac et pays tarnais, Albi, Ateliers professionnels de l\u2019Orphelinat Saint-Jean, 1977, p. 105.<\/figcaption><\/figure>\n<p>&nbsp;<\/p>\n<p><a href=\"http:\/\/blogs.univ-jfc.fr\/vigneetvin\/gaillac-et-le-vin\/une-histoire-du-vignoble-gaillacois\/leconomie-seculaire-du-vignoble-de-gaillac-aux-epoques-antiques-et-medievales\/la-commercialisation-du-vin-de-gaillac\/\">Revenir \u00e0 la page pr\u00e9c\u00e9dente<\/a><\/p>\n","protected":false},"excerpt":{"rendered":"<p>Les Romains mettent en place une politique d\u2019am\u00e9nagement du territoire afin de faciliter le commerce des c\u00e9ramiques de Montans. Des voies de communication sont cr\u00e9\u00e9es entre les diff\u00e9rentes agglom\u00e9rations rut\u00e8nes, permettant aux c\u00e9ramiques d\u2019\u00eatre diffus\u00e9es en Aquitaine et sur toute la fa\u00e7ade Atlantique jusqu\u2019\u00e0 l\u2019Armorique, notamment gr\u00e2ce au port le Bordeaux. L\u2019Empereur, propri\u00e9taire de son &hellip; <a href=\"https:\/\/blogs.univ-jfc.fr\/vigneetvin\/gaillac-et-le-vin\/une-histoire-du-vignoble-gaillacois\/leconomie-seculaire-du-vignoble-de-gaillac-aux-epoques-antiques-et-medievales\/la-commercialisation-du-vin-de-gaillac\/les-acteurs-de-cette-economie\/\" class=\"more-link\">Continuer la lecture de <span class=\"screen-reader-text\">Les acteurs de cette \u00e9conomie<\/span> <span class=\"meta-nav\">&rarr;<\/span><\/a><\/p>\n","protected":false},"author":189,"featured_media":0,"parent":176,"menu_order":4,"comment_status":"closed","ping_status":"closed","template":"","meta":[],"_links":{"self":[{"href":"https:\/\/blogs.univ-jfc.fr\/vigneetvin\/wp-json\/wp\/v2\/pages\/841"}],"collection":[{"href":"https:\/\/blogs.univ-jfc.fr\/vigneetvin\/wp-json\/wp\/v2\/pages"}],"about":[{"href":"https:\/\/blogs.univ-jfc.fr\/vigneetvin\/wp-json\/wp\/v2\/types\/page"}],"author":[{"embeddable":true,"href":"https:\/\/blogs.univ-jfc.fr\/vigneetvin\/wp-json\/wp\/v2\/users\/189"}],"replies":[{"embeddable":true,"href":"https:\/\/blogs.univ-jfc.fr\/vigneetvin\/wp-json\/wp\/v2\/comments?post=841"}],"version-history":[{"count":12,"href":"https:\/\/blogs.univ-jfc.fr\/vigneetvin\/wp-json\/wp\/v2\/pages\/841\/revisions"}],"predecessor-version":[{"id":4414,"href":"https:\/\/blogs.univ-jfc.fr\/vigneetvin\/wp-json\/wp\/v2\/pages\/841\/revisions\/4414"}],"up":[{"embeddable":true,"href":"https:\/\/blogs.univ-jfc.fr\/vigneetvin\/wp-json\/wp\/v2\/pages\/176"}],"wp:attachment":[{"href":"https:\/\/blogs.univ-jfc.fr\/vigneetvin\/wp-json\/wp\/v2\/media?parent=841"}],"curies":[{"name":"wp","href":"https:\/\/api.w.org\/{rel}","templated":true}]}}

Les acteurs de cette économie

<p align="justify">Les Romains mettent en place une politique d’aménagement du territoire afin de faciliter le commerce des céramiques de Montans. Des voies de communication sont créées entre les différentes agglomérations rutènes, permettant aux céramiques d’être diffusées en Aquitaine et sur toute la façade Atlantique jusqu’à l’Armorique, notamment grâce au port le Bordeaux.</p>
<figure id="attachment_1255" aria-describedby="caption-attachment-1255" style="width: 233px" class="wp-caption aligncenter"><a href="http://blogs.univ-jfc.fr/vigneetvin/wp-content/uploads/sites/56/2017/03/en-vp-marchands-de-vin-bnf.jpeg"><img loading="lazy" class="wp-image-1255 size-medium" src="http://blogs.univ-jfc.fr/vigneetvin/wp-content/uploads/sites/56/2017/03/en-vp-marchands-de-vin-bnf-233x300.jpeg" alt="" width="233" height="300" srcset="https://blogs.univ-jfc.fr/vigneetvin/wp-content/uploads/sites/56/2017/03/en-vp-marchands-de-vin-bnf-233x300.jpeg 233w, https://blogs.univ-jfc.fr/vigneetvin/wp-content/uploads/sites/56/2017/03/en-vp-marchands-de-vin-bnf.jpeg 318w" sizes="(max-width: 233px) 100vw, 233px" /></a><figcaption id="caption-attachment-1255" class="wp-caption-text">Marchands de vin à Bordeaux au XVe siècle. BNF.</figcaption></figure>
<p align="justify">L’Empereur, propriétaire de son territoire, émet des décrets comme celui de <a href="http://blogs.univ-jfc.fr/vigneetvin/gaillac-et-le-vin/une-histoire-du-vignoble-gaillacois/leconomie-seculaire-du-vignoble-de-gaillac-aux-epoques-antiques-et-medievales/la-production-du-vin-de-gaillac/decret-de-domitien/">Domitien</a> qui en 92 interdit la plantation de nouvelles vignes en Italie et fait arracher certaines vignes de provinces.</p>
<p align="justify">Au Moyen Âge, les acteurs se multiplient. En effet, les <a href="http://blogs.univ-jfc.fr/vigneetvin/gaillac-et-le-vin/une-histoire-du-vignoble-gaillacois/leconomie-seculaire-du-vignoble-de-gaillac-aux-epoques-antiques-et-medievales/la-commercialisation-du-vin-de-gaillac/limportation-des-souverains-anglais-francais-et-des-comtes-de-toulouse/">rois d’Angleterre et de France</a> se préoccupent de la situation de la route commerciale de la Garonne. Nous pouvons aussi évoquer le rôle important des <a href="http://blogs.univ-jfc.fr/vigneetvin/gaillac-et-le-vin/une-histoire-du-vignoble-gaillacois/leconomie-seculaire-du-vignoble-de-gaillac-aux-epoques-antiques-et-medievales/la-commercialisation-du-vin-de-gaillac/limportation-des-souverains-anglais-francais-et-des-comtes-de-toulouse/">comtes de Toulouse</a> qui ont pris toute sorte de mesure. Ils pourraient être liés, notamment à la naissance de <a href="http://blogs.univ-jfc.fr/vigneetvin/gaillac-et-le-vin/une-histoire-du-vignoble-gaillacois/leconomie-seculaire-du-vignoble-de-gaillac-aux-epoques-antiques-et-medievales/la-production-du-vin-de-gaillac/abbaye-saint-michel/">l’abbaye Saint-Michel</a> qui tiendra un rôle très important dans l’économie séculaire de la région.</p>
<p align="justify">Il y a aussi des acteurs plus locaux, comme les consuls qui représentent l’autorité municipale des villes (appelées consulats). Ainsi, ils sont responsables du bon fonctionnement des échanges, de la qualité du vin et du fait qu’ils ne doivent pas être mélangés avec d’autres. En somme, ils prennent des mesures protectionnistes soutenues la plupart du temps par les comtes de Toulouse. Plus généralement, ils sont responsables du commerce et ils apposent la marque de leur ville dure les tonneaux qui partent sur le Tarn, à Gaillac, c’est le coq.</p>
<p align="justify">Les acteurs laïcs et civils ne sont pas les seuls à opérer dans ce commerce, le rôle du cadre religieux est lui aussi très important. Par exemple, à Gaillac c’est l’abbé qui contrôle l’activité économique du Tarn ainsi que le port. Rabastens, elle, se développe de manière spectaculaire autour d’un prieuré bénédictin dans la deuxième moitié du XIIe siècle. Ces bastides sont créées par des abbayes qui favorisent l’aménagement agricole (et donc viticole) et de communication.</p>
<p align="justify">Enfin, les derniers acteurs que nous pouvons évoquer sont les marchands et les négociants. Tous ces commerçants n’ont pas le même poids ni la même importance et une logique domine, il y a une prépondérance des petits marchands. Les relations entre ces derniers et l’autorité municipale de Bordeaux sont tendues à cause des mesures protectionnistes prises par ces dernières.</p>
<figure id="attachment_1314" aria-describedby="caption-attachment-1314" style="width: 962px" class="wp-caption aligncenter"><a href="http://blogs.univ-jfc.fr/vigneetvin/wp-content/uploads/sites/56/2017/03/Capture-d’écran-2016-12-04-à-21.43.08.png"><img loading="lazy" class="wp-image-1314 size-full" src="http://blogs.univ-jfc.fr/vigneetvin/wp-content/uploads/sites/56/2017/03/Capture-d’écran-2016-12-04-à-21.43.08.png" width="962" height="183" srcset="https://blogs.univ-jfc.fr/vigneetvin/wp-content/uploads/sites/56/2017/03/Capture-d’écran-2016-12-04-à-21.43.08.png 962w, https://blogs.univ-jfc.fr/vigneetvin/wp-content/uploads/sites/56/2017/03/Capture-d’écran-2016-12-04-à-21.43.08-300x57.png 300w, https://blogs.univ-jfc.fr/vigneetvin/wp-content/uploads/sites/56/2017/03/Capture-d’écran-2016-12-04-à-21.43.08-768x146.png 768w" sizes="(max-width: 962px) 100vw, 962px" /></a><figcaption id="caption-attachment-1314" class="wp-caption-text">Tableau représentant le nombre de marchands dans chaque ville d&rsquo;après l&rsquo;ouvrage suivant : Fédération des sociétés académiques et savantes du Languedoc, Pyrénées, Gascogne, Gaillac et pays tarnais, Albi, Ateliers professionnels de l’Orphelinat Saint-Jean, 1977, p. 105.</figcaption></figure>
<p>&nbsp;</p>
<p><a href="http://blogs.univ-jfc.fr/vigneetvin/gaillac-et-le-vin/une-histoire-du-vignoble-gaillacois/leconomie-seculaire-du-vignoble-de-gaillac-aux-epoques-antiques-et-medievales/la-commercialisation-du-vin-de-gaillac/">Revenir à la page précédente</a></p>

<p>Les Romains mettent en place une politique d’aménagement du territoire afin de faciliter le commerce des céramiques de Montans. Des voies de communication sont créées entre les différentes agglomérations rutènes, permettant aux céramiques d’être diffusées en Aquitaine et sur toute la façade Atlantique jusqu’à l’Armorique, notamment grâce au port le Bordeaux. L’Empereur, propriétaire de son &hellip; <a href="https://blogs.univ-jfc.fr/vigneetvin/gaillac-et-le-vin/une-histoire-du-vignoble-gaillacois/leconomie-seculaire-du-vignoble-de-gaillac-aux-epoques-antiques-et-medievales/la-commercialisation-du-vin-de-gaillac/les-acteurs-de-cette-economie/" class="more-link">Continuer la lecture de <span class="screen-reader-text">Les acteurs de cette économie</span> <span class="meta-nav">&rarr;</span></a></p>
