{"id":854,"date":"2017-03-02T09:33:55","date_gmt":"2017-03-02T08:33:55","guid":{"rendered":"http:\/\/blogs.univ-jfc.fr\/vigneetvin\/?page_id=854"},"modified":"2017-03-30T07:59:03","modified_gmt":"2017-03-30T06:59:03","slug":"les-debuts-de-la-culture-en-hiver-et-au-printemps","status":"publish","type":"page","link":"https:\/\/blogs.univ-jfc.fr\/vigneetvin\/les-metiers-de-la-vigne-et-du-vin\/vignerons-et-exploitants\/les-viticulteurs\/les-techniques-et-savoir-faire-du-metier-de-viticulteur\/les-debuts-de-la-culture-en-hiver-et-au-printemps\/","title":{"rendered":"Les d\u00e9buts de la culture en hiver et au printemps"},"content":{"rendered":"<p style=\"text-align: JUSTIFY\">Tout d\u2019abord, la plantation de la vigne s\u2019effectue durant l\u2019hiver. Pendant cette \u00e9tape, le viticulteur doit \u00eatre le plus pr\u00e9cis et le plus minutieux possible pour planter la vigne, car, pour obtenir une bonne vigne, il faut que les racines de la plante soient bien ancr\u00e9es dans le sol, afin qu&rsquo;elles puissent permettre l&rsquo;\u00e9quilibre et l&rsquo;alimentation de la vigne. Le viticulteur peut d&rsquo;ailleurs utiliser diff\u00e9rentes racines et boutures, comme les racines directes, qui permettent une plantation plus facile. La seconde \u00e9tape est la taille qui est faite deux fois en Hiver, durant le repos v\u00e9g\u00e9tatif de la vigne. Elle consiste \u00e0 tailler les branches de la vigne en gardant une branche principale et la plus vigoureuse des tiges, afin d&rsquo;\u00e9quilibrer la vigne et de supprimer les branches et bourgeons superflu<a href=\"http:\/\/blogs.univ-jfc.fr\/vigneetvin\/wp-content\/uploads\/sites\/56\/2017\/03\/3353727275_30f2f49a9f_b.jpg\"><img loading=\"lazy\" class=\"wp-image-928 size-medium alignright\" title=\"La taille : entretien de la vigne et pr\u00e9paration \u00e0 sa culture. Photo d'un viticulteur pratiquant la taille de la vigne, extraite du site internet Flickr. Source : https:\/\/www.flickr.com\/photos\/jeanlouis_zimmermann\/3353727275\" src=\"http:\/\/blogs.univ-jfc.fr\/vigneetvin\/wp-content\/uploads\/sites\/56\/2017\/03\/3353727275_30f2f49a9f_b-200x300.jpg\" width=\"200\" height=\"300\" srcset=\"https:\/\/blogs.univ-jfc.fr\/vigneetvin\/wp-content\/uploads\/sites\/56\/2017\/03\/3353727275_30f2f49a9f_b-200x300.jpg 200w, https:\/\/blogs.univ-jfc.fr\/vigneetvin\/wp-content\/uploads\/sites\/56\/2017\/03\/3353727275_30f2f49a9f_b.jpg 683w\" sizes=\"(max-width: 200px) 100vw, 200px\" \/><\/a>s. Durant cette \u00e9tape, le viticulteur doit non seulement ma\u00eetriser les techniques de la taille, mais aussi bien conna\u00eetre la vigne pour choisir la bonne branche ainsi que la bonne tige. La taille permet \u00e9galement de lutter contre le d\u00e9veloppement de certaines <a href=\"http:\/\/blogs.univ-jfc.fr\/vigneetvin\/gaillac-et-le-vin\/une-histoire-du-vignoble-gaillacois\/le-vignoble-gaillacois-au-xixe-siecle\/les-maladies-de-la-vigne-et-les-crises-sociales-une-epreuve-pour-le-terroir-gaillacois\/\" target=\"_blank\">maladies de la vigne<\/a>.<\/p>\n<p style=\"text-align: JUSTIFY\">Ensuite, il y a le repos hivernal o\u00f9 on ne touche pas \u00e0 la vigne jusqu\u2019au printemps. Au printemps, plus pr\u00e9cis\u00e9ment de mars \u00e0 avril, le viticulteur attache le pied de la vigne par le biais de fils de fer\u00a0: on nomme cette \u00e9tape le calage. Durant cette m\u00eame p\u00e9riode, il y a le pliage, qui consiste \u00e0 courber le bois pour permettre un bon d\u00e9veloppement de la vigne. En effet, si la vigne pousse mal, cela donnera une mauvaise r\u00e9colte et donc un mauvais rendement. Avant l\u2019\u00e9t\u00e9, en mai, se d\u00e9roule l\u2019\u00e9pamprage o\u00f9 le viticulteur doit enlever les rameaux de vigne inutiles et non-fructif\u00e8res, pour un meilleur \u00e9claircissement et a\u00e9ration des grappes, et donc une meilleure maturation du raisin.<\/p>\n","protected":false},"excerpt":{"rendered":"<p>Tout d\u2019abord, la plantation de la vigne s\u2019effectue durant l\u2019hiver. Pendant cette \u00e9tape, le viticulteur doit \u00eatre le plus pr\u00e9cis et le plus minutieux possible pour planter la vigne, car, pour obtenir une bonne vigne, il faut que les racines de la plante soient bien ancr\u00e9es dans le sol, afin qu&rsquo;elles puissent permettre l&rsquo;\u00e9quilibre et &hellip; <a href=\"https:\/\/blogs.univ-jfc.fr\/vigneetvin\/les-metiers-de-la-vigne-et-du-vin\/vignerons-et-exploitants\/les-viticulteurs\/les-techniques-et-savoir-faire-du-metier-de-viticulteur\/les-debuts-de-la-culture-en-hiver-et-au-printemps\/\" class=\"more-link\">Continuer la lecture de <span class=\"screen-reader-text\">Les d\u00e9buts de la culture en hiver et au printemps<\/span> <span class=\"meta-nav\">&rarr;<\/span><\/a><\/p>\n","protected":false},"author":185,"featured_media":0,"parent":821,"menu_order":0,"comment_status":"closed","ping_status":"closed","template":"","meta":[],"_links":{"self":[{"href":"https:\/\/blogs.univ-jfc.fr\/vigneetvin\/wp-json\/wp\/v2\/pages\/854"}],"collection":[{"href":"https:\/\/blogs.univ-jfc.fr\/vigneetvin\/wp-json\/wp\/v2\/pages"}],"about":[{"href":"https:\/\/blogs.univ-jfc.fr\/vigneetvin\/wp-json\/wp\/v2\/types\/page"}],"author":[{"embeddable":true,"href":"https:\/\/blogs.univ-jfc.fr\/vigneetvin\/wp-json\/wp\/v2\/users\/185"}],"replies":[{"embeddable":true,"href":"https:\/\/blogs.univ-jfc.fr\/vigneetvin\/wp-json\/wp\/v2\/comments?post=854"}],"version-history":[{"count":18,"href":"https:\/\/blogs.univ-jfc.fr\/vigneetvin\/wp-json\/wp\/v2\/pages\/854\/revisions"}],"predecessor-version":[{"id":4265,"href":"https:\/\/blogs.univ-jfc.fr\/vigneetvin\/wp-json\/wp\/v2\/pages\/854\/revisions\/4265"}],"up":[{"embeddable":true,"href":"https:\/\/blogs.univ-jfc.fr\/vigneetvin\/wp-json\/wp\/v2\/pages\/821"}],"wp:attachment":[{"href":"https:\/\/blogs.univ-jfc.fr\/vigneetvin\/wp-json\/wp\/v2\/media?parent=854"}],"curies":[{"name":"wp","href":"https:\/\/api.w.org\/{rel}","templated":true}]}}