{"id":961,"date":"2017-03-02T09:59:54","date_gmt":"2017-03-02T08:59:54","guid":{"rendered":"http:\/\/blogs.univ-jfc.fr\/vigneetvin\/?page_id=961"},"modified":"2017-04-19T16:22:53","modified_gmt":"2017-04-19T15:22:53","slug":"une-premiere-approche-du-marketing-du-vigneron","status":"publish","type":"page","link":"https:\/\/blogs.univ-jfc.fr\/vigneetvin\/les-metiers-de-la-vigne-et-du-vin\/vignerons-et-exploitants\/les-vendangeurs\/les-strategies-economiques-du-vigneron-cepage-appellation-et-culture-biologique-quels-choix-faire\/une-premiere-approche-du-marketing-du-vigneron\/","title":{"rendered":"Une premi\u00e8re approche du marketing du vigneron"},"content":{"rendered":"<p align=\"justify\">Le march\u00e9 viticole en France est un march\u00e9 dynamique. En 2016, on comptabilise environ vingt-trois millions de m\u00e9nages fran\u00e7ais ayant achet\u00e9 du vin pour leur consommation domestique. Les acteurs du vin et de la vigne en France produisent pr\u00e8s de 17% du vin de la plan\u00e8te.<\/p>\n<p align=\"justify\"><span style=\"color: #000000\">Pour rester un secteur attractif, les vignerons de France, ind\u00e9pendants ou coop\u00e9rateurs, se doivent de proposer aux consommateurs un <\/span><span style=\"color: #000000\">large panel<\/span><span style=\"color: #000000\"> de produits (vins biologiques, vins AOC etc&#8230;). Ils doivent pouvoir s&rsquo;ajuster en permanence \u00e0 la demande de leur client\u00e8le. C\u2019est pourquoi le marketing devient primordial. Les producteurs doivent pouvoir faire face, d&rsquo;une part \u00e0 une concurrence nationale et internationale sur le march\u00e9 viticole, d&rsquo;autre part \u00e0 une demande diverse et vari\u00e9e.<\/span><\/p>\n<figure id=\"attachment_4620\" aria-describedby=\"caption-attachment-4620\" style=\"width: 429px\" class=\"wp-caption aligncenter\"><a href=\"http:\/\/blogs.univ-jfc.fr\/vigneetvin\/wp-content\/uploads\/sites\/56\/2017\/03\/Image-9.jpg\"><img loading=\"lazy\" class=\" wp-image-4620\" src=\"http:\/\/blogs.univ-jfc.fr\/vigneetvin\/wp-content\/uploads\/sites\/56\/2017\/03\/Image-9-300x200.jpg\" alt=\"\" width=\"429\" height=\"286\" srcset=\"https:\/\/blogs.univ-jfc.fr\/vigneetvin\/wp-content\/uploads\/sites\/56\/2017\/03\/Image-9-300x200.jpg 300w, https:\/\/blogs.univ-jfc.fr\/vigneetvin\/wp-content\/uploads\/sites\/56\/2017\/03\/Image-9-768x512.jpg 768w, https:\/\/blogs.univ-jfc.fr\/vigneetvin\/wp-content\/uploads\/sites\/56\/2017\/03\/Image-9.jpg 960w\" sizes=\"(max-width: 429px) 100vw, 429px\" \/><\/a><figcaption id=\"caption-attachment-4620\" class=\"wp-caption-text\">La photographie nous montre donc une cave \u00e0 vin proposant diff\u00e9rents types de vin provenant de diff\u00e9rents c\u00e9pages.<\/figcaption><\/figure>\n<p align=\"justify\"><span style=\"color: #000000\"> Pour se faire conna\u00eetre aupr\u00e8s des consommateurs, les vignerons ont recours \u00e0 des campagnes publicitaires. Ils investissent dans la publicit\u00e9 aupr\u00e8s de certains m\u00e9dias. Diff\u00e9rents choix s\u2019offrent \u00e0 eux : tout d\u2019abord, les m\u00e9dias num\u00e9riques comme la t\u00e9l\u00e9vision, internet via les r\u00e9seaux sociaux ou les sites sp\u00e9cialis\u00e9s ; d\u2019autre part, les m\u00e9dias traditionnels, comme la presse papier (journaux, presse sp\u00e9cialis\u00e9e), la distribution de flyers, etc\u2026 Aussi, afin de cr\u00e9er un contact direct avec les consommateurs, les vignerons organisent des f\u00eates des vendanges, des visites de vignobles et de caves dans le cadre de l&rsquo;\u0153notourisme, ainsi que des salons de d\u00e9gustation \u00e0 travers l&rsquo;ensemble des r\u00e9gions fran\u00e7aises.<\/span><\/p>\n<p align=\"justify\"><span style=\"color: #000000\"> Les vignerons doivent \u00e9galement s&rsquo;int\u00e9resser \u00e0 l&rsquo;aspect esth\u00e9tique de leurs produits, que ce soit au niveau du logo, de l&rsquo;\u00e9tiquette ou de la forme de la bouteille. S&rsquo;ils le souhaitent, ils peuvent avoir recours \u00e0 des agences de communication, comme Avina, une agence sp\u00e9cialis\u00e9e dans le domaine du vin. Ces agences permettent de d\u00e9velopper et d&rsquo;optimiser la vision marketing<\/span><span style=\"color: #000000\">, les cr\u00e9ations en communication et les strat\u00e9gies de distribution pour le vin.<\/span><\/p>\n<figure id=\"attachment_5039\" aria-describedby=\"caption-attachment-5039\" style=\"width: 351px\" class=\"wp-caption aligncenter\"><a href=\"http:\/\/blogs.univ-jfc.fr\/vigneetvin\/wp-content\/uploads\/sites\/56\/2017\/04\/Boutique-qui-vend-du-vin.jpeg\"><img loading=\"lazy\" class=\" wp-image-5039\" src=\"http:\/\/blogs.univ-jfc.fr\/vigneetvin\/wp-content\/uploads\/sites\/56\/2017\/04\/Boutique-qui-vend-du-vin-300x225.jpeg\" alt=\"\" width=\"351\" height=\"263\" srcset=\"https:\/\/blogs.univ-jfc.fr\/vigneetvin\/wp-content\/uploads\/sites\/56\/2017\/04\/Boutique-qui-vend-du-vin-300x225.jpeg 300w, https:\/\/blogs.univ-jfc.fr\/vigneetvin\/wp-content\/uploads\/sites\/56\/2017\/04\/Boutique-qui-vend-du-vin-768x576.jpeg 768w, https:\/\/blogs.univ-jfc.fr\/vigneetvin\/wp-content\/uploads\/sites\/56\/2017\/04\/Boutique-qui-vend-du-vin.jpeg 867w\" sizes=\"(max-width: 351px) 100vw, 351px\" \/><\/a><figcaption id=\"caption-attachment-5039\" class=\"wp-caption-text\">Boutique qui vend du vin<\/figcaption><\/figure>\n<p align=\"justify\"><span style=\"color: #000000\">Dans le cadre d&rsquo;une coop\u00e9rative, celle-ci g\u00e8re le processus de \u00ab communication \u00bb afin de faire conna\u00eetre et de vendre les produits de ses adh\u00e9rents. Chaque adh\u00e9rent doit conna\u00eetre et peut participer aux strat\u00e9gies de vente de la coop\u00e9rative. Pour vendre ses produits, la coop\u00e9rative n\u00e9gocie avec les circuits de distribution comme les grandes surfaces ou les sites de ventes de vins en ligne.<\/span><\/p>\n<p align=\"justify\"><span style=\"color: #000000\"> Vignerons et amateurs peuvent se retrouver dans des caveaux ou des celliers pour \u00e9changer leurs observations sur les r\u00e9coltes et la qualit\u00e9 des vins, afin d&rsquo;instaurer une proximit\u00e9 entre producteurs et consommateurs. On peut citer \u00e0 titre d&rsquo;exemple :<\/span><\/p>\n<ul>\n<li>\n<p align=\"justify\"><span style=\"color: #000000\">L&rsquo;\u00e9v\u00e9nement CooParade dans le Var. Il a pour objectif de valoriser le mod\u00e8le coop\u00e9ratif mais aussi la diversit\u00e9 et la qualit\u00e9 de sa production agricole. Il se pr\u00e9sente sous la forme d\u2019un \u00abmarch\u00e9\u00bb propre \u00e0 la coop\u00e9ration. Divers produits, dont les vins du Var produits en coop\u00e9rative, sont propos\u00e9s \u00e0 la d\u00e9gustation.<\/span><\/p>\n<\/li>\n<li>\n<p align=\"justify\"><span style=\"color: #000000\">L&rsquo;organisation de concours tels que \u00ab L&rsquo;union fait l&rsquo;installation \u00bb dont l&rsquo;objectif est d&rsquo;attirer de nouveaux candidats \u00e0 l&rsquo;installation en cave coop\u00e9rative et de valoriser le mod\u00e8le, s\u2019inscrit dans la perspective des campagnes de communication de la coop\u00e9rative agricole. Des \u00e9tudiants participent \u00e0 des concours comme \u00ab Inventez les coop\u00e9ratives agricoles de demain \u00bb afin d&rsquo;apporter des id\u00e9es nouvelles de d\u00e9veloppement pour les coop\u00e9ratives agricoles.<\/span><\/p>\n<\/li>\n<\/ul>\n<figure id=\"attachment_5043\" aria-describedby=\"caption-attachment-5043\" style=\"width: 225px\" class=\"wp-caption alignright\"><a href=\"http:\/\/blogs.univ-jfc.fr\/vigneetvin\/wp-content\/uploads\/sites\/56\/2017\/04\/bouteille-de-Lussac-Saint-Emilion-avec-syst\u00e8me-anti-goutte.jpg\"><img loading=\"lazy\" class=\"size-medium wp-image-5043\" src=\"http:\/\/blogs.univ-jfc.fr\/vigneetvin\/wp-content\/uploads\/sites\/56\/2017\/04\/bouteille-de-Lussac-Saint-Emilion-avec-syst\u00e8me-anti-goutte-225x300.jpg\" alt=\"\" width=\"225\" height=\"300\" srcset=\"https:\/\/blogs.univ-jfc.fr\/vigneetvin\/wp-content\/uploads\/sites\/56\/2017\/04\/bouteille-de-Lussac-Saint-Emilion-avec-syst\u00e8me-anti-goutte-225x300.jpg 225w, https:\/\/blogs.univ-jfc.fr\/vigneetvin\/wp-content\/uploads\/sites\/56\/2017\/04\/bouteille-de-Lussac-Saint-Emilion-avec-syst\u00e8me-anti-goutte.jpg 450w\" sizes=\"(max-width: 225px) 100vw, 225px\" \/><\/a><figcaption id=\"caption-attachment-5043\" class=\"wp-caption-text\">Bouteille de Lussac Saint Emilion, avec syst\u00e8me anti goutte<\/figcaption><\/figure>\n<p align=\"justify\"><span style=\"color: #000000\">Les vignerons ind\u00e9pendants disposent d&rsquo;outils similaires pour assurer la promotion de leurs produits. Ils commercialisent directement leurs produits sans n\u00e9cessairement passer par le biais d&rsquo;un magasin de grande distribution. Ceci leur permet de garder des avantages commerciaux comme celui de la fixation des prix. Le d\u00e9veloppement des achats en ligne fait intervenir de nouveaux r\u00e9seaux de distribution. Toutefois la vente peut s&rsquo;organiser directement au domaine. Ceci permet d&rsquo;\u00e9changer avec le client sur des questions li\u00e9es aux m\u00e9thodes de production du raisin ou de vinification et ainsi cr\u00e9er une relation de confiance chez les clients.<\/span><\/p>\n<p align=\"justify\"><span style=\"color: #000000\">\u00c0 cet effet, le VIF (Association des vignerons ind\u00e9pendants de France) organise chaque ann\u00e9e en France des salons entre producteurs ind\u00e9pendants pour faire d\u00e9couvrir et d\u00e9guster leurs vins au public.<\/span><\/p>\n","protected":false},"excerpt":{"rendered":"<p>Le march\u00e9 viticole en France est un march\u00e9 dynamique. En 2016, on comptabilise environ vingt-trois millions de m\u00e9nages fran\u00e7ais ayant achet\u00e9 du vin pour leur consommation domestique. Les acteurs du vin et de la vigne en France produisent pr\u00e8s de 17% du vin de la plan\u00e8te. Pour rester un secteur attractif, les vignerons de France, &hellip; <a href=\"https:\/\/blogs.univ-jfc.fr\/vigneetvin\/les-metiers-de-la-vigne-et-du-vin\/vignerons-et-exploitants\/les-vendangeurs\/les-strategies-economiques-du-vigneron-cepage-appellation-et-culture-biologique-quels-choix-faire\/une-premiere-approche-du-marketing-du-vigneron\/\" class=\"more-link\">Continuer la lecture de <span class=\"screen-reader-text\">Une premi\u00e8re approche du marketing du vigneron<\/span> <span class=\"meta-nav\">&rarr;<\/span><\/a><\/p>\n","protected":false},"author":275,"featured_media":0,"parent":917,"menu_order":1,"comment_status":"closed","ping_status":"closed","template":"","meta":[],"_links":{"self":[{"href":"https:\/\/blogs.univ-jfc.fr\/vigneetvin\/wp-json\/wp\/v2\/pages\/961"}],"collection":[{"href":"https:\/\/blogs.univ-jfc.fr\/vigneetvin\/wp-json\/wp\/v2\/pages"}],"about":[{"href":"https:\/\/blogs.univ-jfc.fr\/vigneetvin\/wp-json\/wp\/v2\/types\/page"}],"author":[{"embeddable":true,"href":"https:\/\/blogs.univ-jfc.fr\/vigneetvin\/wp-json\/wp\/v2\/users\/275"}],"replies":[{"embeddable":true,"href":"https:\/\/blogs.univ-jfc.fr\/vigneetvin\/wp-json\/wp\/v2\/comments?post=961"}],"version-history":[{"count":5,"href":"https:\/\/blogs.univ-jfc.fr\/vigneetvin\/wp-json\/wp\/v2\/pages\/961\/revisions"}],"predecessor-version":[{"id":5045,"href":"https:\/\/blogs.univ-jfc.fr\/vigneetvin\/wp-json\/wp\/v2\/pages\/961\/revisions\/5045"}],"up":[{"embeddable":true,"href":"https:\/\/blogs.univ-jfc.fr\/vigneetvin\/wp-json\/wp\/v2\/pages\/917"}],"wp:attachment":[{"href":"https:\/\/blogs.univ-jfc.fr\/vigneetvin\/wp-json\/wp\/v2\/media?parent=961"}],"curies":[{"name":"wp","href":"https:\/\/api.w.org\/{rel}","templated":true}]}}