{"id":99,"date":"2017-01-25T13:13:56","date_gmt":"2017-01-25T12:13:56","guid":{"rendered":"http:\/\/blogs.univ-jfc.fr\/vigneetvin\/?page_id=99"},"modified":"2017-04-19T20:06:38","modified_gmt":"2017-04-19T19:06:38","slug":"les-produits-phytosanitaires-en-debat-depuis-les-annees-1960","status":"publish","type":"page","link":"https:\/\/blogs.univ-jfc.fr\/vigneetvin\/la-culture-de-la-vigne\/un-ecosysteme-fragile\/les-produits-phytosanitaires-en-debat-depuis-les-annees-1960\/","title":{"rendered":"Les produits phytosanitaires en d\u00e9bat depuis les ann\u00e9es 1960"},"content":{"rendered":"<p align=\"justify\">La France se place au <a href=\"https:\/\/geocarrefour.revues.org\/6856\">troisi\u00e8me rang mondial<\/a> des consommateurs de produits phytosanitaires, derri\u00e8re les \u00c9tats-Unis et le Japon. Elle est au premier rang au niveau europ\u00e9en. La viticulture \u00e0 elle seule repr\u00e9sente <a href=\"https:\/\/geocarrefour.revues.org\/6856\">20 % des produits phytosanitaires consomm\u00e9s pour 3.7 % de la surface agricole fran\u00e7ais (783 000 hectares)<\/a>.<\/p>\n<p align=\"justify\">La vigne est constitu\u00e9e d&rsquo;un \u00e9cosyst\u00e8me fragile compos\u00e9 par un environnement (biotope) et par l&rsquo;ensemble des esp\u00e8ces (bioc\u00e9nose) qui y vivent, s&rsquo;y nourrissent et s&rsquo;y reproduisent. L&rsquo;\u00e9cosyst\u00e8me est menac\u00e9 quotidiennement par des maladies. Celle qui p\u00e8se le plus sur la vigne est aujourd&rsquo;hui la maladie de l&rsquo;Esca. Les maladies de la vigne sont nombreuses et peuvent \u00eatre regroup\u00e9es par type (champignons, insectes, microbes etc.). Les pesticides ont pour but de pr\u00e9venir ces maladies et de lutter contre elles.<a href=\"http:\/\/blogs.univ-jfc.fr\/vigneetvin\/wp-content\/uploads\/sites\/56\/2017\/01\/vigne-.jpg\"><img loading=\"lazy\" class=\"aligncenter wp-image-3570\" title=\"https:\/\/pixabay.com\/fr\/vigne-vignoble-viticulture-vignes-77379\/\" src=\"http:\/\/blogs.univ-jfc.fr\/vigneetvin\/wp-content\/uploads\/sites\/56\/2017\/01\/vigne--300x168.jpg\" alt=\"\" width=\"373\" height=\"209\" \/><\/a><\/p>\n<p align=\"justify\">Depuis les ann\u00e9es 1960 des voix s&rsquo;\u00e9l\u00e8vent contre l&rsquo;utilisation des <a href=\"http:\/\/blogs.univ-jfc.fr\/vigneetvin\/la-culture-de-la-vigne\/un-ecosysteme-fragile\/les-produits-phytosanitaires-en-debat-depuis-les-annees-1960\/le-tournant-des-annees-1960-la-contestation-de-la-viticulture-productiviste\/\">produits phytosanitaires.<\/a> Les viticulteurs dans un contexte soci\u00e9tal\u00a0complexe sont amen\u00e9s \u00e0 modifier leurs pratiques sous l&rsquo;impulsion des institutions et des consommateurs.<\/p>\n<p align=\"justify\">Dans un contexte de d\u00e9veloppement de l&rsquo;\u00e9cologie et de la pr\u00e9f\u00e9rence de la qualit\u00e9 sur la quantit\u00e9, la <a href=\"http:\/\/blogs.univ-jfc.fr\/vigneetvin\/la-culture-de-la-vigne\/un-ecosysteme-fragile\/les-produits-phytosanitaires-en-debat-depuis-les-annees-1960\/le-bio-lavenir-de-la-viticulture\/\">viticulture bio<\/a> d\u00e9tient une place \u00e0 ne pas n\u00e9gliger\u00a0dans la viticulture fran\u00e7aise.<\/p>\n<p align=\"justify\">Entre la viticulture conventionnelle qui ne r\u00e9pond plus aux attentes soci\u00e9tales et la viticulture biologique qui semble irr\u00e9alisable \u00e0 grande \u00e9chelle, la <a href=\"http:\/\/blogs.univ-jfc.fr\/vigneetvin\/la-culture-de-la-vigne\/un-ecosysteme-fragile\/les-produits-phytosanitaires-en-debat-depuis-les-annees-1960\/la-viticulture-raisonnee-un-bon-compromis\/\">viticulture raisonn\u00e9e <\/a>semble \u00eatre un compromis soutenu par l&rsquo;Etat et l&rsquo;Union Europ\u00e9enne.<\/p>\n<p align=\"justify\">\n","protected":false},"excerpt":{"rendered":"<p>La France se place au troisi\u00e8me rang mondial des consommateurs de produits phytosanitaires, derri\u00e8re les \u00c9tats-Unis et le Japon. Elle est au premier rang au niveau europ\u00e9en. La viticulture \u00e0 elle seule repr\u00e9sente 20 % des produits phytosanitaires consomm\u00e9s pour 3.7 % de la surface agricole fran\u00e7ais (783 000 hectares). La vigne est constitu\u00e9e d&rsquo;un &hellip; <a href=\"https:\/\/blogs.univ-jfc.fr\/vigneetvin\/la-culture-de-la-vigne\/un-ecosysteme-fragile\/les-produits-phytosanitaires-en-debat-depuis-les-annees-1960\/\" class=\"more-link\">Continuer la lecture de <span class=\"screen-reader-text\">Les produits phytosanitaires en d\u00e9bat depuis les ann\u00e9es 1960<\/span> <span class=\"meta-nav\">&rarr;<\/span><\/a><\/p>\n","protected":false},"author":108,"featured_media":0,"parent":80,"menu_order":1,"comment_status":"closed","ping_status":"closed","template":"","meta":[],"_links":{"self":[{"href":"https:\/\/blogs.univ-jfc.fr\/vigneetvin\/wp-json\/wp\/v2\/pages\/99"}],"collection":[{"href":"https:\/\/blogs.univ-jfc.fr\/vigneetvin\/wp-json\/wp\/v2\/pages"}],"about":[{"href":"https:\/\/blogs.univ-jfc.fr\/vigneetvin\/wp-json\/wp\/v2\/types\/page"}],"author":[{"embeddable":true,"href":"https:\/\/blogs.univ-jfc.fr\/vigneetvin\/wp-json\/wp\/v2\/users\/108"}],"replies":[{"embeddable":true,"href":"https:\/\/blogs.univ-jfc.fr\/vigneetvin\/wp-json\/wp\/v2\/comments?post=99"}],"version-history":[{"count":13,"href":"https:\/\/blogs.univ-jfc.fr\/vigneetvin\/wp-json\/wp\/v2\/pages\/99\/revisions"}],"predecessor-version":[{"id":5081,"href":"https:\/\/blogs.univ-jfc.fr\/vigneetvin\/wp-json\/wp\/v2\/pages\/99\/revisions\/5081"}],"up":[{"embeddable":true,"href":"https:\/\/blogs.univ-jfc.fr\/vigneetvin\/wp-json\/wp\/v2\/pages\/80"}],"wp:attachment":[{"href":"https:\/\/blogs.univ-jfc.fr\/vigneetvin\/wp-json\/wp\/v2\/media?parent=99"}],"curies":[{"name":"wp","href":"https:\/\/api.w.org\/{rel}","templated":true}]}}