{"id":1004,"date":"2018-01-31T22:58:03","date_gmt":"2018-01-31T21:58:03","guid":{"rendered":"http:\/\/blogs.univ-jfc.fr\/vphn\/wp-content\/uploads\/sites\/65\/2018\/01\/fibule.png"},"modified":"2018-01-31T22:58:18","modified_gmt":"2018-01-31T21:58:18","slug":"fibule","status":"inherit","type":"attachment","link":"https:\/\/blogs.univ-jfc.fr\/vphn\/patrimoine-et-sites-remarquables\/toulouse-capitale-du-royaume-wisigoth-2017\/fibule\/","title":{"rendered":"fibule"},"author":290,"comment_status":"open","ping_status":"closed","template":"","meta":[],"description":{"rendered":"<p class=\"attachment\"><a href='https:\/\/blogs.univ-jfc.fr\/vphn\/wp-content\/uploads\/sites\/65\/2018\/01\/fibule.png'><img width=\"300\" height=\"209\" src=\"https:\/\/blogs.univ-jfc.fr\/vphn\/wp-content\/uploads\/sites\/65\/2018\/01\/fibule-300x209.png\" class=\"attachment-medium size-medium\" alt=\"\" loading=\"lazy\" srcset=\"https:\/\/blogs.univ-jfc.fr\/vphn\/wp-content\/uploads\/sites\/65\/2018\/01\/fibule-300x209.png 300w, https:\/\/blogs.univ-jfc.fr\/vphn\/wp-content\/uploads\/sites\/65\/2018\/01\/fibule.png 537w\" sizes=\"100vw\" \/><\/a><\/p>\n"},"caption":{"rendered":"<p>Plaque-boucle wisigothique de la fin du Ve si\u00e8cle d\u00e9couverte dans un \u00e9gout romain place Esquirol. Un des rares t\u00e9moins de la culture mat\u00e9rielle des Goths de Gaule Mus\u00e9e Saint \u2013Raymond.<\/p>\n"},"alt_text":"","media_type":"image","mime_type":"image\/png","media_details":{"width":537,"height":374,"file":"2018\/01\/fibule.png","sizes":{"thumbnail":{"file":"fibule-150x150.png","width":150,"height":150,"mime_type":"image\/png","source_url":"https:\/\/blogs.univ-jfc.fr\/vphn\/wp-content\/uploads\/sites\/65\/2018\/01\/fibule-150x150.png"},"medium":{"file":"fibule-300x209.png","width":300,"height":209,"mime_type":"image\/png","source_url":"https:\/\/blogs.univ-jfc.fr\/vphn\/wp-content\/uploads\/sites\/65\/2018\/01\/fibule-300x209.png"},"twentyseventeen-thumbnail-avatar":{"file":"fibule-100x100.png","width":100,"height":100,"mime_type":"image\/png","source_url":"https:\/\/blogs.univ-jfc.fr\/vphn\/wp-content\/uploads\/sites\/65\/2018\/01\/fibule-100x100.png"},"full":{"file":"fibule.png","width":537,"height":374,"mime_type":"image\/png","source_url":"https:\/\/blogs.univ-jfc.fr\/vphn\/wp-content\/uploads\/sites\/65\/2018\/01\/fibule.png"}},"image_meta":{"aperture":"0","credit":"","camera":"","caption":"","created_timestamp":"0","copyright":"","focal_length":"0","iso":"0","shutter_speed":"0","title":"","orientation":"0","keywords":[]}},"post":168,"source_url":"https:\/\/blogs.univ-jfc.fr\/vphn\/wp-content\/uploads\/sites\/65\/2018\/01\/fibule.png","_links":{"self":[{"href":"https:\/\/blogs.univ-jfc.fr\/vphn\/wp-json\/wp\/v2\/media\/1004"}],"collection":[{"href":"https:\/\/blogs.univ-jfc.fr\/vphn\/wp-json\/wp\/v2\/media"}],"about":[{"href":"https:\/\/blogs.univ-jfc.fr\/vphn\/wp-json\/wp\/v2\/types\/attachment"}],"author":[{"embeddable":true,"href":"https:\/\/blogs.univ-jfc.fr\/vphn\/wp-json\/wp\/v2\/users\/290"}]}}

<p>Plaque-boucle wisigothique de la fin du Ve siècle découverte dans un égout romain place Esquirol. Un des rares témoins de la culture matérielle des Goths de Gaule Musée Saint –Raymond.</p>
