{"id":4623,"date":"2019-02-28T14:30:23","date_gmt":"2019-02-28T13:30:23","guid":{"rendered":"http:\/\/blogs.univ-jfc.fr\/vphn\/wp-content\/uploads\/sites\/65\/2019\/02\/Louis-d\u2019Arpajon-duc-dArpajon-duch\u00e9-pairie-\u00e9rig\u00e9-en-1650.png"},"modified":"2019-02-28T14:37:57","modified_gmt":"2019-02-28T13:37:57","slug":"louis-darpajon-duc-darpajon-duche-pairie-erige-en-1650","status":"inherit","type":"attachment","link":"https:\/\/blogs.univ-jfc.fr\/vphn\/patrimoine-et-sites-remarquables\/le-chateau-de-brousse-et-le-rouergue-xe-xvie-siecles-2018-2019\/louis-darpajon-duc-darpajon-duche-pairie-erige-en-1650\/","title":{"rendered":"Louis d\u2019Arpajon, duc d&rsquo;Arpajon (duch\u00e9-pairie \u00e9rig\u00e9 en 1650)"},"author":429,"comment_status":"open","ping_status":"closed","template":"","meta":[],"description":{"rendered":"<p class=\"attachment\"><a href='https:\/\/blogs.univ-jfc.fr\/vphn\/wp-content\/uploads\/sites\/65\/2019\/02\/Louis-d\u2019Arpajon-duc-dArpajon-duch\u00e9-pairie-\u00e9rig\u00e9-en-1650.png'><img width=\"268\" height=\"300\" src=\"https:\/\/blogs.univ-jfc.fr\/vphn\/wp-content\/uploads\/sites\/65\/2019\/02\/Louis-d\u2019Arpajon-duc-dArpajon-duch\u00e9-pairie-\u00e9rig\u00e9-en-1650-268x300.png\" class=\"attachment-medium size-medium\" alt=\"\" loading=\"lazy\" srcset=\"https:\/\/blogs.univ-jfc.fr\/vphn\/wp-content\/uploads\/sites\/65\/2019\/02\/Louis-d\u2019Arpajon-duc-dArpajon-duch\u00e9-pairie-\u00e9rig\u00e9-en-1650-268x300.png 268w, https:\/\/blogs.univ-jfc.fr\/vphn\/wp-content\/uploads\/sites\/65\/2019\/02\/Louis-d\u2019Arpajon-duc-dArpajon-duch\u00e9-pairie-\u00e9rig\u00e9-en-1650.png 562w\" sizes=\"100vw\" \/><\/a><\/p>\n"},"caption":{"rendered":"<p>Louis d\u2019Arpajon, duc d&rsquo;Arpajon (duch\u00e9-pairie \u00e9rig\u00e9 en 1650) ; Source: Armorial de J.B. RIETSTAP &#8211; et ses compl\u00e9ment <\/p>\n"},"alt_text":"","media_type":"image","mime_type":"image\/png","media_details":{"width":562,"height":629,"file":"2019\/02\/Louis-d\u2019Arpajon-duc-dArpajon-duch\u00e9-pairie-\u00e9rig\u00e9-en-1650.png","sizes":{"thumbnail":{"file":"Louis-d\u2019Arpajon-duc-dArpajon-duch\u00e9-pairie-\u00e9rig\u00e9-en-1650-150x150.png","width":150,"height":150,"mime_type":"image\/png","source_url":"https:\/\/blogs.univ-jfc.fr\/vphn\/wp-content\/uploads\/sites\/65\/2019\/02\/Louis-d\u2019Arpajon-duc-dArpajon-duch\u00e9-pairie-\u00e9rig\u00e9-en-1650-150x150.png"},"medium":{"file":"Louis-d\u2019Arpajon-duc-dArpajon-duch\u00e9-pairie-\u00e9rig\u00e9-en-1650-268x300.png","width":268,"height":300,"mime_type":"image\/png","source_url":"https:\/\/blogs.univ-jfc.fr\/vphn\/wp-content\/uploads\/sites\/65\/2019\/02\/Louis-d\u2019Arpajon-duc-dArpajon-duch\u00e9-pairie-\u00e9rig\u00e9-en-1650-268x300.png"},"twentyseventeen-thumbnail-avatar":{"file":"Louis-d\u2019Arpajon-duc-dArpajon-duch\u00e9-pairie-\u00e9rig\u00e9-en-1650-100x100.png","width":100,"height":100,"mime_type":"image\/png","source_url":"https:\/\/blogs.univ-jfc.fr\/vphn\/wp-content\/uploads\/sites\/65\/2019\/02\/Louis-d\u2019Arpajon-duc-dArpajon-duch\u00e9-pairie-\u00e9rig\u00e9-en-1650-100x100.png"},"full":{"file":"Louis-d\u2019Arpajon-duc-dArpajon-duch\u00e9-pairie-\u00e9rig\u00e9-en-1650.png","width":562,"height":629,"mime_type":"image\/png","source_url":"https:\/\/blogs.univ-jfc.fr\/vphn\/wp-content\/uploads\/sites\/65\/2019\/02\/Louis-d\u2019Arpajon-duc-dArpajon-duch\u00e9-pairie-\u00e9rig\u00e9-en-1650.png"}},"image_meta":{"aperture":"0","credit":"","camera":"","caption":"","created_timestamp":"0","copyright":"","focal_length":"0","iso":"0","shutter_speed":"0","title":"","orientation":"0","keywords":[]}},"post":4008,"source_url":"https:\/\/blogs.univ-jfc.fr\/vphn\/wp-content\/uploads\/sites\/65\/2019\/02\/Louis-d\u2019Arpajon-duc-dArpajon-duch\u00e9-pairie-\u00e9rig\u00e9-en-1650.png","_links":{"self":[{"href":"https:\/\/blogs.univ-jfc.fr\/vphn\/wp-json\/wp\/v2\/media\/4623"}],"collection":[{"href":"https:\/\/blogs.univ-jfc.fr\/vphn\/wp-json\/wp\/v2\/media"}],"about":[{"href":"https:\/\/blogs.univ-jfc.fr\/vphn\/wp-json\/wp\/v2\/types\/attachment"}],"author":[{"embeddable":true,"href":"https:\/\/blogs.univ-jfc.fr\/vphn\/wp-json\/wp\/v2\/users\/429"}]}}

http://blogs.univ-jfc.fr/vphn/wp-content/uploads/sites/65/2019/02/Louis-d’Arpajon-duc-dArpajon-duché-pairie-érigé-en-1650.png

Louis d’Arpajon, duc d&rsquo;Arpajon (duché-pairie érigé en 1650)

<p class="attachment"><a href='https://blogs.univ-jfc.fr/vphn/wp-content/uploads/sites/65/2019/02/Louis-d’Arpajon-duc-dArpajon-duché-pairie-érigé-en-1650.png'><img width="268" height="300" src="https://blogs.univ-jfc.fr/vphn/wp-content/uploads/sites/65/2019/02/Louis-d’Arpajon-duc-dArpajon-duché-pairie-érigé-en-1650-268x300.png" class="attachment-medium size-medium" alt="" loading="lazy" srcset="https://blogs.univ-jfc.fr/vphn/wp-content/uploads/sites/65/2019/02/Louis-d’Arpajon-duc-dArpajon-duché-pairie-érigé-en-1650-268x300.png 268w, https://blogs.univ-jfc.fr/vphn/wp-content/uploads/sites/65/2019/02/Louis-d’Arpajon-duc-dArpajon-duché-pairie-érigé-en-1650.png 562w" sizes="100vw" /></a></p>

<p>Louis d’Arpajon, duc d&rsquo;Arpajon (duché-pairie érigé en 1650) ; Source: Armorial de J.B. RIETSTAP &#8211; et ses complément </p>

2019/02/Louis-d’Arpajon-duc-dArpajon-duché-pairie-érigé-en-1650.png

Louis-d’Arpajon-duc-dArpajon-duché-pairie-érigé-en-1650-150x150.png

https://blogs.univ-jfc.fr/vphn/wp-content/uploads/sites/65/2019/02/Louis-d’Arpajon-duc-dArpajon-duché-pairie-érigé-en-1650-150x150.png

Louis-d’Arpajon-duc-dArpajon-duché-pairie-érigé-en-1650-268x300.png

https://blogs.univ-jfc.fr/vphn/wp-content/uploads/sites/65/2019/02/Louis-d’Arpajon-duc-dArpajon-duché-pairie-érigé-en-1650-268x300.png

Louis-d’Arpajon-duc-dArpajon-duché-pairie-érigé-en-1650-100x100.png

https://blogs.univ-jfc.fr/vphn/wp-content/uploads/sites/65/2019/02/Louis-d’Arpajon-duc-dArpajon-duché-pairie-érigé-en-1650-100x100.png

Louis-d’Arpajon-duc-dArpajon-duché-pairie-érigé-en-1650.png

https://blogs.univ-jfc.fr/vphn/wp-content/uploads/sites/65/2019/02/Louis-d’Arpajon-duc-dArpajon-duché-pairie-érigé-en-1650.png
