{"id":10047,"date":"2022-01-11T16:52:11","date_gmt":"2022-01-11T15:52:11","guid":{"rendered":"http:\/\/blogs.univ-jfc.fr\/vphn\/?page_id=10047"},"modified":"2022-04-21T05:22:43","modified_gmt":"2022-04-21T03:22:43","slug":"la-revolte-des-vignerons-de-1907-2022","status":"publish","type":"page","link":"https:\/\/blogs.univ-jfc.fr\/vphn\/la-revolte-des-vignerons-de-1907-2022\/","title":{"rendered":"La r\u00e9volte des vignerons de 1907 [2022]"},"content":{"rendered":"\n<figure class=\"wp-block-image size-large is-resized\"><img loading=\"lazy\" src=\"https:\/\/blogs.univ-jfc.fr\/vphn\/wp-content\/uploads\/sites\/65\/2022\/02\/Ferroul_et_Albert_en_meeting.jpg\" alt=\"\" class=\"wp-image-10403\" width=\"441\" height=\"329\" srcset=\"https:\/\/blogs.univ-jfc.fr\/vphn\/wp-content\/uploads\/sites\/65\/2022\/02\/Ferroul_et_Albert_en_meeting.jpg 857w, https:\/\/blogs.univ-jfc.fr\/vphn\/wp-content\/uploads\/sites\/65\/2022\/02\/Ferroul_et_Albert_en_meeting-300x224.jpg 300w, https:\/\/blogs.univ-jfc.fr\/vphn\/wp-content\/uploads\/sites\/65\/2022\/02\/Ferroul_et_Albert_en_meeting-768x574.jpg 768w\" sizes=\"(max-width: 441px) 100vw, 441px\" \/><figcaption>Impressionnante photo tir\u00e9 d&rsquo;une carte postale, avec Marcelin Albert et Ernest Ferroul \u00e0 la manifestation de Narbonne, 1907<\/figcaption><\/figure>\n\n\n\n<p>Premi\u00e8re r\u00e9volte d\u2019ampleur du XX<sup>e<\/sup> si\u00e8cle en France, ce mouvement populaire est r\u00e9v\u00e9lateur d\u2019une France laiss\u00e9e pour compte, celle de la ruralit\u00e9.  Elle r\u00e9sulte d\u2019une instabilit\u00e9 frappant le monde agricole depuis la fin du XIX<sup>e<\/sup> si\u00e8cle. Elle t\u00e9moigne aussi de diverses fractures, \u00e9conomiques, sociales, politiques, entre les provinciaux et le pouvoir central.<\/p>\n\n\n\n<p><strong>Les probl\u00e8mes dans la vigne<\/strong><\/p>\n\n\n\n<p>Dans les vignes fran\u00e7aises du d\u00e9but XX<sup>e<\/sup> si\u00e8cle, de nouvelles difficult\u00e9s entra\u00eenent la crise de 1907. La premi\u00e8re d\u2019entre elles est le <a href=\"https:\/\/blogs.univ-jfc.fr\/vphn\/le-phylloxera\/\" target=\"_blank\" rel=\"noreferrer noopener\">phyllox\u00e9ra<\/a> : un petit insecte venu des \u00c9tats-Unis qui d\u00e9vaste les vignes fran\u00e7aises jusqu\u2019\u00e0 l\u2019utilisation de la greffe qui r\u00e9sout le probl\u00e8me.<\/p>\n\n\n\n<p>La seconde concerne la falsification du vin. Celle-ci s\u2019op\u00e8re avec deux techniques : la <a rel=\"noreferrer noopener\" href=\"https:\/\/blogs.univ-jfc.fr\/vphn\/la-piquette\/\" target=\"_blank\">piquette<\/a> et la <a rel=\"noreferrer noopener\" href=\"https:\/\/blogs.univ-jfc.fr\/vphn\/la-chaptalisation\/\" target=\"_blank\">chaptalisation<\/a>. Ces deux raisons entra\u00eenent l\u2019augmentation des quantit\u00e9s produites et donc la baisse des prix provoquant une chute de revenu pour les vignerons.&nbsp;Ceux-ci reprochent \u00e0 l\u2019\u00c9tat sa n\u00e9gligence vis-\u00e0-vis de la situation.<\/p>\n\n\n\n<p><strong>N\u00e9gligence du Gouvernement&nbsp;<\/strong><\/p>\n\n\n\n<p>M\u00eame si des d\u00e9put\u00e9s se saisissent de la question comme <a href=\"https:\/\/blogs.univ-jfc.fr\/vphn\/2022\/02\/04\/gaston-doumergue\/\" data-type=\"URL\" data-id=\"https:\/\/blogs.univ-jfc.fr\/vphn\/2022\/02\/04\/gaston-doumergue\/\" target=\"_blank\" rel=\"noreferrer noopener\">Gaston Doumergue<\/a> pour trouver des solutions et alerter le gouvernement, celui-ci ne pr\u00eate pas attention \u00e0 cette crise et les vignerons ne re\u00e7oivent aucune aide financi\u00e8re.<\/p>\n\n\n\n<p>Or, pour la r\u00e9gion, qui a beaucoup mis\u00e9 sur la viticulture depuis les ann\u00e9es 1850, avec, en 1904, 80 M de sa population qui vit de la vigne, cette absence de soutien est dramatique. Elle est per\u00e7ue comme un m\u00e9pris de la part du gouvernement, et notamment de Georges <a rel=\"noreferrer noopener\" href=\"https:\/\/blogs.univ-jfc.fr\/vphn\/georges-clemenceau\/\" data-type=\"URL\" data-id=\"https:\/\/blogs.univ-jfc.fr\/vphn\/georges-clemenceau\/\" target=\"_blank\">Clemenceau<\/a>, ministre de l\u2019int\u00e9rieur, hostile au mouvement \u00e0 tendance socialiste.<\/p>\n\n\n\n<p>Ce ressenti alimente le mouvement.&nbsp;<\/p>\n\n\n\n<p><strong>Les manifestations<\/strong><\/p>\n\n\n\n<p>La r\u00e9volte des vignerons a pour leaders <a rel=\"noreferrer noopener\" href=\"https:\/\/blogs.univ-jfc.fr\/vphn\/ernest_ferroul\/\" data-type=\"URL\" data-id=\"https:\/\/blogs.univ-jfc.fr\/vphn\/ernest_ferroul\/\" target=\"_blank\">Ernest Ferroul <\/a>et <a rel=\"noreferrer noopener\" href=\"https:\/\/blogs.univ-jfc.fr\/vphn\/10315-2\/\" target=\"_blank\">Marcelin Albert<\/a>. Le 11 mars 1907 a lieu la premi\u00e8re manifestation avec 87 vignerons. Puis chaque dimanche le nombre de participants augmente jusqu&rsquo;\u00e0 500 000 manifestants \u00e0 Montpellier le 10 juin 1907. Tous les citoyens, hommes, femmes et enfants se sentent concern\u00e9s. D\u2019abord non violentes, ces manifestations ne suscitent pas de r\u00e9action du Gouvernement. Le but de <a rel=\"noreferrer noopener\" href=\"https:\/\/blogs.univ-jfc.fr\/vphn\/georges-clemenceau\/\" data-type=\"URL\" data-id=\"https:\/\/blogs.univ-jfc.fr\/vphn\/georges-clemenceau\/\" target=\"_blank\">Clemenceau<\/a> est qu\u2019elles se terminent. Le mouvement se radicalise suite \u00e0 l&rsquo;arrestation des deux leaders, et ainsi les 20 et 21 juin de violentes manifestations \u00e9clatent \u00e0 Perpignan, B\u00e9ziers et Montpellier.&nbsp;<\/p>\n\n\n\n<figure class=\"wp-block-image size-large is-resized\"><img loading=\"lazy\" src=\"https:\/\/blogs.univ-jfc.fr\/vphn\/wp-content\/uploads\/sites\/65\/2022\/02\/static_2766.jpeg\" alt=\"\" class=\"wp-image-10376\" width=\"517\" height=\"257\" srcset=\"https:\/\/blogs.univ-jfc.fr\/vphn\/wp-content\/uploads\/sites\/65\/2022\/02\/static_2766.jpeg 517w, https:\/\/blogs.univ-jfc.fr\/vphn\/wp-content\/uploads\/sites\/65\/2022\/02\/static_2766-300x149.jpeg 300w\" sizes=\"(max-width: 517px) 100vw, 517px\" \/><figcaption>Photo d&rsquo;une pancarte de viticulteur de l\u2019Aude, 1907,<br>Carcassonne, Archives d\u00e9partementales de l\u2019Aude<\/figcaption><\/figure>\n\n\n\n<p><strong>Contrer la r\u00e9volte<\/strong><\/p>\n\n\n\n<p>Quelques mois apr\u00e8s le d\u00e9but de la r\u00e9volte, <a rel=\"noreferrer noopener\" href=\"https:\/\/blogs.univ-jfc.fr\/vphn\/georges-clemenceau\/\" target=\"_blank\">Georges Clemenceau<\/a> envoie l&rsquo;arm\u00e9e r\u00e9primer le mouvement, avec \u00e0 sa t\u00eate le<a href=\"https:\/\/blogs.univ-jfc.fr\/vphn\/general-picquart\/\" data-type=\"URL\" data-id=\"https:\/\/blogs.univ-jfc.fr\/vphn\/general-picquart\/\" target=\"_blank\" rel=\"noreferrer noopener\"> g\u00e9n\u00e9ral Picquart<\/a>.<\/p>\n\n\n\n<p>Beaucoup de militaires sont envoy\u00e9s pour faire face aux manifestants mais sont des conscrits locaux qui refusent de marcher contre leurs proches, ce qui provoque tr\u00e8s vite de fortes tensions au sein de la troupe. Dans les rangs de l\u2019arm\u00e9e, des r\u00e9voltes prennent m\u00eame corps, comme dans le <a href=\"https:\/\/blogs.univ-jfc.fr\/vphn\/lapres-mutinerie\/\" data-type=\"URL\" data-id=\"https:\/\/blogs.univ-jfc.fr\/vphn\/lapres-mutinerie\/\" target=\"_blank\" rel=\"noreferrer noopener\">17<sup>e<\/sup> d\u2019infanterie<\/a> qui d\u00e9serte apr\u00e8s le massacre de Narbonne, avec armes et munitions, en direction de B\u00e9ziers.<\/p>\n\n\n\n<p>Une grande partie des leaders de la r\u00e9volte sont arr\u00eat\u00e9s, notamment <a rel=\"noreferrer noopener\" href=\"https:\/\/blogs.univ-jfc.fr\/vphn\/ernest_ferroul\/\" target=\"_blank\" data-type=\"URL\" data-id=\"https:\/\/blogs.univ-jfc.fr\/vphn\/ernest_ferroul\/\">Ernest Ferroul.<\/a> La r\u00e9volte offre aux opposants de la R\u00e9publique et en particulier \u00e0 <a rel=\"noreferrer noopener\" href=\"https:\/\/blogs.univ-jfc.fr\/vphn\/georges-clemenceau\/\" target=\"_blank\">Clemenceau<\/a>, comme les <a rel=\"noreferrer noopener\" href=\"https:\/\/blogs.univ-jfc.fr\/vphn\/groupes-libertaire-et-royaliste\/\" target=\"_blank\">groupes libertaire ou royaliste<\/a>, la possibilit\u00e9 d\u2019exister politiquement. Cependant, ils ne parviennent jamais r\u00e9ellement \u00e0 rallier les manifestants \u00e0 leurs causes.<\/p>\n\n\n\n<p><strong>La sortie de crise<\/strong><\/p>\n\n\n\n<div class=\"wp-block-columns are-vertically-aligned-center\">\n<div class=\"wp-block-column is-vertically-aligned-center\">\n<div class=\"wp-block-image\"><figure class=\"aligncenter size-large is-resized\"><img loading=\"lazy\" src=\"https:\/\/blogs.univ-jfc.fr\/vphn\/wp-content\/uploads\/sites\/65\/2022\/02\/868_9460-1-720x1024.jpg\" alt=\"\" class=\"wp-image-10398\" width=\"252\" height=\"358\" srcset=\"https:\/\/blogs.univ-jfc.fr\/vphn\/wp-content\/uploads\/sites\/65\/2022\/02\/868_9460-1-720x1024.jpg 720w, https:\/\/blogs.univ-jfc.fr\/vphn\/wp-content\/uploads\/sites\/65\/2022\/02\/868_9460-1-211x300.jpg 211w, https:\/\/blogs.univ-jfc.fr\/vphn\/wp-content\/uploads\/sites\/65\/2022\/02\/868_9460-1-768x1092.jpg 768w, https:\/\/blogs.univ-jfc.fr\/vphn\/wp-content\/uploads\/sites\/65\/2022\/02\/868_9460-1.jpg 900w\" sizes=\"(max-width: 252px) 100vw, 252px\" \/><figcaption><span class=\"has-inline-color has-cyan-bluish-gray-color\">\u00ab\u00a0Le Petit Journal\u00a0\u00bb 02\/07\/1907, premi\u00e8re page du journal : l&rsquo;entretien de Georges Clemenceau et Marcelin Albert<\/span>.<\/figcaption><\/figure><\/div>\n<\/div>\n\n\n\n<div class=\"wp-block-column is-vertically-aligned-center\">\n<p class=\"has-text-align-left\">Le 22 juin 1907, coups de tonnerre. <a rel=\"noreferrer noopener\" href=\"https:\/\/blogs.univ-jfc.fr\/vphn\/georges-clemenceau\/\" target=\"_blank\">Clemenceau<\/a> et <a rel=\"noreferrer noopener\" href=\"https:\/\/blogs.univ-jfc.fr\/vphn\/10315-2\/\" target=\"_blank\">Marcelin Albert<\/a> s\u2019entretiennent \u00e0 Paris pour r\u00e9fl\u00e9chir ensemble \u00e0 une sortie de crise. De cet \u00e9change, et apr\u00e8s des ann\u00e9es de lutte c\u00f4t\u00e9 vignerons, plusieurs d\u00e9cisions l\u00e9gislatives \u00e9mergent et sont proclam\u00e9es par la Troisi\u00e8me R\u00e9publique. L\u2019une des demandes phare des r\u00e9volt\u00e9s, \u00e0 savoir l\u2019exon\u00e9ration d&rsquo;imp\u00f4ts pour 1904, 1905 et 1906 \u2013 ann\u00e9es les plus difficiles \u00e9conomiquement \u2013 est accord\u00e9e. Plusieurs lois anti-fraude, ainsi que \u201c<a rel=\"noreferrer noopener\" href=\"https:\/\/blogs.univ-jfc.fr\/vphn\/le-service-de-la-repression-des-fraudes\/\" target=\"_blank\">Le service de r\u00e9pression des fraudes<\/a>\u201d, sont vot\u00e9es et institu\u00e9s. Ils ont pour but de r\u00e9duire la surproduction de vin et de r\u00e9guler la concurrence d\u00e9loyale.&nbsp;<\/p>\n<\/div>\n<\/div>\n\n\n\n<p><strong>Des cons\u00e9quences \u00e0 long terme<\/strong><\/p>\n\n\n\n<p>Ce mouvement a des cons\u00e9quences&#8230; En effet, il engage la France dans une nouvelle gestion agricole. Se d\u00e9veloppe alors le mouvement des coop\u00e9ratives viticoles, qui tentent de surveiller l&rsquo;application des nouvelles lois prot\u00e9geant les vignerons fran\u00e7ais.<\/p>\n\n\n\n<p>Pour les individus impliqu\u00e9s, la situation empire. <a rel=\"noreferrer noopener\" href=\"https:\/\/blogs.univ-jfc.fr\/vphn\/10315-2\/\" target=\"_blank\">Marcelin Albert<\/a> est oblig\u00e9 de fuir la France en 1907, et les mutins du <a href=\"https:\/\/blogs.univ-jfc.fr\/vphn\/lapres-mutinerie\/\" data-type=\"URL\" data-id=\"https:\/\/blogs.univ-jfc.fr\/vphn\/lapres-mutinerie\/\" target=\"_blank\" rel=\"noreferrer noopener\">17<sup>e<\/sup> r\u00e9giment d&rsquo;infanterie<\/a>, qui se sont rebell\u00e9s en 1907 b\u00e9n\u00e9ficient alors d\u2019une amnistie. Mais, en 1914, cette histoire resurgit et ils sont envoy\u00e9s en priorit\u00e9 en premi\u00e8re ligne.&nbsp;<\/p>\n\n\n\n<p>Pour finir, sur un plan politique, il y a la mise en place d\u2019une r\u00e9forme militaire, consistant \u00e0 \u00e9loigner les soldats de leur r\u00e9gion natale pour leur service militaire pour anticiper ainsi une autre mutinerie.<\/p>\n\n\n\n<p><strong>La conclusion de la r\u00e9volte des vignerons<\/strong><\/p>\n\n\n\n<p>Cette r\u00e9volte s\u2019impose donc comme caract\u00e9ristique de la tension politique entre le monde agricole et le gouvernement, tensions auxquelles la Troisi\u00e8me R\u00e9publique r\u00e9pond d\u2019abord par par la force avant d\u2019\u00eatre contraint de r\u00e9former.<\/p>\n\n\n\n<p>Etudiants concern\u00e9s : <strong>Thomas Maillard et Louise Rens\/ L1 : Barrau Eva, Dansan Sarah, Grassart Enzo, Gleye Mat\u00e9o<\/strong><\/p>\n\n\n\n<p><\/p>\n\n\n\n<p>Quiz, r\u00e9alis\u00e9 par Thomas MAILLARD : <\/p>\n\n\n\n<div class=\"wp-block-buttons\">\n<div class=\"wp-block-button is-style-outline\"><a class=\"wp-block-button__link\" href=\"https:\/\/forms.gle\/oRrZ2QiAzw9LsorA7\" target=\"_blank\" rel=\"noreferrer noopener\">Quiz<\/a><\/div>\n<\/div>\n\n\n\n<p><\/p>\n","protected":false},"excerpt":{"rendered":"<p>Premi\u00e8re r\u00e9volte d\u2019ampleur du XXe si\u00e8cle en France, ce mouvement populaire est r\u00e9v\u00e9lateur d\u2019une France laiss\u00e9e pour compte, celle de la ruralit\u00e9. Elle r\u00e9sulte d\u2019une instabilit\u00e9 frappant le monde agricole depuis la fin du XIXe si\u00e8cle. Elle t\u00e9moigne aussi de diverses fractures, \u00e9conomiques, sociales, politiques, entre les provinciaux et le pouvoir central. Les probl\u00e8mes dans &hellip; <\/p>\n<p class=\"link-more\"><a href=\"https:\/\/blogs.univ-jfc.fr\/vphn\/la-revolte-des-vignerons-de-1907-2022\/\" class=\"more-link\">Continuer la lecture<span class=\"screen-reader-text\"> de &laquo;&nbsp;La r\u00e9volte des vignerons de 1907 [2022]&nbsp;&raquo;<\/span><\/a><\/p>\n","protected":false},"author":19,"featured_media":0,"parent":0,"menu_order":0,"comment_status":"closed","ping_status":"closed","template":"","meta":[],"_links":{"self":[{"href":"https:\/\/blogs.univ-jfc.fr\/vphn\/wp-json\/wp\/v2\/pages\/10047"}],"collection":[{"href":"https:\/\/blogs.univ-jfc.fr\/vphn\/wp-json\/wp\/v2\/pages"}],"about":[{"href":"https:\/\/blogs.univ-jfc.fr\/vphn\/wp-json\/wp\/v2\/types\/page"}],"author":[{"embeddable":true,"href":"https:\/\/blogs.univ-jfc.fr\/vphn\/wp-json\/wp\/v2\/users\/19"}],"replies":[{"embeddable":true,"href":"https:\/\/blogs.univ-jfc.fr\/vphn\/wp-json\/wp\/v2\/comments?post=10047"}],"version-history":[{"count":27,"href":"https:\/\/blogs.univ-jfc.fr\/vphn\/wp-json\/wp\/v2\/pages\/10047\/revisions"}],"predecessor-version":[{"id":11501,"href":"https:\/\/blogs.univ-jfc.fr\/vphn\/wp-json\/wp\/v2\/pages\/10047\/revisions\/11501"}],"wp:attachment":[{"href":"https:\/\/blogs.univ-jfc.fr\/vphn\/wp-json\/wp\/v2\/media?parent=10047"}],"curies":[{"name":"wp","href":"https:\/\/api.w.org\/{rel}","templated":true}]}}