{"id":10162,"date":"2022-01-31T17:58:50","date_gmt":"2022-01-31T16:58:50","guid":{"rendered":"http:\/\/blogs.univ-jfc.fr\/vphn\/?page_id=10162"},"modified":"2022-01-31T18:03:02","modified_gmt":"2022-01-31T17:03:02","slug":"jean-baptiste-drouet","status":"publish","type":"page","link":"https:\/\/blogs.univ-jfc.fr\/vphn\/jean-baptiste-drouet\/","title":{"rendered":"Jean Baptiste Drouet"},"content":{"rendered":"\n<p>N\u00e9 le 8 Janvier 1763, Jean-Baptiste Drouet est un r\u00e9volutionnaire fran\u00e7ais.<\/p>\n\n\n\n<p>D\u00e9put\u00e9 de la Marne entre 1792 et 1795, il devient ensuite d\u00e9put\u00e9 du conseil des Cinq-Cents (l\u2019une des deux assembl\u00e9es l\u00e9gislatives du Directoire) de 1795 \u00e0 1799.<\/p>\n\n\n\n<p>Il est notamment connu pour avoir grandement particip\u00e9 \u00e0 l\u2019arrestation du roi Louis XVI en 1791.<\/p>\n\n\n\n<p>C\u2019est avec le titre de sous-pr\u00e9fet de Sainte-Menehould, qu\u2019il occupe de 1800 \u00e0 1814, qu\u2019il prend part \u00e0 la bataille des Pyr\u00e9n\u00e9es en prenant la t\u00eate des troupes fran\u00e7aises durant la bataille de Maya.<\/p>\n\n\n\n<figure class=\"wp-block-image size-large is-resized\"><img loading=\"lazy\" src=\"https:\/\/blogs.univ-jfc.fr\/vphn\/wp-content\/uploads\/sites\/65\/2022\/01\/image.png\" alt=\"\" class=\"wp-image-10163\" width=\"211\" height=\"257\" \/><figcaption><br><em>Jean-Baptiste Drouet, (estampe ,anonyme, 1791),Biblioth\u00e8que nationale de France.<\/em><\/figcaption><\/figure>\n\n\n\n<p><\/p>\n","protected":false},"excerpt":{"rendered":"<p>N\u00e9 le 8 Janvier 1763, Jean-Baptiste Drouet est un r\u00e9volutionnaire fran\u00e7ais. D\u00e9put\u00e9 de la Marne entre 1792 et 1795, il devient ensuite d\u00e9put\u00e9 du conseil des Cinq-Cents (l\u2019une des deux assembl\u00e9es l\u00e9gislatives du Directoire) de 1795 \u00e0 1799. Il est notamment connu pour avoir grandement particip\u00e9 \u00e0 l\u2019arrestation du roi Louis XVI en 1791. C\u2019est &hellip; <\/p>\n<p class=\"link-more\"><a href=\"https:\/\/blogs.univ-jfc.fr\/vphn\/jean-baptiste-drouet\/\" class=\"more-link\">Continuer la lecture<span class=\"screen-reader-text\"> de &laquo;&nbsp;Jean Baptiste Drouet&nbsp;&raquo;<\/span><\/a><\/p>\n","protected":false},"author":822,"featured_media":0,"parent":0,"menu_order":0,"comment_status":"closed","ping_status":"closed","template":"","meta":[],"_links":{"self":[{"href":"https:\/\/blogs.univ-jfc.fr\/vphn\/wp-json\/wp\/v2\/pages\/10162"}],"collection":[{"href":"https:\/\/blogs.univ-jfc.fr\/vphn\/wp-json\/wp\/v2\/pages"}],"about":[{"href":"https:\/\/blogs.univ-jfc.fr\/vphn\/wp-json\/wp\/v2\/types\/page"}],"author":[{"embeddable":true,"href":"https:\/\/blogs.univ-jfc.fr\/vphn\/wp-json\/wp\/v2\/users\/822"}],"replies":[{"embeddable":true,"href":"https:\/\/blogs.univ-jfc.fr\/vphn\/wp-json\/wp\/v2\/comments?post=10162"}],"version-history":[{"count":2,"href":"https:\/\/blogs.univ-jfc.fr\/vphn\/wp-json\/wp\/v2\/pages\/10162\/revisions"}],"predecessor-version":[{"id":10173,"href":"https:\/\/blogs.univ-jfc.fr\/vphn\/wp-json\/wp\/v2\/pages\/10162\/revisions\/10173"}],"wp:attachment":[{"href":"https:\/\/blogs.univ-jfc.fr\/vphn\/wp-json\/wp\/v2\/media?parent=10162"}],"curies":[{"name":"wp","href":"https:\/\/api.w.org\/{rel}","templated":true}]}}

<p>Né le 8 Janvier 1763, Jean-Baptiste Drouet est un révolutionnaire français.</p>



<p>Député de la Marne entre 1792 et 1795, il devient ensuite député du conseil des Cinq-Cents (l’une des deux assemblées législatives du Directoire) de 1795 à 1799.</p>



<p>Il est notamment connu pour avoir grandement participé à l’arrestation du roi Louis XVI en 1791.</p>



<p>C’est avec le titre de sous-préfet de Sainte-Menehould, qu’il occupe de 1800 à 1814, qu’il prend part à la bataille des Pyrénées en prenant la tête des troupes françaises durant la bataille de Maya.</p>



<figure class="wp-block-image size-large is-resized"><img loading="lazy" src="https://blogs.univ-jfc.fr/vphn/wp-content/uploads/sites/65/2022/01/image.png" alt="" class="wp-image-10163" width="211" height="257" /><figcaption><br><em>Jean-Baptiste Drouet, (estampe ,anonyme, 1791),Bibliothèque nationale de France.</em></figcaption></figure>



<p></p>

<p>Né le 8 Janvier 1763, Jean-Baptiste Drouet est un révolutionnaire français. Député de la Marne entre 1792 et 1795, il devient ensuite député du conseil des Cinq-Cents (l’une des deux assemblées législatives du Directoire) de 1795 à 1799. Il est notamment connu pour avoir grandement participé à l’arrestation du roi Louis XVI en 1791. C’est &hellip; </p>
<p class="link-more"><a href="https://blogs.univ-jfc.fr/vphn/jean-baptiste-drouet/" class="more-link">Continuer la lecture<span class="screen-reader-text"> de &laquo;&nbsp;Jean Baptiste Drouet&nbsp;&raquo;</span></a></p>
