{"id":10260,"date":"2022-02-03T12:04:19","date_gmt":"2022-02-03T11:04:19","guid":{"rendered":"http:\/\/blogs.univ-jfc.fr\/vphn\/?page_id=10260"},"modified":"2022-02-03T20:04:05","modified_gmt":"2022-02-03T19:04:05","slug":"bibliographie-7","status":"publish","type":"page","link":"https:\/\/blogs.univ-jfc.fr\/vphn\/bibliographie-7\/","title":{"rendered":"Bibliographie"},"content":{"rendered":"\n<p>MESSENGER C., <em>Atlas de la Seconde Guerre mondiale : Europe, <\/em>Paris, Ed. Autrement, 1999, p. 166-171.<\/p>\n\n\n\n<p>AGLAN A., <em>Chapitre VII. Configurations de guerre civile 1943-1944<\/em>, <em>La France \u00e0 l\u2019envers<\/em>, 2020, p. 437-499.<\/p>\n\n\n\n<p>&nbsp;MEYER A., <em>L\u2019occupation allemande en France : 1940-1944, <\/em>Toulouse, Ed. Privat , 2002, p. 239.<\/p>\n\n\n\n<p>JACKSON J., <em>La France sous l\u2019occupation : 1940-1944<\/em>, Paris, Ed. Flammarion, 2013, vol. 1 p. 459-618.<\/p>\n\n\n\n<p>Comit\u00e9 d\u00e9partemental des associations de la r\u00e9sistance et de la d\u00e9portation, <em>Le Tarn dans la Deuxi\u00e8me Guerre mondiale\u00a0<\/em>, inconnu (ed.), 1997, p. 174.<\/p>\n\n\n\n<p>PENAUD G.,<em> Histoire secr\u00e8te de la r\u00e9sistance dans le sud-ouest,<\/em> Bordeaux, Ed. Sud Ouest, 2011.<\/p>\n\n\n\n<p>ERMOSILLA V., \u00ab La r\u00e9sistance juive dans le Tarn \u00bb, <em>Le Monde Juif<\/em>, 1994, n\u00b0 152, p. 46-61.<\/p>\n","protected":false},"excerpt":{"rendered":"<p>MESSENGER C., Atlas de la Seconde Guerre mondiale : Europe, Paris, Ed. Autrement, 1999, p. 166-171. AGLAN A., Chapitre VII. Configurations de guerre civile 1943-1944, La France \u00e0 l\u2019envers, 2020, p. 437-499. &nbsp;MEYER A., L\u2019occupation allemande en France : 1940-1944, Toulouse, Ed. Privat , 2002, p. 239. JACKSON J., La France sous l\u2019occupation : 1940-1944, &hellip; <\/p>\n<p class=\"link-more\"><a href=\"https:\/\/blogs.univ-jfc.fr\/vphn\/bibliographie-7\/\" class=\"more-link\">Continuer la lecture<span class=\"screen-reader-text\"> de &laquo;&nbsp;Bibliographie&nbsp;&raquo;<\/span><\/a><\/p>\n","protected":false},"author":825,"featured_media":0,"parent":0,"menu_order":0,"comment_status":"closed","ping_status":"closed","template":"","meta":[],"_links":{"self":[{"href":"https:\/\/blogs.univ-jfc.fr\/vphn\/wp-json\/wp\/v2\/pages\/10260"}],"collection":[{"href":"https:\/\/blogs.univ-jfc.fr\/vphn\/wp-json\/wp\/v2\/pages"}],"about":[{"href":"https:\/\/blogs.univ-jfc.fr\/vphn\/wp-json\/wp\/v2\/types\/page"}],"author":[{"embeddable":true,"href":"https:\/\/blogs.univ-jfc.fr\/vphn\/wp-json\/wp\/v2\/users\/825"}],"replies":[{"embeddable":true,"href":"https:\/\/blogs.univ-jfc.fr\/vphn\/wp-json\/wp\/v2\/comments?post=10260"}],"version-history":[{"count":3,"href":"https:\/\/blogs.univ-jfc.fr\/vphn\/wp-json\/wp\/v2\/pages\/10260\/revisions"}],"predecessor-version":[{"id":10307,"href":"https:\/\/blogs.univ-jfc.fr\/vphn\/wp-json\/wp\/v2\/pages\/10260\/revisions\/10307"}],"wp:attachment":[{"href":"https:\/\/blogs.univ-jfc.fr\/vphn\/wp-json\/wp\/v2\/media?parent=10260"}],"curies":[{"name":"wp","href":"https:\/\/api.w.org\/{rel}","templated":true}]}}