{"id":10425,"date":"2022-02-08T13:52:33","date_gmt":"2022-02-08T12:52:33","guid":{"rendered":"http:\/\/blogs.univ-jfc.fr\/vphn\/?page_id=10425"},"modified":"2022-02-08T13:52:33","modified_gmt":"2022-02-08T12:52:33","slug":"honore-charles-reille","status":"publish","type":"page","link":"https:\/\/blogs.univ-jfc.fr\/vphn\/honore-charles-reille\/","title":{"rendered":"Honor\u00e9 Charles Reille :"},"content":{"rendered":"\n<p>N\u00e9 le 1<sup>er<\/sup> Septembre 1775, Honor\u00e9-Charles Reille est un g\u00e9n\u00e9ral fran\u00e7ais de la R\u00e9volution et de l\u2019Empire. Il est \u00e9lev\u00e9 au rang de mar\u00e9chal de France par Louis-Philippe.<\/p>\n\n\n\n<p>Il dirige durant la bataille des Pyr\u00e9n\u00e9es l\u2019aile droite de l\u2019arm\u00e9e Fran\u00e7aise.<br>Il obtient de nombreuses distinctions notamment\u00a0: Grand-Croix de la L\u00e9gion d\u2019honneur, Ordre de la Couronne de fer et Grand-croix de l\u2019ordre de la r\u00e9union.<\/p>\n\n\n\n<figure class=\"wp-block-image size-large\"><img loading=\"lazy\" width=\"333\" height=\"400\" src=\"https:\/\/blogs.univ-jfc.fr\/vphn\/wp-content\/uploads\/sites\/65\/2022\/02\/image-4.png\" alt=\"\" class=\"wp-image-10426\" srcset=\"https:\/\/blogs.univ-jfc.fr\/vphn\/wp-content\/uploads\/sites\/65\/2022\/02\/image-4.png 333w, https:\/\/blogs.univ-jfc.fr\/vphn\/wp-content\/uploads\/sites\/65\/2022\/02\/image-4-250x300.png 250w\" sizes=\"(max-width: 333px) 100vw, 333px\" \/><figcaption><br><em>Honor\u00e9 Charles comte Reille 1775-1860 g\u00e9n\u00e9ral d&rsquo;Empire Napol\u00e9on GRAVURE 1883 conserv\u00e9e \u00e0 Varna Bulgarie.<\/em><\/figcaption><\/figure>\n\n\n\n<p><\/p>\n","protected":false},"excerpt":{"rendered":"<p>N\u00e9 le 1er Septembre 1775, Honor\u00e9-Charles Reille est un g\u00e9n\u00e9ral fran\u00e7ais de la R\u00e9volution et de l\u2019Empire. Il est \u00e9lev\u00e9 au rang de mar\u00e9chal de France par Louis-Philippe. Il dirige durant la bataille des Pyr\u00e9n\u00e9es l\u2019aile droite de l\u2019arm\u00e9e Fran\u00e7aise.Il obtient de nombreuses distinctions notamment\u00a0: Grand-Croix de la L\u00e9gion d\u2019honneur, Ordre de la Couronne de &hellip; <\/p>\n<p class=\"link-more\"><a href=\"https:\/\/blogs.univ-jfc.fr\/vphn\/honore-charles-reille\/\" class=\"more-link\">Continuer la lecture<span class=\"screen-reader-text\"> de &laquo;&nbsp;Honor\u00e9 Charles Reille :&nbsp;&raquo;<\/span><\/a><\/p>\n","protected":false},"author":822,"featured_media":0,"parent":0,"menu_order":0,"comment_status":"closed","ping_status":"closed","template":"","meta":[],"_links":{"self":[{"href":"https:\/\/blogs.univ-jfc.fr\/vphn\/wp-json\/wp\/v2\/pages\/10425"}],"collection":[{"href":"https:\/\/blogs.univ-jfc.fr\/vphn\/wp-json\/wp\/v2\/pages"}],"about":[{"href":"https:\/\/blogs.univ-jfc.fr\/vphn\/wp-json\/wp\/v2\/types\/page"}],"author":[{"embeddable":true,"href":"https:\/\/blogs.univ-jfc.fr\/vphn\/wp-json\/wp\/v2\/users\/822"}],"replies":[{"embeddable":true,"href":"https:\/\/blogs.univ-jfc.fr\/vphn\/wp-json\/wp\/v2\/comments?post=10425"}],"version-history":[{"count":1,"href":"https:\/\/blogs.univ-jfc.fr\/vphn\/wp-json\/wp\/v2\/pages\/10425\/revisions"}],"predecessor-version":[{"id":10427,"href":"https:\/\/blogs.univ-jfc.fr\/vphn\/wp-json\/wp\/v2\/pages\/10425\/revisions\/10427"}],"wp:attachment":[{"href":"https:\/\/blogs.univ-jfc.fr\/vphn\/wp-json\/wp\/v2\/media?parent=10425"}],"curies":[{"name":"wp","href":"https:\/\/api.w.org\/{rel}","templated":true}]}}

Honoré Charles Reille :

<p>Né le 1<sup>er</sup> Septembre 1775, Honoré-Charles Reille est un général français de la Révolution et de l’Empire. Il est élevé au rang de maréchal de France par Louis-Philippe.</p>



<p>Il dirige durant la bataille des Pyrénées l’aile droite de l’armée Française.<br>Il obtient de nombreuses distinctions notamment : Grand-Croix de la Légion d’honneur, Ordre de la Couronne de fer et Grand-croix de l’ordre de la réunion.</p>



<figure class="wp-block-image size-large"><img loading="lazy" width="333" height="400" src="https://blogs.univ-jfc.fr/vphn/wp-content/uploads/sites/65/2022/02/image-4.png" alt="" class="wp-image-10426" srcset="https://blogs.univ-jfc.fr/vphn/wp-content/uploads/sites/65/2022/02/image-4.png 333w, https://blogs.univ-jfc.fr/vphn/wp-content/uploads/sites/65/2022/02/image-4-250x300.png 250w" sizes="(max-width: 333px) 100vw, 333px" /><figcaption><br><em>Honoré Charles comte Reille 1775-1860 général d&rsquo;Empire Napoléon GRAVURE 1883 conservée à Varna Bulgarie.</em></figcaption></figure>



<p></p>

<p>Né le 1er Septembre 1775, Honoré-Charles Reille est un général français de la Révolution et de l’Empire. Il est élevé au rang de maréchal de France par Louis-Philippe. Il dirige durant la bataille des Pyrénées l’aile droite de l’armée Française.Il obtient de nombreuses distinctions notamment : Grand-Croix de la Légion d’honneur, Ordre de la Couronne de &hellip; </p>
<p class="link-more"><a href="https://blogs.univ-jfc.fr/vphn/honore-charles-reille/" class="more-link">Continuer la lecture<span class="screen-reader-text"> de &laquo;&nbsp;Honoré Charles Reille :&nbsp;&raquo;</span></a></p>
