{"id":10433,"date":"2022-02-08T13:54:41","date_gmt":"2022-02-08T12:54:41","guid":{"rendered":"http:\/\/blogs.univ-jfc.fr\/vphn\/?page_id=10433"},"modified":"2022-02-08T13:54:41","modified_gmt":"2022-02-08T12:54:41","slug":"francisco-da-silveira","status":"publish","type":"page","link":"https:\/\/blogs.univ-jfc.fr\/vphn\/francisco-da-silveira\/","title":{"rendered":"Francisco Da Silveira :"},"content":{"rendered":"\n<p>Francisco da Silveira Pinto da Fonseca Teixeira n\u00e9 le 1er septembre 1763 est le comte d\u2019Amarante (ville portugaise), et un militaire portugais. Il obtient le grade de brigadier, ainsi que de lieutenant-g\u00e9n\u00e9ral, et combat contre les forces napol\u00e9oniennes durant la bataille de Vitoria.<\/p>\n\n\n\n<figure class=\"wp-block-image size-large\"><img loading=\"lazy\" width=\"220\" height=\"301\" src=\"https:\/\/blogs.univ-jfc.fr\/vphn\/wp-content\/uploads\/sites\/65\/2022\/02\/image-6.png\" alt=\"\" class=\"wp-image-10434\" \/><figcaption><em>Portrait du g\u00e9n\u00e9ral Silveira comte d\u2019Amarante, XIXe si\u00e8cle.<\/em><\/figcaption><\/figure>\n","protected":false},"excerpt":{"rendered":"<p>Francisco da Silveira Pinto da Fonseca Teixeira n\u00e9 le 1er septembre 1763 est le comte d\u2019Amarante (ville portugaise), et un militaire portugais. Il obtient le grade de brigadier, ainsi que de lieutenant-g\u00e9n\u00e9ral, et combat contre les forces napol\u00e9oniennes durant la bataille de Vitoria.<\/p>\n","protected":false},"author":822,"featured_media":0,"parent":0,"menu_order":0,"comment_status":"closed","ping_status":"closed","template":"","meta":[],"_links":{"self":[{"href":"https:\/\/blogs.univ-jfc.fr\/vphn\/wp-json\/wp\/v2\/pages\/10433"}],"collection":[{"href":"https:\/\/blogs.univ-jfc.fr\/vphn\/wp-json\/wp\/v2\/pages"}],"about":[{"href":"https:\/\/blogs.univ-jfc.fr\/vphn\/wp-json\/wp\/v2\/types\/page"}],"author":[{"embeddable":true,"href":"https:\/\/blogs.univ-jfc.fr\/vphn\/wp-json\/wp\/v2\/users\/822"}],"replies":[{"embeddable":true,"href":"https:\/\/blogs.univ-jfc.fr\/vphn\/wp-json\/wp\/v2\/comments?post=10433"}],"version-history":[{"count":1,"href":"https:\/\/blogs.univ-jfc.fr\/vphn\/wp-json\/wp\/v2\/pages\/10433\/revisions"}],"predecessor-version":[{"id":10435,"href":"https:\/\/blogs.univ-jfc.fr\/vphn\/wp-json\/wp\/v2\/pages\/10433\/revisions\/10435"}],"wp:attachment":[{"href":"https:\/\/blogs.univ-jfc.fr\/vphn\/wp-json\/wp\/v2\/media?parent=10433"}],"curies":[{"name":"wp","href":"https:\/\/api.w.org\/{rel}","templated":true}]}}

<p>Francisco da Silveira Pinto da Fonseca Teixeira né le 1er septembre 1763 est le comte d’Amarante (ville portugaise), et un militaire portugais. Il obtient le grade de brigadier, ainsi que de lieutenant-général, et combat contre les forces napoléoniennes durant la bataille de Vitoria.</p>



<figure class="wp-block-image size-large"><img loading="lazy" width="220" height="301" src="https://blogs.univ-jfc.fr/vphn/wp-content/uploads/sites/65/2022/02/image-6.png" alt="" class="wp-image-10434" /><figcaption><em>Portrait du général Silveira comte d’Amarante, XIXe siècle.</em></figcaption></figure>

<p>Francisco da Silveira Pinto da Fonseca Teixeira né le 1er septembre 1763 est le comte d’Amarante (ville portugaise), et un militaire portugais. Il obtient le grade de brigadier, ainsi que de lieutenant-général, et combat contre les forces napoléoniennes durant la bataille de Vitoria.</p>
