{"id":10437,"date":"2022-02-08T13:56:22","date_gmt":"2022-02-08T12:56:22","guid":{"rendered":"http:\/\/blogs.univ-jfc.fr\/vphn\/?page_id=10437"},"modified":"2022-02-08T13:56:22","modified_gmt":"2022-02-08T12:56:22","slug":"pablo-morillo","status":"publish","type":"page","link":"https:\/\/blogs.univ-jfc.fr\/vphn\/pablo-morillo\/","title":{"rendered":"Pablo Morillo :"},"content":{"rendered":"\n<p>Connu comme le <em>Pacificador<\/em>, comte de Carthag\u00e8ne et marquis de la Puerta, il est un militaire espagnol qui participe aux guerres de la R\u00e9volution fran\u00e7aise, aux guerres napol\u00e9oniennes et \u00e0 la guerre d\u2019ind\u00e9pendance espagnole.<br>A la suite de la bataille des Pyr\u00e9n\u00e9es, il est gouverneur et capitaine g\u00e9n\u00e9ral du Venezuela jusqu\u2019en 1816.<\/p>\n\n\n\n<figure class=\"wp-block-image size-large\"><img loading=\"lazy\" width=\"280\" height=\"337\" src=\"https:\/\/blogs.univ-jfc.fr\/vphn\/wp-content\/uploads\/sites\/65\/2022\/02\/image-7.png\" alt=\"\" class=\"wp-image-10438\" srcset=\"https:\/\/blogs.univ-jfc.fr\/vphn\/wp-content\/uploads\/sites\/65\/2022\/02\/image-7.png 280w, https:\/\/blogs.univ-jfc.fr\/vphn\/wp-content\/uploads\/sites\/65\/2022\/02\/image-7-249x300.png 249w\" sizes=\"(max-width: 280px) 100vw, 280px\" \/><figcaption><em>G\u00e9n\u00e9ral Pablo Morillo<\/em> <em>Horace Vernet, 1820-1822<\/em> <em>Mus\u00e9e de l&rsquo;Ermitage<\/em>.<\/figcaption><\/figure>\n","protected":false},"excerpt":{"rendered":"<p>Connu comme le Pacificador, comte de Carthag\u00e8ne et marquis de la Puerta, il est un militaire espagnol qui participe aux guerres de la R\u00e9volution fran\u00e7aise, aux guerres napol\u00e9oniennes et \u00e0 la guerre d\u2019ind\u00e9pendance espagnole.A la suite de la bataille des Pyr\u00e9n\u00e9es, il est gouverneur et capitaine g\u00e9n\u00e9ral du Venezuela jusqu\u2019en 1816.<\/p>\n","protected":false},"author":822,"featured_media":0,"parent":0,"menu_order":0,"comment_status":"closed","ping_status":"closed","template":"","meta":[],"_links":{"self":[{"href":"https:\/\/blogs.univ-jfc.fr\/vphn\/wp-json\/wp\/v2\/pages\/10437"}],"collection":[{"href":"https:\/\/blogs.univ-jfc.fr\/vphn\/wp-json\/wp\/v2\/pages"}],"about":[{"href":"https:\/\/blogs.univ-jfc.fr\/vphn\/wp-json\/wp\/v2\/types\/page"}],"author":[{"embeddable":true,"href":"https:\/\/blogs.univ-jfc.fr\/vphn\/wp-json\/wp\/v2\/users\/822"}],"replies":[{"embeddable":true,"href":"https:\/\/blogs.univ-jfc.fr\/vphn\/wp-json\/wp\/v2\/comments?post=10437"}],"version-history":[{"count":1,"href":"https:\/\/blogs.univ-jfc.fr\/vphn\/wp-json\/wp\/v2\/pages\/10437\/revisions"}],"predecessor-version":[{"id":10439,"href":"https:\/\/blogs.univ-jfc.fr\/vphn\/wp-json\/wp\/v2\/pages\/10437\/revisions\/10439"}],"wp:attachment":[{"href":"https:\/\/blogs.univ-jfc.fr\/vphn\/wp-json\/wp\/v2\/media?parent=10437"}],"curies":[{"name":"wp","href":"https:\/\/api.w.org\/{rel}","templated":true}]}}

<p>Connu comme le <em>Pacificador</em>, comte de Carthagène et marquis de la Puerta, il est un militaire espagnol qui participe aux guerres de la Révolution française, aux guerres napoléoniennes et à la guerre d’indépendance espagnole.<br>A la suite de la bataille des Pyrénées, il est gouverneur et capitaine général du Venezuela jusqu’en 1816.</p>



<figure class="wp-block-image size-large"><img loading="lazy" width="280" height="337" src="https://blogs.univ-jfc.fr/vphn/wp-content/uploads/sites/65/2022/02/image-7.png" alt="" class="wp-image-10438" srcset="https://blogs.univ-jfc.fr/vphn/wp-content/uploads/sites/65/2022/02/image-7.png 280w, https://blogs.univ-jfc.fr/vphn/wp-content/uploads/sites/65/2022/02/image-7-249x300.png 249w" sizes="(max-width: 280px) 100vw, 280px" /><figcaption><em>Général Pablo Morillo</em> <em>Horace Vernet, 1820-1822</em> <em>Musée de l&rsquo;Ermitage</em>.</figcaption></figure>

<p>Connu comme le Pacificador, comte de Carthagène et marquis de la Puerta, il est un militaire espagnol qui participe aux guerres de la Révolution française, aux guerres napoléoniennes et à la guerre d’indépendance espagnole.A la suite de la bataille des Pyrénées, il est gouverneur et capitaine général du Venezuela jusqu’en 1816.</p>
