{"id":11941,"date":"2023-03-29T11:21:10","date_gmt":"2023-03-29T09:21:10","guid":{"rendered":"http:\/\/blogs.univ-jfc.fr\/vphn\/?page_id=11941"},"modified":"2023-03-29T11:22:01","modified_gmt":"2023-03-29T09:22:01","slug":"biographie-piri-reis","status":"publish","type":"page","link":"https:\/\/blogs.univ-jfc.fr\/vphn\/biographie-piri-reis\/","title":{"rendered":"Piri Reis"},"content":{"rendered":"\n<p>Piri Reis serait vraisemblablement n\u00e9 entre 1465 et 1470, car on sait qu\u2019il participe avec son oncle, Kemal Reis, \u00e0 la bataille de Modon, lors de laquelle il aurait eu entre 30 et 35 ans. Celle-ci prend place en 1500, et s\u2019inscrit dans le cadre de la deuxi\u00e8me guerre opposant la r\u00e9publique de Venise et ses alli\u00e9s aux Ottomans (1499-1503).<\/p>\n\n\n\n<p>N\u00e9 \u00e0 Gallipoli, dans la p\u00e9ninsule du m\u00eame nom situ\u00e9e dans la Turquie actuelle, plus pr\u00e9cis\u00e9ment en Thrace Orientale, sous le nom de Ibn Haji Mehmed, il prend le surnom de Piri Reis, <em>piri<\/em> signifiant un ma\u00eetre ou homme exp\u00e9riment\u00e9, et <em>reis<\/em> \u00e9tant titre donn\u00e9 aux capitaines de navire.<\/p>\n\n\n\n<p>\u00c0 la mort de ses parents vers 1480, il commence sa carri\u00e8re de marin sur le navire de Kemal Reis, pirate puis amiral de la flotte ottomane, et ce jusqu\u2019\u00e0 la mort de ce dernier en 1511. Piri retourne alors \u00e0 Gallipoli et se consacre aux \u00e9tudes, et dessine notamment les informations qu\u2019il a r\u00e9colt\u00e9es lors de ses exp\u00e9ditions, il r\u00e9alise en 1513 sa fameuse carte du monde, d\u00e9couverte en 1929 \u00e0 Istanbul.<\/p>\n\n\n\n<p>En 1516, il est de retour en mer prend part \u00e0 la conqu\u00eate ottomane de l\u2019\u00c9gypte, puis en 1522 au Si\u00e8ge de Rhodes, expulsant d\u00e9finitivement l\u2019ordre de Hospitaliers de l\u2019\u00eele, install\u00e9s depuis la perte de St-jean d\u2019Acre en 1291.<\/p>\n\n\n\n<p>En 1547, il est fait Reis (capitaine) de la flotte indienne par Soliman le Magnifique.<br>Seulement, apr\u00e8s les machinations du gouverneur g\u00e9n\u00e9ral de Basra, o\u00f9 Piri avait entrepos\u00e9 ses navires apr\u00e8s la capture de la forteresse de Muscat, Kubat Pasha, qui n\u2019avait pu obtenir une partie du butin r\u00e9colt\u00e9 par Piri, et du gouverneur d\u2019\u00c9gypte, o\u00f9 l\u2019amiral se rendait pour s\u00e9curiser le butin, ce dernier subit un proc\u00e8s en 1554 avant d\u2019\u00eatre ex\u00e9cut\u00e9 sur ordre de Soliman.<\/p>\n","protected":false},"excerpt":{"rendered":"<p>Piri Reis serait vraisemblablement n\u00e9 entre 1465 et 1470, car on sait qu\u2019il participe avec son oncle, Kemal Reis, \u00e0 la bataille de Modon, lors de laquelle il aurait eu entre 30 et 35 ans. Celle-ci prend place en 1500, et s\u2019inscrit dans le cadre de la deuxi\u00e8me guerre opposant la r\u00e9publique de Venise et &hellip; <\/p>\n<p class=\"link-more\"><a href=\"https:\/\/blogs.univ-jfc.fr\/vphn\/biographie-piri-reis\/\" class=\"more-link\">Continuer la lecture<span class=\"screen-reader-text\"> de &laquo;&nbsp;Piri Reis&nbsp;&raquo;<\/span><\/a><\/p>\n","protected":false},"author":1182,"featured_media":0,"parent":0,"menu_order":0,"comment_status":"closed","ping_status":"closed","template":"","meta":[],"_links":{"self":[{"href":"https:\/\/blogs.univ-jfc.fr\/vphn\/wp-json\/wp\/v2\/pages\/11941"}],"collection":[{"href":"https:\/\/blogs.univ-jfc.fr\/vphn\/wp-json\/wp\/v2\/pages"}],"about":[{"href":"https:\/\/blogs.univ-jfc.fr\/vphn\/wp-json\/wp\/v2\/types\/page"}],"author":[{"embeddable":true,"href":"https:\/\/blogs.univ-jfc.fr\/vphn\/wp-json\/wp\/v2\/users\/1182"}],"replies":[{"embeddable":true,"href":"https:\/\/blogs.univ-jfc.fr\/vphn\/wp-json\/wp\/v2\/comments?post=11941"}],"version-history":[{"count":3,"href":"https:\/\/blogs.univ-jfc.fr\/vphn\/wp-json\/wp\/v2\/pages\/11941\/revisions"}],"predecessor-version":[{"id":11944,"href":"https:\/\/blogs.univ-jfc.fr\/vphn\/wp-json\/wp\/v2\/pages\/11941\/revisions\/11944"}],"wp:attachment":[{"href":"https:\/\/blogs.univ-jfc.fr\/vphn\/wp-json\/wp\/v2\/media?parent=11941"}],"curies":[{"name":"wp","href":"https:\/\/api.w.org\/{rel}","templated":true}]}}

<p>Piri Reis serait vraisemblablement né entre 1465 et 1470, car on sait qu’il participe avec son oncle, Kemal Reis, à la bataille de Modon, lors de laquelle il aurait eu entre 30 et 35 ans. Celle-ci prend place en 1500, et s’inscrit dans le cadre de la deuxième guerre opposant la république de Venise et ses alliés aux Ottomans (1499-1503).</p>



<p>Né à Gallipoli, dans la péninsule du même nom située dans la Turquie actuelle, plus précisément en Thrace Orientale, sous le nom de Ibn Haji Mehmed, il prend le surnom de Piri Reis, <em>piri</em> signifiant un maître ou homme expérimenté, et <em>reis</em> étant titre donné aux capitaines de navire.</p>



<p>À la mort de ses parents vers 1480, il commence sa carrière de marin sur le navire de Kemal Reis, pirate puis amiral de la flotte ottomane, et ce jusqu’à la mort de ce dernier en 1511. Piri retourne alors à Gallipoli et se consacre aux études, et dessine notamment les informations qu’il a récoltées lors de ses expéditions, il réalise en 1513 sa fameuse carte du monde, découverte en 1929 à Istanbul.</p>



<p>En 1516, il est de retour en mer prend part à la conquête ottomane de l’Égypte, puis en 1522 au Siège de Rhodes, expulsant définitivement l’ordre de Hospitaliers de l’île, installés depuis la perte de St-jean d’Acre en 1291.</p>



<p>En 1547, il est fait Reis (capitaine) de la flotte indienne par Soliman le Magnifique.<br>Seulement, après les machinations du gouverneur général de Basra, où Piri avait entreposé ses navires après la capture de la forteresse de Muscat, Kubat Pasha, qui n’avait pu obtenir une partie du butin récolté par Piri, et du gouverneur d’Égypte, où l’amiral se rendait pour sécuriser le butin, ce dernier subit un procès en 1554 avant d’être exécuté sur ordre de Soliman.</p>

<p>Piri Reis serait vraisemblablement né entre 1465 et 1470, car on sait qu’il participe avec son oncle, Kemal Reis, à la bataille de Modon, lors de laquelle il aurait eu entre 30 et 35 ans. Celle-ci prend place en 1500, et s’inscrit dans le cadre de la deuxième guerre opposant la république de Venise et &hellip; </p>
<p class="link-more"><a href="https://blogs.univ-jfc.fr/vphn/biographie-piri-reis/" class="more-link">Continuer la lecture<span class="screen-reader-text"> de &laquo;&nbsp;Piri Reis&nbsp;&raquo;</span></a></p>
