{"id":12094,"date":"2023-03-30T13:33:55","date_gmt":"2023-03-30T11:33:55","guid":{"rendered":"http:\/\/blogs.univ-jfc.fr\/vphn\/?page_id=12094"},"modified":"2023-03-30T13:33:55","modified_gmt":"2023-03-30T11:33:55","slug":"bibliographie-10","status":"publish","type":"page","link":"https:\/\/blogs.univ-jfc.fr\/vphn\/bibliographie-10\/","title":{"rendered":"Bibliographie"},"content":{"rendered":"\n<p>ABRAHAM Philippe, <em>Les mines d&rsquo;argent antiques et m\u00e9di\u00e9vales du district minier de Kaymar (nord-ouest de l&rsquo; Aveyron)<\/em> Gallia, tome 57, 2000.<\/p>\n\n\n\n<p>COIFFE Arnaud, Gruat Philippe, Vernhet Alain, <em>\u201cRodez (Segodunum ) et Millau (Condatomagos) dans l\u2019Aveyron : deux exemples d\u2019agglom\u00e9rations gauloises chez les Rut\u00e8nes\u201d, <\/em>Revue arch\u00e9ologique du centre de la France, Paris,\u00a0 2009.<\/p>\n\n\n\n<p>OLIVIER Laurent,\u00a0 <em>Le pays des Celtes<\/em>, Seuil, Paris XIVe, 2018.<\/p>\n\n\n\n<p>SCHAAD Daniel (dir.), Gruat Philippe, Pailler Jean-Marie,<em> Les Rut\u00e8nes; du peuple \u00e0 la cit\u00e9 de l\u2019ind\u00e9pendance \u00e0\u00a0 l\u2019installation dans le cadre romain 150 aC- 100 pC<\/em>, Aquitania, Bordeaux, 2011.\u00a0<\/p>\n","protected":false},"excerpt":{"rendered":"<p>ABRAHAM Philippe, Les mines d&rsquo;argent antiques et m\u00e9di\u00e9vales du district minier de Kaymar (nord-ouest de l&rsquo; Aveyron) Gallia, tome 57, 2000. COIFFE Arnaud, Gruat Philippe, Vernhet Alain, \u201cRodez (Segodunum ) et Millau (Condatomagos) dans l\u2019Aveyron : deux exemples d\u2019agglom\u00e9rations gauloises chez les Rut\u00e8nes\u201d, Revue arch\u00e9ologique du centre de la France, Paris,\u00a0 2009. OLIVIER Laurent,\u00a0 Le &hellip; <\/p>\n<p class=\"link-more\"><a href=\"https:\/\/blogs.univ-jfc.fr\/vphn\/bibliographie-10\/\" class=\"more-link\">Continuer la lecture<span class=\"screen-reader-text\"> de &laquo;&nbsp;Bibliographie&nbsp;&raquo;<\/span><\/a><\/p>\n","protected":false},"author":811,"featured_media":0,"parent":0,"menu_order":0,"comment_status":"closed","ping_status":"closed","template":"","meta":[],"_links":{"self":[{"href":"https:\/\/blogs.univ-jfc.fr\/vphn\/wp-json\/wp\/v2\/pages\/12094"}],"collection":[{"href":"https:\/\/blogs.univ-jfc.fr\/vphn\/wp-json\/wp\/v2\/pages"}],"about":[{"href":"https:\/\/blogs.univ-jfc.fr\/vphn\/wp-json\/wp\/v2\/types\/page"}],"author":[{"embeddable":true,"href":"https:\/\/blogs.univ-jfc.fr\/vphn\/wp-json\/wp\/v2\/users\/811"}],"replies":[{"embeddable":true,"href":"https:\/\/blogs.univ-jfc.fr\/vphn\/wp-json\/wp\/v2\/comments?post=12094"}],"version-history":[{"count":1,"href":"https:\/\/blogs.univ-jfc.fr\/vphn\/wp-json\/wp\/v2\/pages\/12094\/revisions"}],"predecessor-version":[{"id":12113,"href":"https:\/\/blogs.univ-jfc.fr\/vphn\/wp-json\/wp\/v2\/pages\/12094\/revisions\/12113"}],"wp:attachment":[{"href":"https:\/\/blogs.univ-jfc.fr\/vphn\/wp-json\/wp\/v2\/media?parent=12094"}],"curies":[{"name":"wp","href":"https:\/\/api.w.org\/{rel}","templated":true}]}}