{"id":12116,"date":"2023-03-30T13:34:57","date_gmt":"2023-03-30T11:34:57","guid":{"rendered":"http:\/\/blogs.univ-jfc.fr\/vphn\/?page_id=12116"},"modified":"2023-03-30T13:34:57","modified_gmt":"2023-03-30T11:34:57","slug":"laurs","status":"publish","type":"page","link":"https:\/\/blogs.univ-jfc.fr\/vphn\/laurs\/","title":{"rendered":"LAURS :"},"content":{"rendered":"\n<p>La Ligue d\u2019action universitaire r\u00e9publicaine et socialiste est n\u00e9e en 1924, sous la houle d\u2019un \u00e9tudiant en sciences, Paul Ostaya. A l\u2019origine, le LAURS s\u2019est cr\u00e9\u00e9 pour contrer l\u2019Action Fran\u00e7aise qui commen\u00e7ait \u00e0 prendre du terrain dans le quartier latin. Inscrit d\u00e8s 1923, Pierre Mend\u00e8s France a jou\u00e9 un r\u00f4le majeur au sein de cette organisation \u00e9tudiante et en a m\u00eame \u00e9t\u00e9 son Pr\u00e9sident durant plus d\u2019un an. Depuis 1931, la LAURS devient le Cercle d\u2019\u00e9tudiants. Il y a eu de nombreux affrontements avec des \u00e9tudiants royalistes et des membres de l\u2019Action Fran\u00e7aise.<\/p>\n","protected":false},"excerpt":{"rendered":"<p>La Ligue d\u2019action universitaire r\u00e9publicaine et socialiste est n\u00e9e en 1924, sous la houle d\u2019un \u00e9tudiant en sciences, Paul Ostaya. A l\u2019origine, le LAURS s\u2019est cr\u00e9\u00e9 pour contrer l\u2019Action Fran\u00e7aise qui commen\u00e7ait \u00e0 prendre du terrain dans le quartier latin. Inscrit d\u00e8s 1923, Pierre Mend\u00e8s France a jou\u00e9 un r\u00f4le majeur au sein de cette &hellip; <\/p>\n<p class=\"link-more\"><a href=\"https:\/\/blogs.univ-jfc.fr\/vphn\/laurs\/\" class=\"more-link\">Continuer la lecture<span class=\"screen-reader-text\"> de &laquo;&nbsp;LAURS :&nbsp;&raquo;<\/span><\/a><\/p>\n","protected":false},"author":822,"featured_media":0,"parent":0,"menu_order":0,"comment_status":"closed","ping_status":"closed","template":"","meta":[],"_links":{"self":[{"href":"https:\/\/blogs.univ-jfc.fr\/vphn\/wp-json\/wp\/v2\/pages\/12116"}],"collection":[{"href":"https:\/\/blogs.univ-jfc.fr\/vphn\/wp-json\/wp\/v2\/pages"}],"about":[{"href":"https:\/\/blogs.univ-jfc.fr\/vphn\/wp-json\/wp\/v2\/types\/page"}],"author":[{"embeddable":true,"href":"https:\/\/blogs.univ-jfc.fr\/vphn\/wp-json\/wp\/v2\/users\/822"}],"replies":[{"embeddable":true,"href":"https:\/\/blogs.univ-jfc.fr\/vphn\/wp-json\/wp\/v2\/comments?post=12116"}],"version-history":[{"count":1,"href":"https:\/\/blogs.univ-jfc.fr\/vphn\/wp-json\/wp\/v2\/pages\/12116\/revisions"}],"predecessor-version":[{"id":12117,"href":"https:\/\/blogs.univ-jfc.fr\/vphn\/wp-json\/wp\/v2\/pages\/12116\/revisions\/12117"}],"wp:attachment":[{"href":"https:\/\/blogs.univ-jfc.fr\/vphn\/wp-json\/wp\/v2\/media?parent=12116"}],"curies":[{"name":"wp","href":"https:\/\/api.w.org\/{rel}","templated":true}]}}