{"id":12753,"date":"2023-04-21T19:20:22","date_gmt":"2023-04-21T17:20:22","guid":{"rendered":"http:\/\/blogs.univ-jfc.fr\/vphn\/?page_id=12753"},"modified":"2023-04-21T19:42:14","modified_gmt":"2023-04-21T17:42:14","slug":"biographie","status":"publish","type":"page","link":"https:\/\/blogs.univ-jfc.fr\/vphn\/biographie\/","title":{"rendered":"Biographie"},"content":{"rendered":"\n<figure class=\"wp-block-image size-large\"><img loading=\"lazy\" width=\"221\" height=\"228\" src=\"https:\/\/blogs.univ-jfc.fr\/vphn\/wp-content\/uploads\/sites\/65\/2023\/04\/Alphonse.png\" alt=\"\" class=\"wp-image-12754\" \/><figcaption>(Source image : Alphonse Jourdain, repr\u00e9sent\u00e9 dans une lettrine enlumin\u00e9e figurant dans le premier cartulaire de la Cit\u00e9 de Toulouse, r\u00e9alis\u00e9 en 1205, archives municipales de Toulouse)<\/figcaption><\/figure>\n\n\n\n<p><strong>Alphonse Jourdain : <\/strong>Alphonse Jourdain est le onzi\u00e8me comte de Toulouse, de Rouergue, d\u2019Albi, du Quercy et de l\u2019Agenais ainsi que duc de Narbonne. C\u2019est le fils de Raymond VI et il devient \u00e0 l\u2019\u00e2ge de 5ans comte gr\u00e2ce \u00e0 son fr\u00e8re Bertrand de Saint Gilles parti en Croisade ou il trouve la mort.<\/p>\n\n\n\n<figure class=\"wp-block-image size-large\"><img loading=\"lazy\" width=\"301\" height=\"318\" src=\"https:\/\/blogs.univ-jfc.fr\/vphn\/wp-content\/uploads\/sites\/65\/2023\/04\/Philippe-auguste.png\" alt=\"\" class=\"wp-image-12755\" srcset=\"https:\/\/blogs.univ-jfc.fr\/vphn\/wp-content\/uploads\/sites\/65\/2023\/04\/Philippe-auguste.png 301w, https:\/\/blogs.univ-jfc.fr\/vphn\/wp-content\/uploads\/sites\/65\/2023\/04\/Philippe-auguste-284x300.png 284w\" sizes=\"(max-width: 301px) 100vw, 301px\" \/><figcaption>( Source image : Enluminure de Philippe Auguste, Sources M\u00e9di\u00e9vale-unblog.fr)<\/figcaption><\/figure>\n\n\n\n<p><strong>Philippe Auguste :<\/strong>Philippe II est le septi\u00e8me roi de la dynastie des cap\u00e9tiens, ayant r\u00e9gn\u00e9 de 1180 \u00e0 1223. Il est le premier roi \u00e0 concevoir son pouvoir au niveau du territoire du royaume de France.<\/p>\n\n\n\n<figure class=\"wp-block-image size-large\"><img loading=\"lazy\" width=\"223\" height=\"226\" src=\"https:\/\/blogs.univ-jfc.fr\/vphn\/wp-content\/uploads\/sites\/65\/2023\/04\/Raymond.png\" alt=\"\" class=\"wp-image-12756\" srcset=\"https:\/\/blogs.univ-jfc.fr\/vphn\/wp-content\/uploads\/sites\/65\/2023\/04\/Raymond.png 223w, https:\/\/blogs.univ-jfc.fr\/vphn\/wp-content\/uploads\/sites\/65\/2023\/04\/Raymond-100x100.png 100w\" sizes=\"(max-width: 223px) 100vw, 223px\" \/><figcaption>( Source image : sceau de Raymond VII, Sigilla)<\/figcaption><\/figure>\n\n\n\n<p><strong>Raymond VII : <\/strong>Raymond VII est un comte de Toulouse, de Saint Gilles, duc de Narbonne, maquis de Gothe et de Provence de 1222 \u00e0 1245. Il est connu pour avoir \u00e9t\u00e9 victorieux au si\u00e8ge du Beaucaire sur Simon de Montfort pendant la croisade albigeoise.<\/p>\n\n\n\n<p><\/p>\n\n\n\n<figure class=\"wp-block-image size-large\"><img loading=\"lazy\" width=\"224\" height=\"225\" src=\"https:\/\/blogs.univ-jfc.fr\/vphn\/wp-content\/uploads\/sites\/65\/2023\/04\/Alphonse-1.png\" alt=\"\" class=\"wp-image-12759\" srcset=\"https:\/\/blogs.univ-jfc.fr\/vphn\/wp-content\/uploads\/sites\/65\/2023\/04\/Alphonse-1.png 224w, https:\/\/blogs.univ-jfc.fr\/vphn\/wp-content\/uploads\/sites\/65\/2023\/04\/Alphonse-1-150x150.png 150w, https:\/\/blogs.univ-jfc.fr\/vphn\/wp-content\/uploads\/sites\/65\/2023\/04\/Alphonse-1-100x100.png 100w\" sizes=\"(max-width: 224px) 100vw, 224px\" \/><figcaption>( Source image : Sceau Alphonse de Poitiers, Sigilla)<\/figcaption><\/figure>\n\n\n\n<p><strong>Alphonse de Poitiers<\/strong><strong> :<\/strong> Alphonse de Poitiers est un prince cap\u00e9tien, puisqu\u2019il est le fr\u00e8re du roi Saint Louis. Il est comte de Potiers et d\u2019Auvergne de 1241 \u00e0 1271, puis de Toulouse en 1249 jusqu\u2019\u00e0 sa mort en 1271 gr\u00e2ce \u00e0 son mariage avec Jeanne, la fille du comte de Toulouse.<\/p>\n\n\n\n<p><\/p>\n","protected":false},"excerpt":{"rendered":"<p>Alphonse Jourdain : Alphonse Jourdain est le onzi\u00e8me comte de Toulouse, de Rouergue, d\u2019Albi, du Quercy et de l\u2019Agenais ainsi que duc de Narbonne. C\u2019est le fils de Raymond VI et il devient \u00e0 l\u2019\u00e2ge de 5ans comte gr\u00e2ce \u00e0 son fr\u00e8re Bertrand de Saint Gilles parti en Croisade ou il trouve la mort. Philippe &hellip; <\/p>\n<p class=\"link-more\"><a href=\"https:\/\/blogs.univ-jfc.fr\/vphn\/biographie\/\" class=\"more-link\">Continuer la lecture<span class=\"screen-reader-text\"> de &laquo;&nbsp;Biographie&nbsp;&raquo;<\/span><\/a><\/p>\n","protected":false},"author":871,"featured_media":0,"parent":0,"menu_order":0,"comment_status":"closed","ping_status":"closed","template":"","meta":[],"_links":{"self":[{"href":"https:\/\/blogs.univ-jfc.fr\/vphn\/wp-json\/wp\/v2\/pages\/12753"}],"collection":[{"href":"https:\/\/blogs.univ-jfc.fr\/vphn\/wp-json\/wp\/v2\/pages"}],"about":[{"href":"https:\/\/blogs.univ-jfc.fr\/vphn\/wp-json\/wp\/v2\/types\/page"}],"author":[{"embeddable":true,"href":"https:\/\/blogs.univ-jfc.fr\/vphn\/wp-json\/wp\/v2\/users\/871"}],"replies":[{"embeddable":true,"href":"https:\/\/blogs.univ-jfc.fr\/vphn\/wp-json\/wp\/v2\/comments?post=12753"}],"version-history":[{"count":2,"href":"https:\/\/blogs.univ-jfc.fr\/vphn\/wp-json\/wp\/v2\/pages\/12753\/revisions"}],"predecessor-version":[{"id":12777,"href":"https:\/\/blogs.univ-jfc.fr\/vphn\/wp-json\/wp\/v2\/pages\/12753\/revisions\/12777"}],"wp:attachment":[{"href":"https:\/\/blogs.univ-jfc.fr\/vphn\/wp-json\/wp\/v2\/media?parent=12753"}],"curies":[{"name":"wp","href":"https:\/\/api.w.org\/{rel}","templated":true}]}}