{"id":13381,"date":"2024-04-15T09:46:18","date_gmt":"2024-04-15T07:46:18","guid":{"rendered":"http:\/\/blogs.univ-jfc.fr\/vphn\/?page_id=13381"},"modified":"2024-04-15T10:45:14","modified_gmt":"2024-04-15T08:45:14","slug":"definitions-2","status":"publish","type":"page","link":"https:\/\/blogs.univ-jfc.fr\/vphn\/definitions-2\/","title":{"rendered":"D\u00e9finitions"},"content":{"rendered":"\n<p><strong>R\u00e9gime totalitaire<\/strong> : Syst\u00e8me politique dans lequel il n\u2019existe qu\u2019un parti unique. Le gouvernement d\u00e9tient un pouvoir sur la vie et l&rsquo;ensemble des activit\u00e9s de ses citoyens, ces derniers sont ainsi priv\u00e9s de droits et de libert\u00e9s.\u00a0<\/p>\n\n\n\n<p><strong>Un g\u00e9nocide<\/strong> : Actions visant \u00e0 l&rsquo;\u00e9limination physique d&rsquo;un groupe national, ethnique ou religieux.<\/p>\n\n\n\n<p><strong>Le proc\u00e8s de Nuremberg<\/strong> : Tribunal militaire international qui s\u2019est d\u00e9roul\u00e9 apr\u00e8s la Seconde Guerre mondiale de 1945 \u00e0 1946. Ce proc\u00e8s consiste \u00e0 accuser et punir les crimes de guerre et de conspiration contre l\u2019humanit\u00e9 effectu\u00e9s par les nazis.\u00a0<\/p>\n\n\n\n<p><strong>L\u2019Organisation des Nations Unies<\/strong> (composition) : L&rsquo;ONU est compos\u00e9e d&rsquo;une Assembl\u00e9e g\u00e9n\u00e9rale, du Conseil de s\u00e9curit\u00e9 et le Conseil \u00e9conomique et social. Parmi les membres permanents du Conseil de s\u00e9curit\u00e9, qui d\u00e9tiennent un droit de v\u00e9to, il y a la Chine, les Etats-Unis, la F\u00e9d\u00e9ration de Russie, la France et le Royaume-Uni.<\/p>\n\n\n\n<p><strong>La R\u00e9sistance<\/strong> : Lutte et actions clandestines organis\u00e9es par des groupes de membres r\u00e9sistants contre les politiques nazies sous l&rsquo;Occupation fran\u00e7aise. <\/p>\n\n\n\n<p><strong>Les camps de concentration<\/strong> : Camp rassemblant des individus consid\u00e9r\u00e9s comme ennemis qui vivent dans des conditions de vie pr\u00e9caires et r\u00e9alisent des travaux forc\u00e9s.<\/p>\n\n\n\n<p><strong>Le Reich<\/strong> : Ici, r\u00e9f\u00e9rence au Troisi\u00e8me Reich de 1933 \u00e0 1945, ce terme d\u00e9signe l&rsquo;Etat nazi. <\/p>\n\n\n\n<p><em><strong>L&rsquo;Oeuvre de secours aux enfants juifs<\/strong><\/em>  : Association cr\u00e9\u00e9e en 1912 en France visant la protection des enfants juifs pers\u00e9cut\u00e9s. <\/p>\n\n\n\n<p><em><strong>L&rsquo;Association des anciens d\u00e9port\u00e9s de la r\u00e9sistance juive en France<\/strong><\/em> : Association\u00a0rapportant tous les itin\u00e9raires et les raisons des d\u00e9portations des anciens d\u00e9port\u00e9s.<\/p>\n\n\n\n<p><strong>L&rsquo;endoctrinement<\/strong> : Action visant \u00e0 imposer une doctrine ou des r\u00e8gles de conduite \u00e0 un autre individu. <\/p>\n\n\n\n<p><strong>Le n\u00e9gationnisme<\/strong> : Doctrine niant le g\u00e9nocide juif durant la Seconde Guerre mondiale.<\/p>\n\n\n\n<p><strong>La Gestapo<\/strong> : Police politique de l&rsquo;Etat nazi.<\/p>\n\n\n\n<p><strong>Le sionisme<\/strong> : Doctrine d\u00e9fendant la cr\u00e9ation d&rsquo;un foyer national juif dans lequel le peuple pourra disposer de lui-m\u00eame.<\/p>\n","protected":false},"excerpt":{"rendered":"<p>R\u00e9gime totalitaire : Syst\u00e8me politique dans lequel il n\u2019existe qu\u2019un parti unique. Le gouvernement d\u00e9tient un pouvoir sur la vie et l&rsquo;ensemble des activit\u00e9s de ses citoyens, ces derniers sont ainsi priv\u00e9s de droits et de libert\u00e9s.\u00a0 Un g\u00e9nocide : Actions visant \u00e0 l&rsquo;\u00e9limination physique d&rsquo;un groupe national, ethnique ou religieux. Le proc\u00e8s de Nuremberg &hellip; <\/p>\n<p class=\"link-more\"><a href=\"https:\/\/blogs.univ-jfc.fr\/vphn\/definitions-2\/\" class=\"more-link\">Continuer la lecture<span class=\"screen-reader-text\"> de &laquo;&nbsp;D\u00e9finitions&nbsp;&raquo;<\/span><\/a><\/p>\n","protected":false},"author":1190,"featured_media":0,"parent":0,"menu_order":0,"comment_status":"closed","ping_status":"closed","template":"","meta":[],"_links":{"self":[{"href":"https:\/\/blogs.univ-jfc.fr\/vphn\/wp-json\/wp\/v2\/pages\/13381"}],"collection":[{"href":"https:\/\/blogs.univ-jfc.fr\/vphn\/wp-json\/wp\/v2\/pages"}],"about":[{"href":"https:\/\/blogs.univ-jfc.fr\/vphn\/wp-json\/wp\/v2\/types\/page"}],"author":[{"embeddable":true,"href":"https:\/\/blogs.univ-jfc.fr\/vphn\/wp-json\/wp\/v2\/users\/1190"}],"replies":[{"embeddable":true,"href":"https:\/\/blogs.univ-jfc.fr\/vphn\/wp-json\/wp\/v2\/comments?post=13381"}],"version-history":[{"count":6,"href":"https:\/\/blogs.univ-jfc.fr\/vphn\/wp-json\/wp\/v2\/pages\/13381\/revisions"}],"predecessor-version":[{"id":13741,"href":"https:\/\/blogs.univ-jfc.fr\/vphn\/wp-json\/wp\/v2\/pages\/13381\/revisions\/13741"}],"wp:attachment":[{"href":"https:\/\/blogs.univ-jfc.fr\/vphn\/wp-json\/wp\/v2\/media?parent=13381"}],"curies":[{"name":"wp","href":"https:\/\/api.w.org\/{rel}","templated":true}]}}