{"id":13549,"date":"2024-04-04T10:54:41","date_gmt":"2024-04-04T08:54:41","guid":{"rendered":"http:\/\/blogs.univ-jfc.fr\/vphn\/?page_id=13549"},"modified":"2024-04-04T10:54:41","modified_gmt":"2024-04-04T08:54:41","slug":"bibliographie-11","status":"publish","type":"page","link":"https:\/\/blogs.univ-jfc.fr\/vphn\/bibliographie-11\/","title":{"rendered":"Bibliographie"},"content":{"rendered":"\n<p>ALEXANDRE-BIDON Dani\u00e8le, MANE Perrine, WILMART Micka\u00ebl, \u201cVignes et vins au Moyen \u00c2ge. Pratiques sociales, \u00e9conomie et culture mat\u00e9rielle\u201d, 2014, Vol. 12, 12.<\/p>\n\n\n\n<p>EL MOSTAIN Abdelhak, \u201cEt l\u2019alambic cr\u00e9a l\u2019eau de vie : Retour sur l\u2019histoire technique de l\u2019alambic\u201d,<em> e-Pha\u00efstos<\/em>, 2022, 1, 1<\/p>\n\n\n\n<p>FERRAND Guilhem, \u201cLes vignes du comte d\u2019Armagnac en Rouergue \u00e0 la fin du Moyen \u00c2ge\u201d, p. 105-118, in LE BRAS St\u00e9phane (dir), <em>Les petits vignobles<\/em>, Tours, Presses universitaires Fran\u00e7ois Rabelais, 206 p.<\/p>\n\n\n\n<p>GUYOTJEANNIN Olivier, <em>Atlas de l&rsquo;histoire de France : IXe-XVe si\u00e8cle. La France m\u00e9di\u00e9vale, IXe-XVe si\u00e8cle<\/em>, Paris, Editions Autrement, 2005, Autrement. S\u00e9rie Atlas. M\u00e9moires, 103 p.<\/p>\n\n\n\n<p>SOURBADERE Gilbert, \u201cL\u2019Armagnac en qu\u00eate de ses racines\u201d, In :<em> L\u2019armagnac : un produit, un pays<\/em>, Toulouse, Toulouse : Presses universitaires du Mirail, 1993, p.26-29.<\/p>\n\n\n\n<p>PILLEBOUE Jean, \u201cUn produit, une fili\u00e8re, un pays\u201d, In : <em>L\u2019Armagnac : un produit, un pays, <\/em>Toulouse, Toulouse : Presses universitaires du Mirail, 1993, p. 39-48.<\/p>\n","protected":false},"excerpt":{"rendered":"<p>ALEXANDRE-BIDON Dani\u00e8le, MANE Perrine, WILMART Micka\u00ebl, \u201cVignes et vins au Moyen \u00c2ge. Pratiques sociales, \u00e9conomie et culture mat\u00e9rielle\u201d, 2014, Vol. 12, 12. EL MOSTAIN Abdelhak, \u201cEt l\u2019alambic cr\u00e9a l\u2019eau de vie : Retour sur l\u2019histoire technique de l\u2019alambic\u201d, e-Pha\u00efstos, 2022, 1, 1 FERRAND Guilhem, \u201cLes vignes du comte d\u2019Armagnac en Rouergue \u00e0 la fin du &hellip; <\/p>\n<p class=\"link-more\"><a href=\"https:\/\/blogs.univ-jfc.fr\/vphn\/bibliographie-11\/\" class=\"more-link\">Continuer la lecture<span class=\"screen-reader-text\"> de &laquo;&nbsp;Bibliographie&nbsp;&raquo;<\/span><\/a><\/p>\n","protected":false},"author":1475,"featured_media":0,"parent":0,"menu_order":0,"comment_status":"closed","ping_status":"closed","template":"","meta":[],"_links":{"self":[{"href":"https:\/\/blogs.univ-jfc.fr\/vphn\/wp-json\/wp\/v2\/pages\/13549"}],"collection":[{"href":"https:\/\/blogs.univ-jfc.fr\/vphn\/wp-json\/wp\/v2\/pages"}],"about":[{"href":"https:\/\/blogs.univ-jfc.fr\/vphn\/wp-json\/wp\/v2\/types\/page"}],"author":[{"embeddable":true,"href":"https:\/\/blogs.univ-jfc.fr\/vphn\/wp-json\/wp\/v2\/users\/1475"}],"replies":[{"embeddable":true,"href":"https:\/\/blogs.univ-jfc.fr\/vphn\/wp-json\/wp\/v2\/comments?post=13549"}],"version-history":[{"count":2,"href":"https:\/\/blogs.univ-jfc.fr\/vphn\/wp-json\/wp\/v2\/pages\/13549\/revisions"}],"predecessor-version":[{"id":13551,"href":"https:\/\/blogs.univ-jfc.fr\/vphn\/wp-json\/wp\/v2\/pages\/13549\/revisions\/13551"}],"wp:attachment":[{"href":"https:\/\/blogs.univ-jfc.fr\/vphn\/wp-json\/wp\/v2\/media?parent=13549"}],"curies":[{"name":"wp","href":"https:\/\/api.w.org\/{rel}","templated":true}]}}