{"id":14612,"date":"2025-04-10T10:14:02","date_gmt":"2025-04-10T08:14:02","guid":{"rendered":"http:\/\/blogs.univ-jfc.fr\/vphn\/?page_id=14612"},"modified":"2025-04-10T10:14:03","modified_gmt":"2025-04-10T08:14:03","slug":"bibliographie-les-temoiganges-de-la-shoah","status":"publish","type":"page","link":"https:\/\/blogs.univ-jfc.fr\/vphn\/bibliographie-les-temoiganges-de-la-shoah\/","title":{"rendered":"Bibliographie : les t\u00e9moiganges de la Shoah"},"content":{"rendered":"\n<p>Fran\u00e7ois AZOUVI, <em>Le mythe du grand silence<\/em>, Gallimard, 2015, 704p.<\/p>\n\n\n\n<p>Alexandre BANDE, <em>Nouvelle histoire de la Shoah<\/em>, Paris, Pass\u00e9s compos\u00e9s, 2021, 350 p.<\/p>\n\n\n\n<p>Anne BERNOU-FIESELER, Fabien THEOFILAKIS, Harold MARCUSE, Olivier LALIEU, <em>Dachau : M\u00e9moire et Histoire de la d\u00e9portation, Regards franco-allemands, <\/em>Tir\u00e9sias, 2006.<\/p>\n\n\n\n<p>Marc BLOCH, <em>L\u2019\u00e9trange d\u00e9faite, T\u00e9moignage \u00e9crit en 1940<\/em>, Paris, Gallimard, 1990, 336 p.<\/p>\n\n\n\n<p>Genevi\u00e8ve DECROP, <em>Des camps au g\u00e9nocide : la politique de l\u2019impensable<\/em>, Grenoble, Presses universitaires de Grenoble, 1995, 240 p.<\/p>\n\n\n\n<p>L\u00e9on PLACEK, Philippe LEGRAND, <em>J\u2019avais 10 ans \u00e0 Bergen-Belsen<\/em>, Paris, Le Cherche-Midi, 2022, 155 p.<\/p>\n\n\n\n<p>Yvonne SALAMON, <em>Je suis n\u00e9e \u00e0 Bergen-Belsen<\/em>, Plon, 2020, 160 p.<\/p>\n\n\n\n<p>Pierre VIDAL\u2013NAQUET, <em>R\u00e9flexions sur le g\u00e9nocide<\/em>, Paris, Biblioth\u00e8ques 10\/18, 1995, 339 p.<\/p>\n\n\n\n<p>Annette WIEVIORKA, <em>L\u2019\u00e8re du t\u00e9moin<\/em>, Pluriel, 1998, 187 p.<\/p>\n\n\n\n<p> <\/p>\n\n\n\n<p><\/p>\n","protected":false},"excerpt":{"rendered":"<p>Fran\u00e7ois AZOUVI, Le mythe du grand silence, Gallimard, 2015, 704p. Alexandre BANDE, Nouvelle histoire de la Shoah, Paris, Pass\u00e9s compos\u00e9s, 2021, 350 p. Anne BERNOU-FIESELER, Fabien THEOFILAKIS, Harold MARCUSE, Olivier LALIEU, Dachau : M\u00e9moire et Histoire de la d\u00e9portation, Regards franco-allemands, Tir\u00e9sias, 2006. Marc BLOCH, L\u2019\u00e9trange d\u00e9faite, T\u00e9moignage \u00e9crit en 1940, Paris, Gallimard, 1990, 336 &hellip; <\/p>\n<p class=\"link-more\"><a href=\"https:\/\/blogs.univ-jfc.fr\/vphn\/bibliographie-les-temoiganges-de-la-shoah\/\" class=\"more-link\">Continuer la lecture<span class=\"screen-reader-text\"> de &laquo;&nbsp;Bibliographie : les t\u00e9moiganges de la Shoah&nbsp;&raquo;<\/span><\/a><\/p>\n","protected":false},"author":1471,"featured_media":0,"parent":0,"menu_order":0,"comment_status":"closed","ping_status":"closed","template":"","meta":[],"_links":{"self":[{"href":"https:\/\/blogs.univ-jfc.fr\/vphn\/wp-json\/wp\/v2\/pages\/14612"}],"collection":[{"href":"https:\/\/blogs.univ-jfc.fr\/vphn\/wp-json\/wp\/v2\/pages"}],"about":[{"href":"https:\/\/blogs.univ-jfc.fr\/vphn\/wp-json\/wp\/v2\/types\/page"}],"author":[{"embeddable":true,"href":"https:\/\/blogs.univ-jfc.fr\/vphn\/wp-json\/wp\/v2\/users\/1471"}],"replies":[{"embeddable":true,"href":"https:\/\/blogs.univ-jfc.fr\/vphn\/wp-json\/wp\/v2\/comments?post=14612"}],"version-history":[{"count":2,"href":"https:\/\/blogs.univ-jfc.fr\/vphn\/wp-json\/wp\/v2\/pages\/14612\/revisions"}],"predecessor-version":[{"id":14615,"href":"https:\/\/blogs.univ-jfc.fr\/vphn\/wp-json\/wp\/v2\/pages\/14612\/revisions\/14615"}],"wp:attachment":[{"href":"https:\/\/blogs.univ-jfc.fr\/vphn\/wp-json\/wp\/v2\/media?parent=14612"}],"curies":[{"name":"wp","href":"https:\/\/api.w.org\/{rel}","templated":true}]}}