{"id":14668,"date":"2025-04-11T15:51:39","date_gmt":"2025-04-11T13:51:39","guid":{"rendered":"http:\/\/blogs.univ-jfc.fr\/vphn\/?page_id=14668"},"modified":"2025-04-11T15:51:39","modified_gmt":"2025-04-11T13:51:39","slug":"pausanias","status":"publish","type":"page","link":"https:\/\/blogs.univ-jfc.fr\/vphn\/pausanias\/","title":{"rendered":"Pausanias"},"content":{"rendered":"\n<p>Ecrivain et voyageur grec n\u00e9 au d\u00e9but du IIe si\u00e8cle. Il a re\u00e7u une  formation classique dans une grande cit\u00e9 grecque d&rsquo;Asie. Son \u0153uvre , la <em>P\u00e9ri\u00e9g\u00e8se de la Gr\u00e8ce<\/em>, est un guide de voyage \u00e9rudit, historique et mythologique en dix livres, r\u00e9dig\u00e9 entre 150 et 175. Il y d\u00e9crit  les sanctuaires, statues, rites et traditions de la Gr\u00e8ce continentale. <\/p>\n","protected":false},"excerpt":{"rendered":"<p>Ecrivain et voyageur grec n\u00e9 au d\u00e9but du IIe si\u00e8cle. Il a re\u00e7u une formation classique dans une grande cit\u00e9 grecque d&rsquo;Asie. Son \u0153uvre , la P\u00e9ri\u00e9g\u00e8se de la Gr\u00e8ce, est un guide de voyage \u00e9rudit, historique et mythologique en dix livres, r\u00e9dig\u00e9 entre 150 et 175. Il y d\u00e9crit les sanctuaires, statues, rites et &hellip; <\/p>\n<p class=\"link-more\"><a href=\"https:\/\/blogs.univ-jfc.fr\/vphn\/pausanias\/\" class=\"more-link\">Continuer la lecture<span class=\"screen-reader-text\"> de &laquo;&nbsp;Pausanias&nbsp;&raquo;<\/span><\/a><\/p>\n","protected":false},"author":1730,"featured_media":0,"parent":0,"menu_order":0,"comment_status":"closed","ping_status":"closed","template":"","meta":[],"_links":{"self":[{"href":"https:\/\/blogs.univ-jfc.fr\/vphn\/wp-json\/wp\/v2\/pages\/14668"}],"collection":[{"href":"https:\/\/blogs.univ-jfc.fr\/vphn\/wp-json\/wp\/v2\/pages"}],"about":[{"href":"https:\/\/blogs.univ-jfc.fr\/vphn\/wp-json\/wp\/v2\/types\/page"}],"author":[{"embeddable":true,"href":"https:\/\/blogs.univ-jfc.fr\/vphn\/wp-json\/wp\/v2\/users\/1730"}],"replies":[{"embeddable":true,"href":"https:\/\/blogs.univ-jfc.fr\/vphn\/wp-json\/wp\/v2\/comments?post=14668"}],"version-history":[{"count":1,"href":"https:\/\/blogs.univ-jfc.fr\/vphn\/wp-json\/wp\/v2\/pages\/14668\/revisions"}],"predecessor-version":[{"id":14669,"href":"https:\/\/blogs.univ-jfc.fr\/vphn\/wp-json\/wp\/v2\/pages\/14668\/revisions\/14669"}],"wp:attachment":[{"href":"https:\/\/blogs.univ-jfc.fr\/vphn\/wp-json\/wp\/v2\/media?parent=14668"}],"curies":[{"name":"wp","href":"https:\/\/api.w.org\/{rel}","templated":true}]}}