{"id":1521,"date":"2018-02-15T09:08:26","date_gmt":"2018-02-15T08:08:26","guid":{"rendered":"http:\/\/blogs.univ-jfc.fr\/vphn\/?page_id=1521"},"modified":"2018-02-15T09:27:59","modified_gmt":"2018-02-15T08:27:59","slug":"bibliographie","status":"publish","type":"page","link":"https:\/\/blogs.univ-jfc.fr\/vphn\/patrimoine-immateriel\/lapogee-de-lindustrie-mazametaine-au-xixeme-siecle-2017\/bibliographie\/","title":{"rendered":"Bibliographie"},"content":{"rendered":"<blockquote>\n<p align=\"justify\">DEROUSSEAU Bruno. Le d\u00e9lainage \u00e0 Mazamet. In:<em> Revue g\u00e9ographique des Pyr\u00e9n\u00e9es et du Sud-Ouest<\/em>, tome 41, fascicule 3-4, 1970. pp. 347-362<\/p>\n<blockquote>\n<p align=\"justify\">BRENAC Ren\u00e9, \u00ab\u00a0Les industries de Mazamet\u00a0\u00bb. <em>Revue g\u00e9ographique des Pyr\u00e9n\u00e9es et du Sud-Ouest <\/em>, tome 3, fascicule 1, 1932. p64-82.<\/p>\n<\/blockquote>\n<blockquote>\n<p align=\"justify\">CAZALS R\u00e9my, \u00ab\u00a0En Languedoc lainier (1750-1950)\u00a0: r\u00e9flexion sur la conscience de place\u00a0\u00bb , Les Solidarit\u00e9s, le lien social dans tous ses \u00e9tats, dir de Pierre Guillaume, Bordeaux, MSH d\u2019Aquitaine, 2001, p. 153-169.<\/p>\n<\/blockquote>\n<blockquote>\n<p align=\"justify\">CAZALS, R\u00e9my, Cinq si\u00e8cles de travail de la laine : Mazamet, 1500-2000, Portet-sur-Garonne, 2010.<\/p>\n<blockquote>\n<p align=\"justify\">CAZALS R\u00e9my, Histoire de Castres, Mazamet, La Montagne. Toulouse, Privat. 1992. p.320.<\/p>\n<blockquote>\n<p align=\"justify\">CAZALS R\u00e9my,\u00a0Cinq si\u00e8cles de paysages industriels \u00e0 Mazamet, publications du centre universitaire du Luxembourg, Leboutte Ren\u00e9 et Lehners Jean-Paul, 1997, p. 121-140.<\/p>\n<blockquote>\n<p align=\"justify\">CAZALS R\u00e9my, Les r\u00e9volutions industrielles \u00e0 Mazamet\u00a0: 1750-1900. Paris, F. Maspero;Toulouse. Privat. 1983\u00a0; p.298<\/p>\n<blockquote>\n<p align=\"justify\">CAZALS R\u00e9my, T\u00e9moignages sur la vie ouvri\u00e8re \u00e0 Mazamet avant 1914. Carcassonne, FAOL\u00a0; 1979. p.51<\/p>\n<blockquote>\n<p align=\"justify\">BRUAND Yves, PEYRUSSE Louis, MARSILI Jo\u00eblle, Les demeures d&rsquo;industriels \u00e0 Mazamet, 1880-1930 : architecture et symbolique\u00a0; M\u00e9moire\u00a0: Histoire de l&rsquo;art\u00a0: Toulouse 2. 1992.<\/p>\n<\/blockquote>\n<\/blockquote>\n<\/blockquote>\n<\/blockquote>\n<\/blockquote>\n<\/blockquote>\n","protected":false},"excerpt":{"rendered":"<p>DEROUSSEAU Bruno. Le d\u00e9lainage \u00e0 Mazamet. In: Revue g\u00e9ographique des Pyr\u00e9n\u00e9es et du Sud-Ouest, tome 41, fascicule 3-4, 1970. pp. 347-362 BRENAC Ren\u00e9, \u00ab\u00a0Les industries de Mazamet\u00a0\u00bb. Revue g\u00e9ographique des Pyr\u00e9n\u00e9es et du Sud-Ouest , tome 3, fascicule 1, 1932. p64-82. CAZALS R\u00e9my, \u00ab\u00a0En Languedoc lainier (1750-1950)\u00a0: r\u00e9flexion sur la conscience de place\u00a0\u00bb , Les &hellip; <\/p>\n<p class=\"link-more\"><a href=\"https:\/\/blogs.univ-jfc.fr\/vphn\/patrimoine-immateriel\/lapogee-de-lindustrie-mazametaine-au-xixeme-siecle-2017\/bibliographie\/\" class=\"more-link\">Continuer la lecture<span class=\"screen-reader-text\"> de &laquo;&nbsp;Bibliographie&nbsp;&raquo;<\/span><\/a><\/p>\n","protected":false},"author":273,"featured_media":0,"parent":163,"menu_order":0,"comment_status":"closed","ping_status":"closed","template":"","meta":[],"_links":{"self":[{"href":"https:\/\/blogs.univ-jfc.fr\/vphn\/wp-json\/wp\/v2\/pages\/1521"}],"collection":[{"href":"https:\/\/blogs.univ-jfc.fr\/vphn\/wp-json\/wp\/v2\/pages"}],"about":[{"href":"https:\/\/blogs.univ-jfc.fr\/vphn\/wp-json\/wp\/v2\/types\/page"}],"author":[{"embeddable":true,"href":"https:\/\/blogs.univ-jfc.fr\/vphn\/wp-json\/wp\/v2\/users\/273"}],"replies":[{"embeddable":true,"href":"https:\/\/blogs.univ-jfc.fr\/vphn\/wp-json\/wp\/v2\/comments?post=1521"}],"version-history":[{"count":4,"href":"https:\/\/blogs.univ-jfc.fr\/vphn\/wp-json\/wp\/v2\/pages\/1521\/revisions"}],"predecessor-version":[{"id":1846,"href":"https:\/\/blogs.univ-jfc.fr\/vphn\/wp-json\/wp\/v2\/pages\/1521\/revisions\/1846"}],"up":[{"embeddable":true,"href":"https:\/\/blogs.univ-jfc.fr\/vphn\/wp-json\/wp\/v2\/pages\/163"}],"wp:attachment":[{"href":"https:\/\/blogs.univ-jfc.fr\/vphn\/wp-json\/wp\/v2\/media?parent=1521"}],"curies":[{"name":"wp","href":"https:\/\/api.w.org\/{rel}","templated":true}]}}

<blockquote>
<p align="justify">DEROUSSEAU Bruno. Le délainage à Mazamet. In:<em> Revue géographique des Pyrénées et du Sud-Ouest</em>, tome 41, fascicule 3-4, 1970. pp. 347-362</p>
<blockquote>
<p align="justify">BRENAC René, « Les industries de Mazamet ». <em>Revue géographique des Pyrénées et du Sud-Ouest </em>, tome 3, fascicule 1, 1932. p64-82.</p>
</blockquote>
<blockquote>
<p align="justify">CAZALS Rémy, « En Languedoc lainier (1750-1950) : réflexion sur la conscience de place » , Les Solidarités, le lien social dans tous ses états, dir de Pierre Guillaume, Bordeaux, MSH d’Aquitaine, 2001, p. 153-169.</p>
</blockquote>
<blockquote>
<p align="justify">CAZALS, Rémy, Cinq siècles de travail de la laine : Mazamet, 1500-2000, Portet-sur-Garonne, 2010.</p>
<blockquote>
<p align="justify">CAZALS Rémy, Histoire de Castres, Mazamet, La Montagne. Toulouse, Privat. 1992. p.320.</p>
<blockquote>
<p align="justify">CAZALS Rémy, Cinq siècles de paysages industriels à Mazamet, publications du centre universitaire du Luxembourg, Leboutte René et Lehners Jean-Paul, 1997, p. 121-140.</p>
<blockquote>
<p align="justify">CAZALS Rémy, Les révolutions industrielles à Mazamet : 1750-1900. Paris, F. Maspero;Toulouse. Privat. 1983 ; p.298</p>
<blockquote>
<p align="justify">CAZALS Rémy, Témoignages sur la vie ouvrière à Mazamet avant 1914. Carcassonne, FAOL ; 1979. p.51</p>
<blockquote>
<p align="justify">BRUAND Yves, PEYRUSSE Louis, MARSILI Joëlle, Les demeures d&rsquo;industriels à Mazamet, 1880-1930 : architecture et symbolique ; Mémoire : Histoire de l&rsquo;art : Toulouse 2. 1992.</p>
</blockquote>
</blockquote>
</blockquote>
</blockquote>
</blockquote>
</blockquote>

<p>DEROUSSEAU Bruno. Le délainage à Mazamet. In: Revue géographique des Pyrénées et du Sud-Ouest, tome 41, fascicule 3-4, 1970. pp. 347-362 BRENAC René, « Les industries de Mazamet ». Revue géographique des Pyrénées et du Sud-Ouest , tome 3, fascicule 1, 1932. p64-82. CAZALS Rémy, « En Languedoc lainier (1750-1950) : réflexion sur la conscience de place » , Les &hellip; </p>
<p class="link-more"><a href="https://blogs.univ-jfc.fr/vphn/patrimoine-immateriel/lapogee-de-lindustrie-mazametaine-au-xixeme-siecle-2017/bibliographie/" class="more-link">Continuer la lecture<span class="screen-reader-text"> de &laquo;&nbsp;Bibliographie&nbsp;&raquo;</span></a></p>
