{"id":2172,"date":"2019-01-16T07:24:18","date_gmt":"2019-01-16T06:24:18","guid":{"rendered":"http:\/\/blogs.univ-jfc.fr\/vphn\/?page_id=2172"},"modified":"2020-05-20T14:29:18","modified_gmt":"2020-05-20T12:29:18","slug":"projet-septfonds-2018-2019","status":"publish","type":"page","link":"https:\/\/blogs.univ-jfc.fr\/vphn\/projets-specifiques\/projet-septfonds-2018-2019\/","title":{"rendered":"PROJET SEPTFONDS (2018-2019)"},"content":{"rendered":"<p>En 1939, suite \u00e0 la <i>Retirada <\/i>(l&rsquo;exil des r\u00e9publicains espagnols vaincus par Franco),\u00a0 la France installe plusieurs camps d&rsquo;internement sur son territoire pour accueillir les Espagnols et notamment dans le <a href=\"http:\/\/blogs.univ-jfc.fr\/campsdusudouest\/\" target=\"_blank\" rel=\"noopener noreferrer\">sud-ouest de la France<\/a>.<\/p>\n<figure id=\"attachment_2179\" aria-describedby=\"caption-attachment-2179\" style=\"width: 274px\" class=\"wp-caption alignright\"><img loading=\"lazy\" class=\"wp-image-2179\" src=\"http:\/\/blogs.univ-jfc.fr\/vphn\/wp-content\/uploads\/sites\/65\/2019\/01\/003-Camp-de-Judes\u00a9DandyManchot-300x200.jpg\" alt=\"\" width=\"274\" height=\"182\" srcset=\"https:\/\/blogs.univ-jfc.fr\/vphn\/wp-content\/uploads\/sites\/65\/2019\/01\/003-Camp-de-Judes\u00a9DandyManchot-300x200.jpg 300w, https:\/\/blogs.univ-jfc.fr\/vphn\/wp-content\/uploads\/sites\/65\/2019\/01\/003-Camp-de-Judes\u00a9DandyManchot.jpg 684w\" sizes=\"(max-width: 274px) 100vw, 274px\" \/><figcaption id=\"caption-attachment-2179\" class=\"wp-caption-text\">La cl\u00f4ture reconstitu\u00e9e du camp de Judes \u00e0 Septfonds (Tarn-et-Garonne). \u00a9DandyManchot, 6.12.2018<\/figcaption><\/figure>\n<p>L&rsquo;un d&rsquo;eux est construit \u00e0 Septfonds o\u00f9 des milliers de personnes sont intern\u00e9es. Au gr\u00e9 des divers \u00e9v\u00e9nements de la Deuxi\u00e8me Guerre mondiale, il accueille diff\u00e9rentes cat\u00e9gories d&rsquo;intern\u00e9s et fonctionne jusqu&rsquo;en 1945.<\/p>\n<p>&nbsp;<\/p>\n<p>&nbsp;<\/p>\n<p>Apr\u00e8s-guerre, les 45 baraquements ont \u00e9t\u00e9 d\u00e9truits et la parcelle sur laquelle ils \u00e9taient construits a \u00e9t\u00e9 rendue \u00e0 son propri\u00e9taire. C&rsquo;est aujourd&rsquo;hui un champ qui ne dispose que d&rsquo;un petit m\u00e9morial. La trace physique de ce camp a donc disparu et quand les gens s&rsquo;y rendent, ils se trouvent face \u00e0 un espace vide.<\/p>\n<figure id=\"attachment_2182\" aria-describedby=\"caption-attachment-2182\" style=\"width: 229px\" class=\"wp-caption alignleft\"><img loading=\"lazy\" class=\" wp-image-2182\" src=\"http:\/\/blogs.univ-jfc.fr\/vphn\/wp-content\/uploads\/sites\/65\/2019\/01\/008-Camp-de-Judes\u00a9DandyManchot-1-300x200.jpg\" alt=\"\" width=\"229\" height=\"152\" srcset=\"https:\/\/blogs.univ-jfc.fr\/vphn\/wp-content\/uploads\/sites\/65\/2019\/01\/008-Camp-de-Judes\u00a9DandyManchot-1-300x200.jpg 300w, https:\/\/blogs.univ-jfc.fr\/vphn\/wp-content\/uploads\/sites\/65\/2019\/01\/008-Camp-de-Judes\u00a9DandyManchot-1.jpg 684w\" sizes=\"(max-width: 229px) 100vw, 229px\" \/><figcaption id=\"caption-attachment-2182\" class=\"wp-caption-text\">Baraque reconstitu\u00e9e au camp de Judes \u00a9DandyManchot, 6.12.2018.<\/figcaption><\/figure>\n<figure id=\"attachment_2183\" aria-describedby=\"caption-attachment-2183\" style=\"width: 229px\" class=\"wp-caption alignright\"><img loading=\"lazy\" class=\" wp-image-2183\" src=\"http:\/\/blogs.univ-jfc.fr\/vphn\/wp-content\/uploads\/sites\/65\/2019\/01\/009-Camp-de-Judes\u00a9DandyManchot-300x200.jpg\" alt=\"\" width=\"229\" height=\"152\" srcset=\"https:\/\/blogs.univ-jfc.fr\/vphn\/wp-content\/uploads\/sites\/65\/2019\/01\/009-Camp-de-Judes\u00a9DandyManchot-300x200.jpg 300w, https:\/\/blogs.univ-jfc.fr\/vphn\/wp-content\/uploads\/sites\/65\/2019\/01\/009-Camp-de-Judes\u00a9DandyManchot.jpg 684w\" sizes=\"(max-width: 229px) 100vw, 229px\" \/><figcaption id=\"caption-attachment-2183\" class=\"wp-caption-text\">Deux \u00e9tudiants de Champollion visitent ce qu&rsquo;il reste du camp de Judes \u00a9DandyManchot, 6.12.2018.<\/figcaption><\/figure>\n<p>&nbsp;<\/p>\n<p>&nbsp;<\/p>\n<figure id=\"attachment_2180\" aria-describedby=\"caption-attachment-2180\" style=\"width: 287px\" class=\"wp-caption aligncenter\"><img loading=\"lazy\" class=\" wp-image-2180\" src=\"http:\/\/blogs.univ-jfc.fr\/vphn\/wp-content\/uploads\/sites\/65\/2019\/01\/004-Camp-de-Judes\u00a9DandyManchot.jpg\" alt=\"\" width=\"287\" height=\"191\" \/><figcaption id=\"caption-attachment-2180\" class=\"wp-caption-text\">M. Prades, ancien intern\u00e9 au m\u00e9morial du camp de Judes expliquant\u00a0 aux \u00e9tudiants de l&rsquo;INU Champollion son histoire. \u00a9DandyManchot, 6.12.2018<\/figcaption><\/figure>\n<p>Pour rem\u00e9dier \u00e0 cet effacement physique de la m\u00e9moire, un projet a donc \u00e9t\u00e9 envisag\u00e9 par la <a href=\"https:\/\/www.septfonds-la-mouniere.com\/\" target=\"_blank\" rel=\"noopener noreferrer\">Maison des M\u00e9moires de Septfonds<\/a> : il s&rsquo;agit de cr\u00e9er une application t\u00e9l\u00e9chargeable, depuis le site du camp, qui donnerait acc\u00e8s \u00e0 des personnages fictifs caract\u00e9ristiques des diverses m\u00e9moires de ce camp (m\u00e9moire espagnole, polonaise, autrichienne, m\u00e9moire du personnel du camp, des habitants du camp.).<\/p>\n<figure id=\"attachment_2178\" aria-describedby=\"caption-attachment-2178\" style=\"width: 300px\" class=\"wp-caption aligncenter\"><img loading=\"lazy\" class=\"size-medium wp-image-2178\" src=\"http:\/\/blogs.univ-jfc.fr\/vphn\/wp-content\/uploads\/sites\/65\/2019\/01\/001-La-Mounie\u0300re\u00a9DandyManchot-300x200.jpg\" alt=\"\" width=\"300\" height=\"200\" srcset=\"https:\/\/blogs.univ-jfc.fr\/vphn\/wp-content\/uploads\/sites\/65\/2019\/01\/001-La-Mounie\u0300re\u00a9DandyManchot-300x200.jpg 300w, https:\/\/blogs.univ-jfc.fr\/vphn\/wp-content\/uploads\/sites\/65\/2019\/01\/001-La-Mounie\u0300re\u00a9DandyManchot.jpg 684w\" sizes=\"(max-width: 300px) 100vw, 300px\" \/><figcaption id=\"caption-attachment-2178\" class=\"wp-caption-text\">Margot Nicolle faisant visiter la Maison des m\u00e9moires de Setfonds aux \u00e9tudiants de Champollion. \u00a9DandyManchot, 6.12.2018.<\/figcaption><\/figure>\n<p>Pour r\u00e9aliser cette application (volet technique), des \u00e9l\u00e8ves du BTS informatique de Caussade ont \u00e9t\u00e9 sollicit\u00e9s. Pour r\u00e9aliser les scenarii fictifs (volet historique), des \u00e9l\u00e8ves de la licence d&rsquo;histoire de l&rsquo;INU Champollion sont mobilis\u00e9s depuis septembre 2018. Outre leurs enseignants, ils sont accompagn\u00e9s par diff\u00e9rents corps de m\u00e9tiers : un sc\u00e9nariste, des graphistes et sp\u00e9cialistes de l&rsquo;ergonomie des applications num\u00e9riques<a href=\"https:\/\/www.ozon-cooperer.org\/#accueil\" target=\"_blank\" rel=\"noopener noreferrer\"> de la Scop Ozon<\/a>, un informaticien (pour les \u00e9l\u00e8ves de BTS), une historienne, <a href=\"https:\/\/fr.wikipedia.org\/wiki\/Genevi%C3%A8ve_Dreyfus-Armand\" target=\"_blank\" rel=\"noopener noreferrer\">Mme Genevi\u00e8ve Dreyfus-Armand<\/a>.<\/p>\n<figure id=\"attachment_2177\" aria-describedby=\"caption-attachment-2177\" style=\"width: 537px\" class=\"wp-caption aligncenter\"><img loading=\"lazy\" class=\" wp-image-2177\" src=\"http:\/\/blogs.univ-jfc.fr\/vphn\/wp-content\/uploads\/sites\/65\/2019\/01\/002-La-Mounie\u0300re\u00a9DandyManchot-300x200.jpg\" alt=\"\" width=\"537\" height=\"358\" srcset=\"https:\/\/blogs.univ-jfc.fr\/vphn\/wp-content\/uploads\/sites\/65\/2019\/01\/002-La-Mounie\u0300re\u00a9DandyManchot-300x200.jpg 300w, https:\/\/blogs.univ-jfc.fr\/vphn\/wp-content\/uploads\/sites\/65\/2019\/01\/002-La-Mounie\u0300re\u00a9DandyManchot.jpg 684w\" sizes=\"(max-width: 537px) 100vw, 537px\" \/><figcaption id=\"caption-attachment-2177\" class=\"wp-caption-text\">Les \u00e9tudiants de la licence d&rsquo;histoire Champollion \u00e0 la Maison des M\u00e9moires de Septfonds le 6 d\u00e9cembre 2018 avec une partie de l&rsquo;\u00e9quipe du projet. \u00a9DandyManchot, 6.12.2018.<\/figcaption><\/figure>\n<p>Ce sont des pr\u00e9sentations des diff\u00e9rents personnages fictifs qui sont ici disponibles.<\/p>\n<ul>\n<li><a href=\"http:\/\/blogs.univ-jfc.fr\/vphn\/projets-specifiques\/projet-septfonds-2018-2019\/le-camp\/\"><strong>LE CAMP<\/strong><\/a><\/li>\n<li><a href=\"http:\/\/blogs.univ-jfc.fr\/vphn\/projets-specifiques\/projet-septfonds-2018-2019\/un-garde-du-camp-charles-duval\/\"><strong>UN GARDE DU CAMP \u00ab CHARLES DUVAL \u00bb<\/strong><\/a><\/li>\n<li><a href=\"http:\/\/blogs.univ-jfc.fr\/vphn\/projets-specifiques\/projet-septfonds-2018-2019\/une-habitante-du-village-suzanne\/\"><strong>UNE HABITANTE DU VILLAGE \u00ab SUZANNE \u00bb<\/strong><\/a><\/li>\n<li><a href=\"http:\/\/blogs.univ-jfc.fr\/vphn\/projets-specifiques\/projet-septfonds-2018-2019\/une-jeune-fille-autrichienne-dorigine-juive-sophia\/\"><strong>UNE JEUNE FILLE AUTRICHIENNE D\u2019ORIGINE JUIVE \u00ab\u00a0SOPHIA\u00a0\u00bb<\/strong><\/a><\/li>\n<li><a href=\"http:\/\/blogs.univ-jfc.fr\/vphn\/projets-specifiques\/projet-septfonds-2018-2019\/un-officier-de-larmee-polonaise-maksymillian\/\"><strong>UN OFFICIER DE L\u2019ARM\u00c9E<\/strong><strong> POLONAISE \u00ab MAKSYMILLIAN \u00bb<\/strong><\/a><\/li>\n<li><a href=\"http:\/\/blogs.univ-jfc.fr\/vphn\/projets-specifiques\/projet-septfonds-2018-2019\/un-polonais-de-confession-juive-jacob\/\"><strong>UN POLONAIS DE CONFESSION JUIVE \u00ab JACOB \u00bb<\/strong><\/a><\/li>\n<li><a href=\"http:\/\/blogs.univ-jfc.fr\/vphn\/projets-specifiques\/projet-septfonds-2018-2019\/un-anarchiste-espagnol-alfonso\/\"><strong>UN ANARCHISTE ESPAGNOL\u00ab ALFONSO \u00bb<\/strong><\/a><\/li>\n<li><a href=\"http:\/\/blogs.univ-jfc.fr\/vphn\/projets-specifiques\/projet-septfonds-2018-2019\/une-descendante-despagnol-interne-alejandra\/\"><strong>UNE DESCENDANTE D&rsquo;ESPAGNOL INTERNE \u00ab ALEJANDRA \u00bb<\/strong><\/a><\/li>\n<li><a href=\"http:\/\/blogs.univ-jfc.fr\/vphn\/projets-specifiques\/projet-septfonds-2018-2019\/un-jeune-espagnol-non-politise-angel\/\"><strong>UN JEUNE ESPAGNOL NON POLITISE \u00ab\u00a0ANGEL\u00a0\u00bb<\/strong><\/a><\/li>\n<\/ul>\n","protected":false},"excerpt":{"rendered":"<p>En 1939, suite \u00e0 la Retirada (l&rsquo;exil des r\u00e9publicains espagnols vaincus par Franco),\u00a0 la France installe plusieurs camps d&rsquo;internement sur son territoire pour accueillir les Espagnols et notamment dans le sud-ouest de la France. L&rsquo;un d&rsquo;eux est construit \u00e0 Septfonds o\u00f9 des milliers de personnes sont intern\u00e9es. Au gr\u00e9 des divers \u00e9v\u00e9nements de la Deuxi\u00e8me &hellip; <\/p>\n<p class=\"link-more\"><a href=\"https:\/\/blogs.univ-jfc.fr\/vphn\/projets-specifiques\/projet-septfonds-2018-2019\/\" class=\"more-link\">Continuer la lecture<span class=\"screen-reader-text\"> de &laquo;&nbsp;PROJET SEPTFONDS (2018-2019)&nbsp;&raquo;<\/span><\/a><\/p>\n","protected":false},"author":19,"featured_media":0,"parent":7800,"menu_order":1,"comment_status":"closed","ping_status":"closed","template":"","meta":[],"_links":{"self":[{"href":"https:\/\/blogs.univ-jfc.fr\/vphn\/wp-json\/wp\/v2\/pages\/2172"}],"collection":[{"href":"https:\/\/blogs.univ-jfc.fr\/vphn\/wp-json\/wp\/v2\/pages"}],"about":[{"href":"https:\/\/blogs.univ-jfc.fr\/vphn\/wp-json\/wp\/v2\/types\/page"}],"author":[{"embeddable":true,"href":"https:\/\/blogs.univ-jfc.fr\/vphn\/wp-json\/wp\/v2\/users\/19"}],"replies":[{"embeddable":true,"href":"https:\/\/blogs.univ-jfc.fr\/vphn\/wp-json\/wp\/v2\/comments?post=2172"}],"version-history":[{"count":11,"href":"https:\/\/blogs.univ-jfc.fr\/vphn\/wp-json\/wp\/v2\/pages\/2172\/revisions"}],"predecessor-version":[{"id":2243,"href":"https:\/\/blogs.univ-jfc.fr\/vphn\/wp-json\/wp\/v2\/pages\/2172\/revisions\/2243"}],"up":[{"embeddable":true,"href":"https:\/\/blogs.univ-jfc.fr\/vphn\/wp-json\/wp\/v2\/pages\/7800"}],"wp:attachment":[{"href":"https:\/\/blogs.univ-jfc.fr\/vphn\/wp-json\/wp\/v2\/media?parent=2172"}],"curies":[{"name":"wp","href":"https:\/\/api.w.org\/{rel}","templated":true}]}}