{"id":2225,"date":"2019-01-16T09:42:04","date_gmt":"2019-01-16T08:42:04","guid":{"rendered":"http:\/\/blogs.univ-jfc.fr\/vphn\/?page_id=2225"},"modified":"2019-02-28T08:23:40","modified_gmt":"2019-02-28T07:23:40","slug":"les-petites-filles-modeles-a-verfeil-2018-2019","status":"publish","type":"page","link":"https:\/\/blogs.univ-jfc.fr\/vphn\/patrimoine-et-sites-remarquables\/les-petites-filles-modeles-a-verfeil-2018-2019\/","title":{"rendered":"Les petites filles mod\u00e8les \u00e0 Verfeil [2018-2019]"},"content":{"rendered":"<p align=\"justify\"><span style=\"font-family: Arial, sans-serif\">\u00ab <em>Mes Petites Filles mod\u00e8les ne sont pas une cr\u00e9ation ; elles existent bien r\u00e9ellement : ce sont des portraits ; la preuve en est dans leurs imperfections m\u00eames. Elles ont des d\u00e9fauts, des ombres l\u00e9g\u00e8res qui font ressortir le charme du portrait et attestent l&rsquo;existence du mod\u00e8le. Camille et Madeleine sont une r\u00e9alit\u00e9 dont peut s&rsquo;assurer toute personne qui conna\u00eet l&rsquo;auteur<\/em>. \u00bb Comtesse de S\u00e9gur, Pr\u00e9face des Petites Filles mod\u00e8les, 1858.<br \/>\n<\/span><\/p>\n<p align=\"justify\"><span style=\"font-family: Arial, sans-serif\"><i>Les Petites Filles mod\u00e8les<\/i><\/span><span style=\"font-family: Arial, sans-serif\"> sont le titre d&rsquo;un roman pour enfants, paru en 1858, \u00e9crit par la Comtesse de S\u00e9gur, Sophie Rostopchine (1799-1874) de son vrai nom. Il fait partie d\u2019une trilogie avec <\/span><span style=\"font-family: Arial, sans-serif\"><i>Les Malheurs de Sophie<\/i><\/span><span style=\"font-family: Arial, sans-serif\">, paru la m\u00eame ann\u00e9e et <\/span><span style=\"font-family: Arial, sans-serif\"><i>Les Vacances<\/i><\/span><span style=\"font-family: Arial, sans-serif\">, en 1859 dans la Biblioth\u00e8que des Chemins de Fer aux \u00e9ditions Louis Hachette.<\/span><\/p>\n<figure id=\"attachment_2490\" aria-describedby=\"caption-attachment-2490\" style=\"width: 244px\" class=\"wp-caption aligncenter\"><img loading=\"lazy\" class=\"size-medium wp-image-2490\" src=\"http:\/\/blogs.univ-jfc.fr\/vphn\/wp-content\/uploads\/sites\/65\/2019\/01\/Comtesse-de-S-244x300.jpg\" alt=\"\" width=\"244\" height=\"300\" srcset=\"https:\/\/blogs.univ-jfc.fr\/vphn\/wp-content\/uploads\/sites\/65\/2019\/01\/Comtesse-de-S-244x300.jpg 244w, https:\/\/blogs.univ-jfc.fr\/vphn\/wp-content\/uploads\/sites\/65\/2019\/01\/Comtesse-de-S.jpg 247w\" sizes=\"(max-width: 244px) 100vw, 244px\" \/><figcaption id=\"caption-attachment-2490\" class=\"wp-caption-text\">Portrait de la Comtesse de S\u00e9gur en 1823, par Orest Kiprensky expos\u00e9 au mus\u00e9e Carnavalet \u00e0 Paris<\/figcaption><\/figure>\n<p align=\"justify\"><span style=\"font-family: Arial, sans-serif\">Le roman commence quand Madame de Fleurville et ses deux filles, Camille et Madeleine, rencontrent Madame de Rosebourg et sa fille Marguerite. Cependant, on retrouve aussi le personnage de Sophie, h\u00e9ro\u00efne du roman pr\u00e9c\u00e9dent. Le livre est une succession de petites histoires, contenant une morale, qui vont servir \u00e0 faire \u00e9voluer les personnages et qui sont \u00e9galement destin\u00e9es \u00e0 faire r\u00e9fl\u00e9chir le lecteur.<br \/>\n<\/span><\/p>\n<p align=\"justify\"><span style=\"font-family: Arial, sans-serif\">En r\u00e9alit\u00e9, Camille et Madeleine ont r\u00e9ellement exist\u00e9. Elles \u00e9taient les petites filles de la Comtesse de S\u00e9gur et sont aujourd\u2019hui enterr\u00e9es dans le cimeti\u00e8re de la chapelle Saint-Sernin-des-Rais, situ\u00e9e \u00e0 proximit\u00e9 de la commune de Verfeil dans le d\u00e9partement de Haute-Garonne, dans la r\u00e9gion Occitanie, \u00e0 la limite avec le Tarn.<\/span><\/p>\n<figure id=\"attachment_2495\" aria-describedby=\"caption-attachment-2495\" style=\"width: 300px\" class=\"wp-caption aligncenter\"><img loading=\"lazy\" class=\"size-medium wp-image-2495\" src=\"http:\/\/blogs.univ-jfc.fr\/vphn\/wp-content\/uploads\/sites\/65\/2019\/01\/Verfeil-300x231.jpg\" alt=\"\" width=\"300\" height=\"231\" srcset=\"https:\/\/blogs.univ-jfc.fr\/vphn\/wp-content\/uploads\/sites\/65\/2019\/01\/Verfeil-300x231.jpg 300w, https:\/\/blogs.univ-jfc.fr\/vphn\/wp-content\/uploads\/sites\/65\/2019\/01\/Verfeil.jpg 325w\" sizes=\"(max-width: 300px) 100vw, 300px\" \/><figcaption id=\"caption-attachment-2495\" class=\"wp-caption-text\">Photo de la commune de Verfeil, issue du site internet de la commune<\/figcaption><\/figure>\n<p align=\"justify\"><span style=\"font-family: Arial, sans-serif\"><u>L\u2019histoire de la famille<\/u><\/span><\/p>\n<p align=\"justify\"><span style=\"font-family: Times New Roman, serif\"><span style=\"font-family: Arial, sans-serif\">Sophie Rostopchine, est n\u00e9e le 1<\/span><sup><span style=\"font-family: Arial, sans-serif\">er<\/span><\/sup><span style=\"font-family: Arial, sans-serif\"> ao\u00fbt 1799 \u00e0 Saint-P\u00e9tersbourg en Russie. Elle est la fille de Catherine Protassova (1776-1859), ancienne demoiselle d\u2019honneur de l\u2019imp\u00e9ratrice Catherine II (1729-1796) et de F\u00e9dor Rostopchine (1763-1826), ministre des Affaires \u00e9trang\u00e8res du tsar Paul I<\/span><sup><span style=\"font-family: Arial, sans-serif\">er<\/span><\/sup><span style=\"font-family: Arial, sans-serif\"> (1754-1801).<\/span><\/span><\/p>\n<figure id=\"attachment_2491\" aria-describedby=\"caption-attachment-2491\" style=\"width: 210px\" class=\"wp-caption aligncenter\"><img loading=\"lazy\" class=\"size-full wp-image-2491\" src=\"http:\/\/blogs.univ-jfc.fr\/vphn\/wp-content\/uploads\/sites\/65\/2019\/01\/F\u00e9dor.jpg\" alt=\"\" width=\"210\" height=\"249\" \/><figcaption id=\"caption-attachment-2491\" class=\"wp-caption-text\">Illustration repr\u00e9sentant F\u00e9dor Rostopchine, issue du livre\u00a0<u>Russian portraits of the XVIII<sup>th<\/sup> and XIX<sup>th<\/sup> centuries: Edition of Grand Duke Nicholas Mikhailovich of Russia<\/u><u> <\/u> de 1905<span style=\"color: #ff0000\"><br \/><\/span><\/figcaption><\/figure>\n<p align=\"justify\"><span style=\"font-family: Arial, sans-serif\">Son p\u00e8re est exil\u00e9 par le tsar Alexandre I<\/span><sup><span style=\"font-family: Arial, sans-serif\">er<\/span><\/sup><span style=\"font-family: Arial, sans-serif\"> (1777-1825) car il s\u2019est attir\u00e9 le m\u00e9contentement de la population apr\u00e8s avoir incendi\u00e9 Moscou pour emp\u00eacher les troupes de Napol\u00e9on I<\/span><sup><span style=\"font-family: Arial, sans-serif\">er<\/span><\/sup><span style=\"font-family: Arial, sans-serif\"> (1769-1821) d\u2019entrer dans la ville.<\/span><\/p>\n<p align=\"justify\"><span style=\"font-family: Arial, sans-serif\">Il part donc en France o\u00f9 il am\u00e8ne avec lui sa famille. C\u2019est l\u00e0 que Sophie rencontre Eug\u00e8ne de S\u00e9gur (1798-1863) avec qui elle se marie en 1819 et avec lequel elle aura huit enfants.<\/span><\/p>\n<figure id=\"attachment_2529\" aria-describedby=\"caption-attachment-2529\" style=\"width: 210px\" class=\"wp-caption aligncenter\"><img loading=\"lazy\" class=\"size-medium wp-image-2529\" src=\"http:\/\/blogs.univ-jfc.fr\/vphn\/wp-content\/uploads\/sites\/65\/2019\/01\/419px-Dien_-_Le_comte_de_S\u00e9gur-210x300.jpg\" alt=\"\" width=\"210\" height=\"300\" srcset=\"https:\/\/blogs.univ-jfc.fr\/vphn\/wp-content\/uploads\/sites\/65\/2019\/01\/419px-Dien_-_Le_comte_de_S\u00e9gur-210x300.jpg 210w, https:\/\/blogs.univ-jfc.fr\/vphn\/wp-content\/uploads\/sites\/65\/2019\/01\/419px-Dien_-_Le_comte_de_S\u00e9gur.jpg 419w\" sizes=\"(max-width: 210px) 100vw, 210px\" \/><figcaption id=\"caption-attachment-2529\" class=\"wp-caption-text\">Gravure repr\u00e9sentant le comte Eug\u00e8ne de S\u00e9gur par Claude-Marie-Fran\u00e7ois Dien, lieu de conservation inconnu<span style=\"color: #ff0000\"><br \/><\/span><\/figcaption><\/figure>\n<p align=\"justify\"><span style=\"font-family: Arial, sans-serif\">Son cinqui\u00e8me enfant, Nathalie (1827-1910), se marie avec Paul Martin d\u2019Ayguesvives de Malaret (1820-1886) en 1846, un diplomate de la r\u00e9gion de Toulouse. Elle a quatre enfants dont Camille (1848-1883) et Madeleine (1849-1930).<\/span><\/p>\n<p align=\"justify\"><span style=\"font-family: Arial, sans-serif\">La famille de Malaret est admise \u00e0 la cour de l\u2019empereur Napol\u00e9on III (1808-1873). Nathalie devient ainsi l\u2019une des demoiselles d\u2019honneur de l\u2019imp\u00e9ratrice Eug\u00e9nie (1826-1920) et Paul un haut-fonctionnaire de l\u2019Empire.<\/span><\/p>\n<figure id=\"attachment_2493\" aria-describedby=\"caption-attachment-2493\" style=\"width: 643px\" class=\"wp-caption aligncenter\"><img loading=\"lazy\" class=\"size-full wp-image-2493\" src=\"http:\/\/blogs.univ-jfc.fr\/vphn\/wp-content\/uploads\/sites\/65\/2019\/01\/Im\u00e9ratrice.jpg\" alt=\"\" width=\"643\" height=\"446\" srcset=\"https:\/\/blogs.univ-jfc.fr\/vphn\/wp-content\/uploads\/sites\/65\/2019\/01\/Im\u00e9ratrice.jpg 643w, https:\/\/blogs.univ-jfc.fr\/vphn\/wp-content\/uploads\/sites\/65\/2019\/01\/Im\u00e9ratrice-300x208.jpg 300w\" sizes=\"(max-width: 643px) 100vw, 643px\" \/><figcaption id=\"caption-attachment-2493\" class=\"wp-caption-text\">Eug\u00e9nie, Imp\u00e9ratrice de France et ses demoiselles d&rsquo;honneur en 1855, par Franz Xaver Winterhalter, issu de la collection du Ch\u00e2teau de Compi\u00e8gne<br \/>Nathalie de Malaret est la femme en robe jaune, en haut \u00e0 droite du tableau<span style=\"color: #ff0000\"><br \/><\/span><\/figcaption><\/figure>\n<p align=\"justify\"><span style=\"font-family: Arial, sans-serif\"><u>Le roman<\/u><\/span><\/p>\n<p align=\"justify\"><span style=\"font-family: Arial, sans-serif\">La Comtesse de S\u00e9gur \u00e9crit avant tout pour ses petits-enfants. <\/span><span style=\"font-family: Arial, sans-serif\"><i>Les Nouveaux Contes de f\u00e9es<\/i><\/span><span style=\"font-family: Arial, sans-serif\">, paru en 1856, est un recueil des diff\u00e9rents contes qu\u2019elle \u00e9crit pour eux. Elle r\u00e9dige <\/span><span style=\"font-family: Arial, sans-serif\"><i>Les Petites Filles mod\u00e8les<\/i><\/span><span style=\"font-family: Arial, sans-serif\"> pendant que Camille et Madeleine sont \u00e0 Londres.<\/span><\/p>\n<p>&nbsp;<\/p>\n<figure id=\"attachment_4025\" aria-describedby=\"caption-attachment-4025\" style=\"width: 300px\" class=\"wp-caption aligncenter\"><img loading=\"lazy\" class=\"wp-image-4025 size-medium\" src=\"http:\/\/blogs.univ-jfc.fr\/vphn\/wp-content\/uploads\/sites\/65\/2019\/01\/15-Petites-filles-mode\u0300les-vues-par-Le-Journal-de-la-Mode-300x210.jpg\" alt=\"\" width=\"300\" height=\"210\" srcset=\"https:\/\/blogs.univ-jfc.fr\/vphn\/wp-content\/uploads\/sites\/65\/2019\/01\/15-Petites-filles-mode\u0300les-vues-par-Le-Journal-de-la-Mode-300x210.jpg 300w, https:\/\/blogs.univ-jfc.fr\/vphn\/wp-content\/uploads\/sites\/65\/2019\/01\/15-Petites-filles-mode\u0300les-vues-par-Le-Journal-de-la-Mode.jpg 620w\" sizes=\"(max-width: 300px) 100vw, 300px\" \/><figcaption id=\"caption-attachment-4025\" class=\"wp-caption-text\">Illustration du livre Les Petites Filles Mod\u00e8les scann\u00e9e par R\u00e9gine Salens, publi\u00e9e en 1975<\/figcaption><\/figure>\n<p align=\"justify\"><span style=\"font-family: Arial, sans-serif\">Le roman comporte une forte tendance moralisatrice notamment sur l\u2019\u00e9ducation donn\u00e9e aux enfants. Camille et Madeleine sont les \u00ab\u00a0Petites Filles mod\u00e8les\u00a0\u00bb et sont sages et bien \u00e9duqu\u00e9es, Marguerite de Rosebourg prend le r\u00f4le de la jeune fille non \u00e9duqu\u00e9e et dont la famille de Fleurville sert de mod\u00e8le, tandis que le personnage de Sophie repr\u00e9sente la jeune fille en partie m\u00e9chante \u00e0 cause des mauvais traitements de sa belle-m\u00e8re.<\/span><\/p>\n<figure id=\"attachment_2492\" aria-describedby=\"caption-attachment-2492\" style=\"width: 300px\" class=\"wp-caption aligncenter\"><img loading=\"lazy\" class=\"size-medium wp-image-2492\" src=\"http:\/\/blogs.univ-jfc.fr\/vphn\/wp-content\/uploads\/sites\/65\/2019\/01\/Illustration-300x194.jpg\" alt=\"\" width=\"300\" height=\"194\" srcset=\"https:\/\/blogs.univ-jfc.fr\/vphn\/wp-content\/uploads\/sites\/65\/2019\/01\/Illustration-300x194.jpg 300w, https:\/\/blogs.univ-jfc.fr\/vphn\/wp-content\/uploads\/sites\/65\/2019\/01\/Illustration.jpg 423w\" sizes=\"(max-width: 300px) 100vw, 300px\" \/><figcaption id=\"caption-attachment-2492\" class=\"wp-caption-text\">Illustration de l&rsquo;\u00e9dition 1918 des Petites Filles mod\u00e8les, <em>Chapitre VIII\u00a0: Les h\u00e9rissons<\/em><\/figcaption><\/figure>\n<p align=\"justify\"><span style=\"font-family: Arial, sans-serif\">La Comtesse de S\u00e9gur est en rupture avec son \u00e9poque car elle a une volont\u00e9, non pas d\u2019apprendre aux enfants leur place dans la soci\u00e9t\u00e9, contrairement aux enseignements \u00e0 l\u2019\u00e9cole qui diff\u00e9raient selon le sexe, mais de faire d\u2019eux, d\u2019abord, de bonnes personnes, au sens moral du terme, tel qu&rsquo;elle le concevait alors.<\/span><\/p>\n<p align=\"justify\"><span style=\"font-family: Arial, sans-serif\"><u>Le patrimoine<\/u><\/span><\/p>\n<p align=\"justify\"><span style=\"font-family: Arial, sans-serif\">La famille de la Comtesse poss\u00e8de donc une histoire riche. Cependant, le patrimoine laiss\u00e9 par la famille \u00e0 la commune de Verfeil est tr\u00e8s peu mis en valeur alors que son empreinte existe bien dans le village. L\u2019\u00e9cole primaire et une boutique de fleurs ont des noms qui rappellent ce pass\u00e9, <em>Comtesse de S\u00e9gur <\/em>pour l\u2019\u00e9cole et <em>Petites filles mod\u00e8les<\/em> pour la boutique de fleurs.<br \/>\n<\/span><\/p>\n<p align=\"justify\"><span style=\"font-family: Arial, sans-serif\">Le domaine de Malaret, o\u00f9 ont v\u00e9cu Camille et Madeleine une partie de leur enfance, constitue lui d\u00e9sormais une Soci\u00e9t\u00e9 civile d\u2019exploitation agricole.<\/span><\/p>\n<figure id=\"attachment_4018\" aria-describedby=\"caption-attachment-4018\" style=\"width: 300px\" class=\"wp-caption aligncenter\"><img loading=\"lazy\" class=\"wp-image-4018 size-medium\" src=\"http:\/\/blogs.univ-jfc.fr\/vphn\/wp-content\/uploads\/sites\/65\/2019\/01\/20190224_1404390000000000-300x169.jpg\" alt=\"\" width=\"300\" height=\"169\" srcset=\"https:\/\/blogs.univ-jfc.fr\/vphn\/wp-content\/uploads\/sites\/65\/2019\/01\/20190224_1404390000000000-300x169.jpg 300w, https:\/\/blogs.univ-jfc.fr\/vphn\/wp-content\/uploads\/sites\/65\/2019\/01\/20190224_1404390000000000-768x432.jpg 768w, https:\/\/blogs.univ-jfc.fr\/vphn\/wp-content\/uploads\/sites\/65\/2019\/01\/20190224_1404390000000000-1024x576.jpg 1024w\" sizes=\"(max-width: 300px) 100vw, 300px\" \/><figcaption id=\"caption-attachment-4018\" class=\"wp-caption-text\">Photo du domaine de Malaret (Le b\u00e2timent en rouge) prise par C\u00e9sar Leduc le 23 f\u00e9vrier 2019<\/figcaption><\/figure>\n<p align=\"justify\"><span style=\"font-family: Arial, sans-serif\">Les tombes sont, certes, entretenues mais peu mises en valeur. Elles ne sont signal\u00e9es que par un large panneau au bord de la route <\/span><span style=\"font-family: Arial, sans-serif\">qui <\/span><span style=\"font-family: Arial, sans-serif\">n\u2019a que peu de sens pour les \u00e9trangers \u00e0 la commune.<\/span><\/p>\n<figure id=\"attachment_2494\" aria-describedby=\"caption-attachment-2494\" style=\"width: 300px\" class=\"wp-caption aligncenter\"><img loading=\"lazy\" class=\"size-medium wp-image-2494\" src=\"http:\/\/blogs.univ-jfc.fr\/vphn\/wp-content\/uploads\/sites\/65\/2019\/01\/Tombes-300x154.png\" alt=\"\" width=\"300\" height=\"154\" srcset=\"https:\/\/blogs.univ-jfc.fr\/vphn\/wp-content\/uploads\/sites\/65\/2019\/01\/Tombes-300x154.png 300w, https:\/\/blogs.univ-jfc.fr\/vphn\/wp-content\/uploads\/sites\/65\/2019\/01\/Tombes.png 313w\" sizes=\"(max-width: 300px) 100vw, 300px\" \/><figcaption id=\"caption-attachment-2494\" class=\"wp-caption-text\">Photo prise par un particulier des tombes des Petites Filles mod\u00e8les, situ\u00e9es derri\u00e8re la chapelle Saint-Sernin des Rais<\/figcaption><\/figure>\n<p align=\"justify\"><span style=\"font-family: Arial, sans-serif\">Enfin, il y a un mus\u00e9e dans le centre du village mais celui-ci n\u2019est indiqu\u00e9 par aucune forme de signalisation et, de plus, il est ferm\u00e9 au public. Pour le visiter, il faut l\u2019autorisation de la mairie.<\/span><\/p>\n<p align=\"justify\"><span style=\"font-family: Arial, sans-serif\">Le patrimoine laiss\u00e9 par les Petites Filles mod\u00e8les est historiquement tr\u00e8s int\u00e9ressant, tant sur l\u2019histoire de l\u2019aristocratie europ\u00e9enne du XIX<\/span><sup><span style=\"font-family: Arial, sans-serif\">e<\/span><\/sup><span style=\"font-family: Arial, sans-serif\"> si\u00e8cle que sur l\u2019enseignement des filles ou sur l\u2019histoire de la litt\u00e9rature enfantine. Chaque commune disposant d\u2019une histoire particuli\u00e8re d\u00e9cide ou pas de valoriser cette histoire. Les arbitrages en la mati\u00e8re ne sont pas simples quand il s\u2019agit de petites communes aux ressources limit\u00e9es. A Verfeil, la valorisation est minimale\u00a0; elle pourrait \u00eatre d\u00e9velopp\u00e9e par l\u2019installation d\u2019une aire de jeu et de panneaux explicatifs \u00e0 proximit\u00e9 des tombes, afin que le lieu attire et permette de diffuser l\u2019histoire de la famille\u00a0; d\u2019une ouverture plus grande et plus simple du mus\u00e9e au public dot\u00e9e d\u2019une vraie signal\u00e9tique dans le village et, pourquoi, pas, dans le cadre d\u2019une politique plus ambitieuse, par la cr\u00e9ation <\/span><span style=\"font-family: Arial, sans-serif\">d\u2019un salon du livre pour enfants \u00e0 Verfeil, associ\u00e9 \u00e0 un parcours \u00e9ducatif et patrimonial autour des petites filles mod\u00e8les et ce qu\u2019elles nous disent de l\u2019histoire du XIXe si\u00e8cle.<\/span><\/p>\n<p align=\"justify\">Pour aller plus loin:<\/p>\n<p align=\"justify\"><a href=\"http:\/\/blogs.univ-jfc.fr\/vphn\/bibliographie-les-petites-filles-modeles-a-verfeil-2018-2019\/\">Bibliographie<\/a><\/p>\n<p align=\"justify\"><a href=\"http:\/\/blogs.univ-jfc.fr\/vphn\/sitographie-les-petites-filles-modeles\/\">Sitographie<\/a><\/p>\n<p align=\"justify\"><span style=\"font-family: Arial, sans-serif\">Etudiants\u00a0: Barthuel Maxime, Leduc C\u00e9sar<\/span><\/p>\n","protected":false},"excerpt":{"rendered":"<p>\u00ab Mes Petites Filles mod\u00e8les ne sont pas une cr\u00e9ation ; elles existent bien r\u00e9ellement : ce sont des portraits ; la preuve en est dans leurs imperfections m\u00eames. Elles ont des d\u00e9fauts, des ombres l\u00e9g\u00e8res qui font ressortir le charme du portrait et attestent l&rsquo;existence du mod\u00e8le. Camille et Madeleine sont une r\u00e9alit\u00e9 dont &hellip; <\/p>\n<p class=\"link-more\"><a href=\"https:\/\/blogs.univ-jfc.fr\/vphn\/patrimoine-et-sites-remarquables\/les-petites-filles-modeles-a-verfeil-2018-2019\/\" class=\"more-link\">Continuer la lecture<span class=\"screen-reader-text\"> de &laquo;&nbsp;Les petites filles mod\u00e8les \u00e0 Verfeil [2018-2019]&nbsp;&raquo;<\/span><\/a><\/p>\n","protected":false},"author":19,"featured_media":0,"parent":30,"menu_order":1,"comment_status":"closed","ping_status":"closed","template":"","meta":[],"_links":{"self":[{"href":"https:\/\/blogs.univ-jfc.fr\/vphn\/wp-json\/wp\/v2\/pages\/2225"}],"collection":[{"href":"https:\/\/blogs.univ-jfc.fr\/vphn\/wp-json\/wp\/v2\/pages"}],"about":[{"href":"https:\/\/blogs.univ-jfc.fr\/vphn\/wp-json\/wp\/v2\/types\/page"}],"author":[{"embeddable":true,"href":"https:\/\/blogs.univ-jfc.fr\/vphn\/wp-json\/wp\/v2\/users\/19"}],"replies":[{"embeddable":true,"href":"https:\/\/blogs.univ-jfc.fr\/vphn\/wp-json\/wp\/v2\/comments?post=2225"}],"version-history":[{"count":26,"href":"https:\/\/blogs.univ-jfc.fr\/vphn\/wp-json\/wp\/v2\/pages\/2225\/revisions"}],"predecessor-version":[{"id":4373,"href":"https:\/\/blogs.univ-jfc.fr\/vphn\/wp-json\/wp\/v2\/pages\/2225\/revisions\/4373"}],"up":[{"embeddable":true,"href":"https:\/\/blogs.univ-jfc.fr\/vphn\/wp-json\/wp\/v2\/pages\/30"}],"wp:attachment":[{"href":"https:\/\/blogs.univ-jfc.fr\/vphn\/wp-json\/wp\/v2\/media?parent=2225"}],"curies":[{"name":"wp","href":"https:\/\/api.w.org\/{rel}","templated":true}]}}