{"id":2457,"date":"2019-02-27T14:43:03","date_gmt":"2019-02-27T13:43:03","guid":{"rendered":"http:\/\/blogs.univ-jfc.fr\/vphn\/?page_id=2457"},"modified":"2019-05-07T11:58:11","modified_gmt":"2019-05-07T09:58:11","slug":"la-greve-des-megissiers-graulhetois-de-1910-2018","status":"publish","type":"page","link":"https:\/\/blogs.univ-jfc.fr\/vphn\/histoire-locale\/la-greve-des-megissiers-graulhetois-de-1910-2018\/","title":{"rendered":"La Gr\u00e8ve des m\u00e9gissiers graulh\u00e9tois de 1910 [2018]"},"content":{"rendered":"<h1 align=\"justify\">Introduction<\/h1>\n<p align=\"justify\">En 1910, Graulhet \u00e9tait une position g\u00e9ographique id\u00e9ale pour le travail du cuir, avec la pr\u00e9sence de tanneries d\u00e8s le XVIIIe Si\u00e8cle et <a href=\"http:\/\/blogs.univ-jfc.fr\/vphn\/patrimoine-immateriel\/lapogee-de-lindustrialisation-a-graulhet-2017\/\">l&rsquo;explosion industrielle de la ville<\/a> durant le Second Empire, notamment autour du Dadou.<\/p>\n<h2 align=\"justify\">I) Une chronologie de la gr\u00e8ve<\/h2>\n<p align=\"justify\">Dans les ann\u00e9es 1880, cette puissance industrielle s&rsquo;accompagne de cr\u00e9ation de chambres syndicales importantes dans la main d\u2019\u0153uvre graulh\u00e9toise. Inspir\u00e9e par la gr\u00e8ve de Mazamet de 1909, cette derni\u00e8re impacte directement la production de cuir graulh\u00e9toise, puisqu&rsquo;elle bloque la production de mati\u00e8re premi\u00e8re pour la production\u00a0; elle renforce ainsi une pr\u00e9carit\u00e9 ouvri\u00e8re d\u00e9j\u00e0 importante. C&rsquo;est pour cette raison que, le 4 D\u00e9cembre 1909, les femmes demandent 25 centimes d&rsquo;augmentation \u00e0 la Maison du peuple. Les ouvriers suivent et, par solidarit\u00e9 avec leurs coll\u00e8gues f\u00e9minines, ordonnent la gr\u00e8ve g\u00e9n\u00e9rale le 6.<\/p>\n<figure id=\"attachment_3542\" aria-describedby=\"caption-attachment-3542\" style=\"width: 675px\" class=\"wp-caption aligncenter\"><img loading=\"lazy\" class=\"wp-image-3542 size-full\" src=\"http:\/\/blogs.univ-jfc.fr\/vphn\/wp-content\/uploads\/sites\/65\/2019\/02\/Grand-1-Partie-A-Contexte.png\" alt=\"\" width=\"675\" height=\"484\" srcset=\"https:\/\/blogs.univ-jfc.fr\/vphn\/wp-content\/uploads\/sites\/65\/2019\/02\/Grand-1-Partie-A-Contexte.png 675w, https:\/\/blogs.univ-jfc.fr\/vphn\/wp-content\/uploads\/sites\/65\/2019\/02\/Grand-1-Partie-A-Contexte-300x215.png 300w\" sizes=\"(max-width: 675px) 100vw, 675px\" \/><figcaption id=\"caption-attachment-3542\" class=\"wp-caption-text\">Une m\u00e9gisserie graulh\u00e9toise au bord du Dadou, milieu des ann\u00e9es 20 (Graulhet, Reflet du Pass\u00e9, par la ville de Graulhet)<\/figcaption><\/figure>\n<p align=\"justify\">Les premi\u00e8res violences datent de la fin du m\u00eame mois, justifiant le d\u00e9part des enfants pour des centres d&rsquo;accueil. Malgr\u00e9 une importante pression, les tentatives de n\u00e9gociation de janvier, men\u00e9es tambour battant par Jean Jaur\u00e8s, n&rsquo;aboutiront pas et le mois de f\u00e9vrier, notamment, voit l&rsquo;exacerbation des tensions\u00a0: on observe des poteaux sci\u00e9s et des vitres bris\u00e9es en f\u00e9vrier, et la r\u00e9action patronale, expliquant qu&rsquo;elle se d\u00e9fendra elle-m\u00eame si l\u2019\u00c9tat n&rsquo;est pas capable de le faire, fait empirer la situation. L\u2019\u00c9tat, entre les deux parties, essaie d&rsquo;\u00e9viter la casse mais est accus\u00e9 de jouer un double jeu.<\/p>\n<figure id=\"attachment_3554\" aria-describedby=\"caption-attachment-3554\" style=\"width: 300px\" class=\"wp-caption aligncenter\"><img loading=\"lazy\" class=\"wp-image-3554 size-medium\" src=\"http:\/\/blogs.univ-jfc.fr\/vphn\/wp-content\/uploads\/sites\/65\/2019\/02\/Manifestation-gr\u00e9viste-1er-F\u00e9vrier-1910-300x185.jpg\" alt=\"\" width=\"300\" height=\"185\" srcset=\"https:\/\/blogs.univ-jfc.fr\/vphn\/wp-content\/uploads\/sites\/65\/2019\/02\/Manifestation-gr\u00e9viste-1er-F\u00e9vrier-1910-300x185.jpg 300w, https:\/\/blogs.univ-jfc.fr\/vphn\/wp-content\/uploads\/sites\/65\/2019\/02\/Manifestation-gr\u00e9viste-1er-F\u00e9vrier-1910.jpg 500w\" sizes=\"(max-width: 300px) 100vw, 300px\" \/><figcaption id=\"caption-attachment-3554\" class=\"wp-caption-text\">La manifestation, 1er f\u00e9vrier 1910 (Carte postale, issue du site Natifs50).<\/figcaption><\/figure>\n<p align=\"justify\">La lassitude face \u00e0 la gr\u00e8ve se fait cependant ressentir dans les deux camps, autant pour les ouvriers, sans revenu, que pour les patrons, sans aucun dividende. Totalement stopp\u00e9e, la situation graulh\u00e9toise pousse des ouvriers \u00e0 quitter la ville, tandis que d&rsquo;autres cr\u00e9ent un syndicat pour la reprise du travail, cr\u00e9ant une fracture dans le mouvement. Il est difficile pour un ouvrier de trouver de quoi subvenir \u00e0 ses besoins, puisque d\u00e8s la mi-mars les boulangers ne donnent plus \u00e0 cr\u00e9dit. Les femmes, qui ont initi\u00e9 la gr\u00e8ve, la termineront\u00a0 en d\u00e9cidant de se remettre au travail, suivies par les hommes. Le travail reprend le 2 mai, le lendemain d&rsquo;une f\u00eate du Travail c\u00e9l\u00e9br\u00e9e dans la morosit\u00e9.<\/p>\n<h2 align=\"justify\">II) Une guerre d&rsquo;usure entre les diff\u00e9rentes factions<\/h2>\n<p align=\"justify\">La gr\u00e8ve devenant une guerre d&rsquo;usure, les patrons cherchent des moyens de faire plier l&rsquo;opposition ouvri\u00e8re. Ces moyens alternent entre les concessions (ne pas travailler un samedi apr\u00e8s-midi durant 6 mois par an) et les coups de pression, comme inciter les commer\u00e7ants \u00e0 couper les cr\u00e9dits faits aux ouvriers. Parfois m\u00eame, la police est sollicit\u00e9e afin d&rsquo;inciter les ouvriers \u00e0 revenir au travail. Des strat\u00e9gies \u00ab\u00a0souterraines\u00a0\u00bb sont aussi mises en place\u00a0: Avec l&rsquo;appui de syndicats \u00ab\u00a0jaunes\u00a0\u00bb, c&rsquo;est-\u00e0-dire favorables \u00e0 la reprise du travail, des tracts distribu\u00e9s aux gr\u00e9vistes les enjoindront de retourner \u00e0 l&rsquo;usine.<\/p>\n<p align=\"justify\">Malgr\u00e9 les tentatives patronales, on peut observer qu&rsquo;une v\u00e9ritable solidarit\u00e9 ouvri\u00e8re se met en place. L<span lang=\"fr-FR\">es gr\u00e9vistes sont soutenus par de nombreux acteurs de la vie locale\u00a0: c&rsquo;est le cas des commer\u00e7<\/span><span lang=\"fr-FR\">ants qui leur <\/span><span lang=\"fr-FR\">font des<\/span><span lang=\"fr-FR\"> cr\u00e9dit<\/span><span lang=\"fr-FR\">s<\/span><span lang=\"fr-FR\"> afin de pouvoir se nourrir, <\/span><span lang=\"fr-FR\">permettant<\/span><span lang=\"fr-FR\"> l\u2019\u00e9laboration des soupes communistes. <\/span><span lang=\"fr-FR\">Ils sont \u00e9galement soutenus par des hommes politiques, tels que Vincent Auriol, Calvignac, ou encore Jean Jaur\u00e8s, d\u00e9put\u00e9 du Tarn. Mais la pr\u00e9sence de ces politiques a ses limites, puisque la pr\u00e9sence de Jaur\u00e8s n\u2019a pas permis la r\u00e9ussite des n\u00e9gociations.<\/span><\/p>\n<figure id=\"attachment_3571\" aria-describedby=\"caption-attachment-3571\" style=\"width: 450px\" class=\"wp-caption aligncenter\"><img loading=\"lazy\" class=\"wp-image-3571\" src=\"http:\/\/blogs.univ-jfc.fr\/vphn\/wp-content\/uploads\/sites\/65\/2019\/02\/Jaur\u00e8s-et-le-syndicat-ouvrier-300x195.jpg\" alt=\"\" width=\"450\" height=\"292\" srcset=\"https:\/\/blogs.univ-jfc.fr\/vphn\/wp-content\/uploads\/sites\/65\/2019\/02\/Jaur\u00e8s-et-le-syndicat-ouvrier-300x195.jpg 300w, https:\/\/blogs.univ-jfc.fr\/vphn\/wp-content\/uploads\/sites\/65\/2019\/02\/Jaur\u00e8s-et-le-syndicat-ouvrier.jpg 500w\" sizes=\"(max-width: 450px) 100vw, 450px\" \/><figcaption id=\"caption-attachment-3571\" class=\"wp-caption-text\">Jean Jaur\u00e8s (au centre), entour\u00e9 de membres du syndicat ouvrier, en d\u00e9but janvier 1910 (Graulhet, 1000 ans d&rsquo;Histoire, par Georges Vergnes)<\/figcaption><\/figure>\n<p align=\"justify\">Le conflit s\u2019\u00e9ternisant, et pour \u00e9viter toute \u00e9chauffour\u00e9e, l\u2019\u00c9tat d\u00e9cide donc d\u2019envoyer l\u2019arm\u00e9e. D\u2019une part pour jouer le r\u00f4le d\u2019arbitre entre les deux parties puis d\u2019autre part pour encadrer et faire respecter l\u2019ordre. En effet, comme aucune solution n&rsquo;est trouv\u00e9e entre les deux parties, l&rsquo;arm\u00e9e est d\u00e9sign\u00e9e comme arbitre afin qu&rsquo;une solution soit trouv\u00e9e. Mais l\u2019\u00c9tat d\u00e9cide de l&rsquo;envoyer dans le but que toutes les manifestations soient encadr\u00e9es et escort\u00e9es par des gendarmes \u00e0 pied et \u00e0 cheval. Les rassemblements devenant nombreux et \u00ab agressifs \u00bb les hussards qui \u00e9taient des militaires appartenant \u00e0 la cavalerie l\u00e9g\u00e8re, n\u2019h\u00e9siteront pas \u00e0 charger la foule afin de la disperser. Au final, pr\u00e8s de 3000 soldats et gendarmes ont \u00e9t\u00e9 mobilis\u00e9s pendant le conflit.<\/p>\n<figure id=\"attachment_3575\" aria-describedby=\"caption-attachment-3575\" style=\"width: 400px\" class=\"wp-caption aligncenter\"><img loading=\"lazy\" class=\"wp-image-3575\" src=\"http:\/\/blogs.univ-jfc.fr\/vphn\/wp-content\/uploads\/sites\/65\/2019\/02\/Hussards-de-la-gr\u00e8ve-300x193.jpg\" alt=\"\" width=\"400\" height=\"258\" srcset=\"https:\/\/blogs.univ-jfc.fr\/vphn\/wp-content\/uploads\/sites\/65\/2019\/02\/Hussards-de-la-gr\u00e8ve-300x193.jpg 300w, https:\/\/blogs.univ-jfc.fr\/vphn\/wp-content\/uploads\/sites\/65\/2019\/02\/Hussards-de-la-gr\u00e8ve.jpg 500w\" sizes=\"(max-width: 400px) 100vw, 400px\" \/><figcaption id=\"caption-attachment-3575\" class=\"wp-caption-text\">Des hussards en formation (\u00ab\u00a0Graulhet, reflet du pass\u00e9\u00a0\u00bb, par la Ville de Graulhet)<\/figcaption><\/figure>\n<h2 align=\"justify\">III) Particularit\u00e9s et contributions au mouvement ouvrier<\/h2>\n<p align=\"justify\">Au niveau national, cette gr\u00e8ve ne constitue pas une particularit\u00e9 car elle s&rsquo;inscrit dans mouvement de gr\u00e8ve g\u00e9n\u00e9ral et national. De plus les gr\u00e8ves dans le Midi-Pyr\u00e9n\u00e9es ne constitue qu&rsquo;une infime partie de l&rsquo;ampleur des gr\u00e8ves sur le plan national. Cette faible ampleur s&rsquo;explique par une sous-industrialisation de la r\u00e9gion, le faible d\u00e9veloppement syndical et la pr\u00e9dominance de l&rsquo;artisanat industriel sur la grande industrie. En revanche, les dur\u00e9es des gr\u00e8ves de la r\u00e9gion sont une particularit\u00e9 car elles sont beaucoup plus longues que la moyenne nationale.<\/p>\n<figure id=\"attachment_3590\" aria-describedby=\"caption-attachment-3590\" style=\"width: 525px\" class=\"wp-caption aligncenter\"><img loading=\"lazy\" class=\"wp-image-3590 size-large\" src=\"http:\/\/blogs.univ-jfc.fr\/vphn\/wp-content\/uploads\/sites\/65\/2019\/02\/Image-III-726x1024.jpg\" alt=\"\" width=\"525\" height=\"740\" srcset=\"https:\/\/blogs.univ-jfc.fr\/vphn\/wp-content\/uploads\/sites\/65\/2019\/02\/Image-III-726x1024.jpg 726w, https:\/\/blogs.univ-jfc.fr\/vphn\/wp-content\/uploads\/sites\/65\/2019\/02\/Image-III-213x300.jpg 213w, https:\/\/blogs.univ-jfc.fr\/vphn\/wp-content\/uploads\/sites\/65\/2019\/02\/Image-III-768x1084.jpg 768w, https:\/\/blogs.univ-jfc.fr\/vphn\/wp-content\/uploads\/sites\/65\/2019\/02\/Image-III.jpg 1116w\" sizes=\"(max-width: 525px) 100vw, 525px\" \/><figcaption id=\"caption-attachment-3590\" class=\"wp-caption-text\">La part du Tarn dans le mouvement ouvrier du Midi Pyr\u00e9n\u00e9es entre 1890 et 1913<\/figcaption><\/figure>\n<p align=\"justify\">Autre point, on constate qu&rsquo;au niveau local, les entreprises industrielles sont tr\u00e8s centralis\u00e9es et les milieux les plus touch\u00e9s sont ceux des mines, des usines\u00a0 textiles, et des fabricants de cuirs et peaux. <span lang=\"fr-FR\">Le d\u00e9partement du Tarn est le d\u00e9partement de la r\u00e9gion le plus important du point de vue des gr\u00e9vistes avec 43,3 %, sachant que le deuxi\u00e8me est l&rsquo;Aveyron avec seulement 21%. Il a la population la plus active de Midi-Pyr\u00e9n\u00e9es et 63% des gr\u00e8ves ayant qui ont eu lieu dans le Tarn sont de\u00a0: Carmaux, Albi, Castres, Graulhet et Mazamet sachant que son secteur industriel de pr\u00e9pond\u00e9rance absolue est celui des industries extractives.<\/span><\/p>\n<p align=\"justify\"><img loading=\"lazy\" class=\"aligncenter wp-image-3808 size-full\" src=\"http:\/\/blogs.univ-jfc.fr\/vphn\/wp-content\/uploads\/sites\/65\/2019\/02\/Capture-d\u00e9cran-de-2019-02-22-15-18-06.png\" alt=\"\" width=\"635\" height=\"321\" srcset=\"https:\/\/blogs.univ-jfc.fr\/vphn\/wp-content\/uploads\/sites\/65\/2019\/02\/Capture-d\u00e9cran-de-2019-02-22-15-18-06.png 635w, https:\/\/blogs.univ-jfc.fr\/vphn\/wp-content\/uploads\/sites\/65\/2019\/02\/Capture-d\u00e9cran-de-2019-02-22-15-18-06-300x152.png 300w\" sizes=\"(max-width: 635px) 100vw, 635px\" \/><\/p>\n<p align=\"justify\">On voit ainsi, d&rsquo;apr\u00e8s le tableau <a href=\"http:\/\/blogs.univ-jfc.fr\/vphn\/?page_id=4184&amp;preview=true\" target=\"_blank\" rel=\"noopener noreferrer\">en lien ici<\/a>, que la fr\u00e9quence des gr\u00e8ves tend \u00e0 augmenter pendant la p\u00e9riode, et cela surtout apr\u00e8s les ann\u00e9es 1900. M\u00eame \u00e9volution pour l&rsquo;intensit\u00e9 des gr\u00e8ves que pour l&rsquo;extension et pour la fr\u00e9quence. En repla\u00e7ant les conflits dans le contexte du mouvement \u00e9conomique g\u00e9n\u00e9ral et en comparant l&rsquo;\u00e9volution des gr\u00e8ves dans le Tarn qui a une influence d\u00e9terminante et de la r\u00e9gion dans son ensemble, on voit que la gr\u00e8ve de Graulhet fait partie d&rsquo;un mouvement ascendant qui contribue \u00e0 la naissance d&rsquo;un mouvement ouvrier<\/p>\n<h1>Conclusion<\/h1>\n<p align=\"justify\">Pour r\u00e9sumer, la sp\u00e9cificit\u00e9 de la gr\u00e8ve de Graulhet tient \u00e0 l\u2019origine de revendications f\u00e9minines pour l\u2019essentiel, ainsi que par sa longueur exceptionnelle de pr\u00e8s de cinq mois. Cette alternance entre violences et n\u00e9gociations a amen\u00e9 \u00e0 l\u2019intervention de l\u2019\u00c9tat et d\u2019acteurs locaux dont l\u2019influence se r\u00e9percute au-del\u00e0 de la commune graulh\u00e9toise. Le fait d\u2019attirer l\u2019attention de personnes et d\u2019institutions plus hautes a permis de faire du cas de la gr\u00e8ve de Graulhet, une affaire sortant de son cadre local. Mais la pr\u00e9sence de ces acteurs n\u2019emp\u00eache pas un r\u00e9sultat mitig\u00e9 dans le d\u00e9nouement de cette gr\u00e8ve\u00a0, et l\u2019envoi de l\u2019arm\u00e9e par l\u2019\u00c9tat marque la fin des hostilit\u00e9s se terminant sur un go\u00fbt amer.<\/p>\n<p align=\"justify\">En effet, concernant les revendications, seule une infime partie de celles-ci sont accept\u00e9es (seules les femmes re\u00e7oivent une augmentation de 25 centimes par jour, les ouvriers n\u2019obtiennent rien). Pour les patrons, ils ont certes r\u00e9ussi \u00e0 faire revenir les ouvriers dans les usines\u00a0, mais les cons\u00e9quences financi\u00e8res sont lourdes (casse, manque \u00e0 gagner, perte de clients). Malgr\u00e9 les caract\u00e9ristiques sp\u00e9cifiques de cette gr\u00e8ve, elle est significative du mouvement de l&rsquo;\u00e9poque avec la mont\u00e9e d&rsquo;acteurs importants, repr\u00e9sentants de ce mouvement ouvrier comme Jean Jaur\u00e8s ou Vincent Auriol. Elle est ins\u00e9r\u00e9e dans un mouvement national, et elle a, avec plusieurs autres, contribu\u00e9 \u00e0 la naissance et l&rsquo;apog\u00e9e du mouvement ouvrier. <!--more--><\/p>\n<p align=\"justify\">Ci-dessous une petite bibliographie ; Une bibliographie plus exhaustive <a href=\"http:\/\/blogs.univ-jfc.fr\/vphn\/?page_id=3814&amp;preview=true\" target=\"_blank\" rel=\"noopener noreferrer\">est disponible ici<\/a><\/p>\n<ul>\n<li>\n<p align=\"left\"><span style=\"font-size: medium\"><span lang=\"fr-FR\">Brugui\u00e8re E.,\u00a0 <\/span><\/span><em><span style=\"font-size: medium\"><span lang=\"fr-FR\">1909-1910 La Grande Gr\u00e8ve des Ouvriers Moutonniers de Graulhet<\/span><\/span><\/em><span style=\"font-size: medium\"><span lang=\"fr-FR\">, Graulhet, M\u00e9moire Sociale Graulh\u00e9toise, 2011.<\/span><\/span><\/p>\n<\/li>\n<\/ul>\n<p>&nbsp;<\/p>\n<p align=\"left\"><span style=\"font-size: medium\"><span lang=\"fr-FR\">Collectif, <\/span><\/span><em><span style=\"font-size: medium\"><span lang=\"fr-FR\">Histoire et images du pays graulh\u00e9tois,<\/span><\/span><\/em><span style=\"font-size: medium\"><span lang=\"fr-FR\">\u00a0Graulhet, Commission municipale d&rsquo;histoire locale, 1975<\/span><\/span><\/p>\n<ul>\n<li><span style=\"font-size: medium\">Faure M., <i>Le Journal de Jeanne\u00a0: une ouvri\u00e8re pendant la Grande gr\u00e8ve de Graulhet de 1910<\/i>, Graulhet, Futurs Ant\u00e9rieurs, 2010.<\/span><\/li>\n<li>\n<p align=\"left\"><span style=\"font-size: medium\"><span lang=\"fr-FR\">Th\u00e8be G., <\/span><\/span><em><span style=\"font-size: medium\"><span lang=\"fr-FR\">Les gr\u00e8ves dans la r\u00e9gion Midi-Pyr\u00e9n\u00e9es : 1890-1913<\/span><\/span><\/em><span style=\"font-size: medium\"><span lang=\"fr-FR\">, M\u00e9moire ma\u00eetrise Histoire contemporaine Toulouse 2, 1970<\/span><\/span><\/p>\n<\/li>\n<li><span style=\"font-size: medium\"><span lang=\"fr-FR\">Vergnes<\/span><\/span> <span style=\"font-size: medium\"><span lang=\"fr-FR\">G., <\/span><\/span><em><span style=\"font-size: medium\"><span lang=\"fr-FR\">Graulhet, 1000 d&rsquo;Histoire<\/span><\/span><\/em><span style=\"font-size: medium\"><span lang=\"fr-FR\">, Graulhet, Georges Vergnes, 1987.<br \/>\n<\/span><\/span><\/li>\n<\/ul>\n<p>&nbsp;<\/p>\n<p>&nbsp;<\/p>\n","protected":false},"excerpt":{"rendered":"<p>Introduction En 1910, Graulhet \u00e9tait une position g\u00e9ographique id\u00e9ale pour le travail du cuir, avec la pr\u00e9sence de tanneries d\u00e8s le XVIIIe Si\u00e8cle et l&rsquo;explosion industrielle de la ville durant le Second Empire, notamment autour du Dadou. I) Une chronologie de la gr\u00e8ve Dans les ann\u00e9es 1880, cette puissance industrielle s&rsquo;accompagne de cr\u00e9ation de chambres &hellip; <\/p>\n<p class=\"link-more\"><a href=\"https:\/\/blogs.univ-jfc.fr\/vphn\/histoire-locale\/la-greve-des-megissiers-graulhetois-de-1910-2018\/\" class=\"more-link\">Continuer la lecture<span class=\"screen-reader-text\"> de &laquo;&nbsp;La Gr\u00e8ve des m\u00e9gissiers graulh\u00e9tois de 1910 [2018]&nbsp;&raquo;<\/span><\/a><\/p>\n","protected":false},"author":592,"featured_media":0,"parent":1173,"menu_order":0,"comment_status":"closed","ping_status":"closed","template":"","meta":[],"_links":{"self":[{"href":"https:\/\/blogs.univ-jfc.fr\/vphn\/wp-json\/wp\/v2\/pages\/2457"}],"collection":[{"href":"https:\/\/blogs.univ-jfc.fr\/vphn\/wp-json\/wp\/v2\/pages"}],"about":[{"href":"https:\/\/blogs.univ-jfc.fr\/vphn\/wp-json\/wp\/v2\/types\/page"}],"author":[{"embeddable":true,"href":"https:\/\/blogs.univ-jfc.fr\/vphn\/wp-json\/wp\/v2\/users\/592"}],"replies":[{"embeddable":true,"href":"https:\/\/blogs.univ-jfc.fr\/vphn\/wp-json\/wp\/v2\/comments?post=2457"}],"version-history":[{"count":39,"href":"https:\/\/blogs.univ-jfc.fr\/vphn\/wp-json\/wp\/v2\/pages\/2457\/revisions"}],"predecessor-version":[{"id":5144,"href":"https:\/\/blogs.univ-jfc.fr\/vphn\/wp-json\/wp\/v2\/pages\/2457\/revisions\/5144"}],"up":[{"embeddable":true,"href":"https:\/\/blogs.univ-jfc.fr\/vphn\/wp-json\/wp\/v2\/pages\/1173"}],"wp:attachment":[{"href":"https:\/\/blogs.univ-jfc.fr\/vphn\/wp-json\/wp\/v2\/media?parent=2457"}],"curies":[{"name":"wp","href":"https:\/\/api.w.org\/{rel}","templated":true}]}}