{"id":25,"date":"2017-11-07T16:47:09","date_gmt":"2017-11-07T15:47:09","guid":{"rendered":"http:\/\/blogs.univ-jfc.fr\/vphn\/?page_id=25"},"modified":"2023-04-06T11:26:03","modified_gmt":"2023-04-06T09:26:03","slug":"objectifs","status":"publish","type":"page","link":"https:\/\/blogs.univ-jfc.fr\/vphn\/","title":{"rendered":"Objectifs"},"content":{"rendered":"<form role=\"search\" method=\"get\" action=\"https:\/\/blogs.univ-jfc.fr\/vphn\/\" class=\"wp-block-search__button-outside wp-block-search__text-button wp-block-search\"><label for=\"wp-block-search__input-1\" class=\"wp-block-search__label\">Rechercher<\/label><div class=\"wp-block-search__inside-wrapper\"><input type=\"search\" id=\"wp-block-search__input-1\" class=\"wp-block-search__input\" name=\"s\" value=\"\" placeholder=\"\" required \/><button type=\"submit\"class=\"wp-block-search__button \">Rechercher<\/button><\/div><\/form>\n\n<p>Bienvenu.e sur le site de Valorisation du patrimoine et Humanit\u00e9s num\u00e9riques des Licences d&rsquo;Histoire de l&rsquo;Institut National Universitaire Champollion d&rsquo;Albi.<\/p>\n<div id='gallery-1' class='gallery galleryid-25 gallery-columns-2 gallery-size-medium'><figure class='gallery-item'>\n\t\t\t<div class='gallery-icon landscape'>\n\t\t\t\t<a href='https:\/\/blogs.univ-jfc.fr\/vphn\/histoire-locale\/objectifs\/20180201_110203\/'><img width=\"300\" height=\"169\" src=\"https:\/\/blogs.univ-jfc.fr\/vphn\/wp-content\/uploads\/sites\/65\/2017\/11\/20180201_110203-300x169.jpg\" class=\"attachment-medium size-medium\" alt=\"\" loading=\"lazy\" srcset=\"https:\/\/blogs.univ-jfc.fr\/vphn\/wp-content\/uploads\/sites\/65\/2017\/11\/20180201_110203-300x169.jpg 300w, https:\/\/blogs.univ-jfc.fr\/vphn\/wp-content\/uploads\/sites\/65\/2017\/11\/20180201_110203-768x432.jpg 768w, https:\/\/blogs.univ-jfc.fr\/vphn\/wp-content\/uploads\/sites\/65\/2017\/11\/20180201_110203-1024x576.jpg 1024w\" sizes=\"100vw\" \/><\/a>\n\t\t\t<\/div><\/figure><figure class='gallery-item'>\n\t\t\t<div class='gallery-icon landscape'>\n\t\t\t\t<a href='https:\/\/blogs.univ-jfc.fr\/vphn\/histoire-locale\/objectifs\/20180201_110144\/'><img width=\"300\" height=\"169\" src=\"https:\/\/blogs.univ-jfc.fr\/vphn\/wp-content\/uploads\/sites\/65\/2017\/11\/20180201_110144-300x169.jpg\" class=\"attachment-medium size-medium\" alt=\"\" loading=\"lazy\" srcset=\"https:\/\/blogs.univ-jfc.fr\/vphn\/wp-content\/uploads\/sites\/65\/2017\/11\/20180201_110144-300x169.jpg 300w, https:\/\/blogs.univ-jfc.fr\/vphn\/wp-content\/uploads\/sites\/65\/2017\/11\/20180201_110144-768x432.jpg 768w, https:\/\/blogs.univ-jfc.fr\/vphn\/wp-content\/uploads\/sites\/65\/2017\/11\/20180201_110144-1024x576.jpg 1024w\" sizes=\"100vw\" \/><\/a>\n\t\t\t<\/div><\/figure>\n\t\t<\/div>\n\n<p>Les pages de ce site sont le fruit du travail des \u00e9tudiants d&rsquo;histoire de L1 et L2. Il s&rsquo;agit des synth\u00e8ses des recherches effectu\u00e9es&nbsp; sur un sujet en lien avec le patrimoine occitan.<\/p>\n<p>Ce travail est \u00e9galement exploit\u00e9 dans d&rsquo;autres projets de valorisation du patrimoine en lien avec l&rsquo;orientation professionnelle souhait\u00e9e (expositions, cours dans le primaire ou le secondaire, reportages, \u00e9missions de radio, articles de presse, sites internet&#8230;).<\/p>\n<p>Bonne lecture !<\/p>","protected":false},"excerpt":{"rendered":"<p>Bienvenu.e sur le site de Valorisation du patrimoine et Humanit\u00e9s num\u00e9riques des Licences d&rsquo;Histoire de l&rsquo;Institut National Universitaire Champollion d&rsquo;Albi. Les pages de ce site sont le fruit du travail des \u00e9tudiants d&rsquo;histoire de L1 et L2. Il s&rsquo;agit des synth\u00e8ses des recherches effectu\u00e9es&nbsp; sur un sujet en lien avec le patrimoine occitan. Ce travail &hellip; <\/p>\n<p class=\"link-more\"><a href=\"https:\/\/blogs.univ-jfc.fr\/vphn\/\" class=\"more-link\">Continuer la lecture<span class=\"screen-reader-text\"> de &laquo;&nbsp;Objectifs&nbsp;&raquo;<\/span><\/a><\/p>\n","protected":false},"author":20,"featured_media":0,"parent":1173,"menu_order":0,"comment_status":"closed","ping_status":"closed","template":"","meta":[],"_links":{"self":[{"href":"https:\/\/blogs.univ-jfc.fr\/vphn\/wp-json\/wp\/v2\/pages\/25"}],"collection":[{"href":"https:\/\/blogs.univ-jfc.fr\/vphn\/wp-json\/wp\/v2\/pages"}],"about":[{"href":"https:\/\/blogs.univ-jfc.fr\/vphn\/wp-json\/wp\/v2\/types\/page"}],"author":[{"embeddable":true,"href":"https:\/\/blogs.univ-jfc.fr\/vphn\/wp-json\/wp\/v2\/users\/20"}],"replies":[{"embeddable":true,"href":"https:\/\/blogs.univ-jfc.fr\/vphn\/wp-json\/wp\/v2\/comments?post=25"}],"version-history":[{"count":9,"href":"https:\/\/blogs.univ-jfc.fr\/vphn\/wp-json\/wp\/v2\/pages\/25\/revisions"}],"predecessor-version":[{"id":14835,"href":"https:\/\/blogs.univ-jfc.fr\/vphn\/wp-json\/wp\/v2\/pages\/25\/revisions\/14835"}],"up":[{"embeddable":true,"href":"https:\/\/blogs.univ-jfc.fr\/vphn\/wp-json\/wp\/v2\/pages\/1173"}],"wp:attachment":[{"href":"https:\/\/blogs.univ-jfc.fr\/vphn\/wp-json\/wp\/v2\/media?parent=25"}],"curies":[{"name":"wp","href":"https:\/\/api.w.org\/{rel}","templated":true}]}}

<form role="search" method="get" action="https://blogs.univ-jfc.fr/vphn/" class="wp-block-search__button-outside wp-block-search__text-button wp-block-search"><label for="wp-block-search__input-1" class="wp-block-search__label">Rechercher</label><div class="wp-block-search__inside-wrapper"><input type="search" id="wp-block-search__input-1" class="wp-block-search__input" name="s" value="" placeholder="" required /><button type="submit"class="wp-block-search__button ">Rechercher</button></div></form>

<p>Bienvenu.e sur le site de Valorisation du patrimoine et Humanités numériques des Licences d&rsquo;Histoire de l&rsquo;Institut National Universitaire Champollion d&rsquo;Albi.</p>
<div id='gallery-1' class='gallery galleryid-25 gallery-columns-2 gallery-size-medium'><figure class='gallery-item'>
			<div class='gallery-icon landscape'>
				<a href='https://blogs.univ-jfc.fr/vphn/histoire-locale/objectifs/20180201_110203/'><img width="300" height="169" src="https://blogs.univ-jfc.fr/vphn/wp-content/uploads/sites/65/2017/11/20180201_110203-300x169.jpg" class="attachment-medium size-medium" alt="" loading="lazy" srcset="https://blogs.univ-jfc.fr/vphn/wp-content/uploads/sites/65/2017/11/20180201_110203-300x169.jpg 300w, https://blogs.univ-jfc.fr/vphn/wp-content/uploads/sites/65/2017/11/20180201_110203-768x432.jpg 768w, https://blogs.univ-jfc.fr/vphn/wp-content/uploads/sites/65/2017/11/20180201_110203-1024x576.jpg 1024w" sizes="100vw" /></a>
			</div></figure><figure class='gallery-item'>
			<div class='gallery-icon landscape'>
				<a href='https://blogs.univ-jfc.fr/vphn/histoire-locale/objectifs/20180201_110144/'><img width="300" height="169" src="https://blogs.univ-jfc.fr/vphn/wp-content/uploads/sites/65/2017/11/20180201_110144-300x169.jpg" class="attachment-medium size-medium" alt="" loading="lazy" srcset="https://blogs.univ-jfc.fr/vphn/wp-content/uploads/sites/65/2017/11/20180201_110144-300x169.jpg 300w, https://blogs.univ-jfc.fr/vphn/wp-content/uploads/sites/65/2017/11/20180201_110144-768x432.jpg 768w, https://blogs.univ-jfc.fr/vphn/wp-content/uploads/sites/65/2017/11/20180201_110144-1024x576.jpg 1024w" sizes="100vw" /></a>
			</div></figure>
		</div>

<p>Les pages de ce site sont le fruit du travail des étudiants d&rsquo;histoire de L1 et L2. Il s&rsquo;agit des synthèses des recherches effectuées&nbsp; sur un sujet en lien avec le patrimoine occitan.</p>
<p>Ce travail est également exploité dans d&rsquo;autres projets de valorisation du patrimoine en lien avec l&rsquo;orientation professionnelle souhaitée (expositions, cours dans le primaire ou le secondaire, reportages, émissions de radio, articles de presse, sites internet&#8230;).</p>
<p>Bonne lecture !</p>

<p>Bienvenu.e sur le site de Valorisation du patrimoine et Humanités numériques des Licences d&rsquo;Histoire de l&rsquo;Institut National Universitaire Champollion d&rsquo;Albi. Les pages de ce site sont le fruit du travail des étudiants d&rsquo;histoire de L1 et L2. Il s&rsquo;agit des synthèses des recherches effectuées&nbsp; sur un sujet en lien avec le patrimoine occitan. Ce travail &hellip; </p>
<p class="link-more"><a href="https://blogs.univ-jfc.fr/vphn/" class="more-link">Continuer la lecture<span class="screen-reader-text"> de &laquo;&nbsp;Objectifs&nbsp;&raquo;</span></a></p>
