{"id":251,"date":"2018-01-18T11:44:57","date_gmt":"2018-01-18T10:44:57","guid":{"rendered":"http:\/\/blogs.univ-jfc.fr\/vphn\/?page_id=251"},"modified":"2018-04-11T13:29:47","modified_gmt":"2018-04-11T11:29:47","slug":"les-greves-des-mineurs-carmausins-de-1850-a-1892-2017","status":"publish","type":"page","link":"https:\/\/blogs.univ-jfc.fr\/vphn\/histoire-locale\/les-greves-des-mineurs-carmausins-de-1850-a-1892-2017\/","title":{"rendered":"Les gr\u00e8ves des mineurs carmausins, de 1850 \u00e0 1892 [2017]"},"content":{"rendered":"<p align=\"justify\">Carmaux est situ\u00e9 sur un gisement de charbon qui s\u2019est form\u00e9 il y a plus de 280 millions d\u2019ann\u00e9es. L\u2019extraction du charbon d\u00e9bute au XIII<sup>e<\/sup> si\u00e8cle pour ensuite s\u2019intensifier au XIX<sup>e<\/sup> si\u00e8cle. L\u2019industrie mini\u00e8re se d\u00e9veloppe \u00e0 Carmaux et le nombre de mineurs augmente progressivement. A partir du milieu du XX<sup>e<\/sup> si\u00e8cle, le d\u00e9clin de l\u2019activit\u00e9 mini\u00e8re carmausine s\u2019amorce. Aujourd\u2019hui, les puits sont tous ferm\u00e9s. L\u2019histoire des mines de Carmaux est marqu\u00e9e par la s\u00e9rie de gr\u00e8ves qui d\u00e9bute \u00e0 partir de 1855. Les revendications des mineurs se multiplient et les gr\u00e8ves prennent de l\u2019ampleur tout au long de la seconde moiti\u00e9 du XIX<sup>e<\/sup> si\u00e8cle. Dans quelle mesure les gr\u00e8ves des mineurs carmausins s\u2019inscrivent-elles dans un mouvement revendicatif qui \u00e9volue tout au long de la seconde moiti\u00e9 du XIX<sup>e<\/sup> si\u00e8cle ?<\/p>\n<p align=\"justify\">Le salaire est une des principales revendications qui alimentent les gr\u00e8ves. Le salaire fait l&rsquo;objet de plaintes d\u00e8s les ann\u00e9es 1850 et les raisons qui poussent les mineurs carmausins \u00e0 revendiquer un meilleur salaire sont multiples. Tout d&rsquo;abord, il y a la hausse du co\u00fbt de la vie. Le salaire est indispensable et permet d&rsquo;assurer la subsistance quotidienne. La crise alimentaire de 1853-1856, qui provoque la hausse du co\u00fbt des denr\u00e9es alimentaires, entra\u00eene la gr\u00e8ve de 1855. Ensuite, des in\u00e9galit\u00e9s de salaires sont pr\u00e9sentes. Les mineurs des houill\u00e8res voisines gagnent parfois davantage. Enfin, les mineurs souhaitent profiter des b\u00e9n\u00e9fices de la Soci\u00e9t\u00e9 des Mines. A partir de 1883, le salaire des mineurs est compar\u00e9 aux profits de la Soci\u00e9t\u00e9 et les ouvriers remarquent que les b\u00e9n\u00e9fices sont r\u00e9els mais qu&rsquo;ils n&rsquo;en profitent pas.<\/p>\n<p align=\"justify\">Le salaire n&rsquo;est pas l&rsquo;unique revendication des mineurs carmausins, puisque la d\u00e9fense des conditions de travail fait \u00e9galement partie des facteurs de mobilisation. La dur\u00e9e de travail, l\u2019embauche, les licenciements ou encore l\u2019ins\u00e9curit\u00e9 font partie des raisons qui ont pouss\u00e9 les mineurs \u00e0 se mobiliser tout au long de la seconde moiti\u00e9 du XIX<sup>e<\/sup> si\u00e8cle. Les protestations concernent d\u2019abord la pression politique, r\u00e9actionnaire et cl\u00e9ricale dont les mineurs font les frais. En r\u00e9alit\u00e9, pour avoir plus de chances de se faire embaucher, il \u00e9tait pr\u00e9f\u00e9rable pour le mineur de fr\u00e9quenter r\u00e9guli\u00e8rement l&rsquo;\u00e9glise, notamment les dimanches et les jours de f\u00eates religieuses. Les licenciements sont \u00e9galement source de d\u00e9saccords et de m\u00e9contentements. Par exemple, d\u00e8s 1869, les mineurs d\u00e9noncent certains renvois qu\u2019ils consid\u00e8rent comme abusifs. Les mineurs font \u00e9galement gr\u00e8ve pour emp\u00eacher la mise en place de certaines mesures, comme le passage de la journ\u00e9e de huit \u00e0 dix heures de travail. De plus, le caract\u00e8re dangereux de leur m\u00e9tier entretient chez eux un sentiment permanent d&rsquo;ins\u00e9curit\u00e9. Devant les risques, l&rsquo;action ouvri\u00e8re s&rsquo;organise autour de la pr\u00e9vention et de l&rsquo;aide aux accident\u00e9s. Par exemple, lors de la gr\u00e8ve de 1883, les mineurs demandent une meilleure gestion de la Caisse des secours.<\/p>\n<p align=\"justify\">Le mineur est avant tout un paysan. Les travaux dans les champs retiennent les mineurs en p\u00e9riode de moissons ou de vendanges, ce qui entra\u00eene un fort taux d\u2019absent\u00e9isme saisonnier. Des gr\u00e8ves commencent \u00e0 appara\u00eetre au milieu des ann\u00e9es 1850, mais sont s\u00e9v\u00e8rement r\u00e9prim\u00e9es jusqu&rsquo;en 1864. En ce qui concerne le bassin carmausin, les gr\u00e8ves rassemblent la totalit\u00e9 des mineurs carmausins seulement \u00e0 partir de 1869. De plus, le nombre de gr\u00e9vistes augmente, passant de 1000 en 1869 \u00e0 environ 2350 en 1892. Ce succ\u00e8s est d\u00fb \u00e0 la premi\u00e8re gr\u00e8ve totale organis\u00e9e en 1869, dont la r\u00e9ussite pousse les mineurs \u00e0 r\u00e9it\u00e9rer leur action. En effet, apr\u00e8s cette victoire les mineurs continuent \u00e0 organiser des gr\u00e8ves totales jusqu\u2019\u00e0 la veille de la Premi\u00e8re Guerre mondiale.<\/p>\n<p align=\"justify\">Parmi les gr\u00e9vistes, il y a une majorit\u00e9 de jeunes mais aussi des femmes et des enfants qui participent aux manifestations, en particulier dans les actions violentes de certaines gr\u00e8ves, comme la d\u00e9gradation de puits ou de r\u00e9sidences. Afin d&rsquo;\u00e9viter les gr\u00e8ves, des strat\u00e9gies sont mises en place par la Soci\u00e9t\u00e9 des Mines. Le patronat tente de faire na\u00eetre des conflits dans la classe ouvri\u00e8re, en misant sur la diff\u00e9rence des salaires, c\u2019est-\u00e0-dire en ajustant les salaires en fonction du poste et de l&rsquo;anciennet\u00e9 des mineurs. Pour \u00e9viter les d\u00e9g\u00e2ts mat\u00e9riels ainsi que toute forme de violence, sont cr\u00e9\u00e9s en 1892 un syndicat ainsi qu\u2019un comit\u00e9 qui permettent la mise en place de n\u00e9gociations entre le patronat et les ouvriers. Ce processus s&rsquo;accompagne de r\u00e9unions ou de manifestations, lesquelles permettent de mobiliser la population autour de la cause des gr\u00e9vistes. La presse permet aux mineurs de faire conna\u00eetre leurs agissements aux autres ouvriers ou aux personnels politiques. L&rsquo;intervention de personnages publics, comme Jean Jaur\u00e8s, joue \u00e9galement un r\u00f4le capital dans la diffusion du mouvement revendicatif des mineurs carmausins. D\u2019ailleurs, l\u2019intervention de Jean Jaur\u00e8s a permis \u00e0 la gr\u00e8ve carmausine de 1892 de faire la une du<em> Petit parisien <\/em>en 1892.<\/p>\n<figure id=\"attachment_1305\" aria-describedby=\"caption-attachment-1305\" style=\"width: 352px\" class=\"wp-caption aligncenter\"><img loading=\"lazy\" class=\"wp-image-1305 size-full\" src=\"http:\/\/blogs.univ-jfc.fr\/vphn\/wp-content\/uploads\/sites\/65\/2018\/01\/85308136_o.jpg\" alt=\"\" width=\"352\" height=\"499\" srcset=\"https:\/\/blogs.univ-jfc.fr\/vphn\/wp-content\/uploads\/sites\/65\/2018\/01\/85308136_o.jpg 352w, https:\/\/blogs.univ-jfc.fr\/vphn\/wp-content\/uploads\/sites\/65\/2018\/01\/85308136_o-212x300.jpg 212w\" sizes=\"(max-width: 352px) 100vw, 352px\" \/><figcaption id=\"caption-attachment-1305\" class=\"wp-caption-text\">La gr\u00e8ve des mineurs de Carmaux, Le Petit Parisien, suppl\u00e9ment litt\u00e9raire illustr\u00e9, 23 octobre 1892.<\/figcaption><\/figure>\n<p align=\"justify\">Les gr\u00e8ves carmausines de 1892-1895 ont attir\u00e9 l&rsquo;attention nationale en raison de leur importance et de leur dur\u00e9e. Ces gr\u00e8ves sont aussi importantes car elles sont marqu\u00e9es par la conversion de Jean Jaur\u00e8s au socialisme. Les conflits apparaissent en 1889 avec l\u2019\u00e9lection de Ludovic de Solages en tant que d\u00e9put\u00e9 de Carmaux. Les conflits prennent de l\u2019ampleur lors de l\u2019\u00e9lection de Jean-Baptiste Calvignac au poste de maire de Carmaux. A partir de cette \u00e9lection, Carmaux entre dans le socialisme. Jean-Baptiste Calvignac doit cumuler sa fonction de maire et son travail \u00e0 la Compagnie des Mines. Il demande alors deux jours de cong\u00e9s par semaine pour pouvoir assumer ses responsabilit\u00e9s de maire. La rupture a lieu lorsque la Compagnie des Mines rejette sa demande. Apr\u00e8s la d\u00e9mission de Ludovic de Solages, les mineurs demande \u00e0 Jaur\u00e8s d&rsquo;\u00eatre leur candidat et, en 1893, Jaur\u00e8s r\u00e9pond \u00e0 leur demande et triomphe avec 59,3\u00a0% des voix. Ainsi, Jaur\u00e8s se manifeste pendant les gr\u00e8ves de 1892-1895 dans le but de d\u00e9fendre les revendications ouvri\u00e8res. Il aurait \u00e9tait accus\u00e9 plusieurs fois d&rsquo;avoir manipul\u00e9 les mineurs afin d\u2019acc\u00e9der au pouvoir. C&rsquo;est face \u00e0 ces accusations qu\u2019il \u00e9crit dans un article de <em>La D\u00e9p\u00eache<\/em> le 29 ao\u00fbt 1892\u00a0:<em> \u00ab\u00a0Nombreux sont les imb\u00e9ciles \u00e0 la t\u00eate creuse, au c\u0153ur vide, qui ne peuvent pas comprendre qu\u2019on serve, sans arri\u00e8re pens\u00e9e personnelle, une grande cause\u00a0\u00bb.<\/em><\/p>\n<p align=\"justify\">De nos jours, Jaur\u00e8s, Carmaux et le socialisme sont des mots qui nous paraissent assez similaires. D\u00e9di\u00e9e \u00e0 Jean Jaur\u00e8s, la statue qui se trouve sur la place Jean Jaur\u00e8s \u00e0 Carmaux n\u2019est qu\u2019une r\u00e9plique construite en 1983, l\u2019originale sculpt\u00e9e en 1923 ayant \u00e9t\u00e9 d\u00e9truite en 1981 lors d\u2019un attentat. La statue met en sc\u00e8ne Jaur\u00e8s surplombant un paysan, un mineur, un verrier et un forgeron. Cette statue est un symbole de l\u2019union entre Jaur\u00e8s, le socialisme et l\u2019histoire de Carmaux. L\u2019ancienne cit\u00e9 mini\u00e8re est un lieu de passage obligatoire pour tout candidat du parti socialiste \u00e0 l\u2019\u00e9lection pr\u00e9sidentielle. Fran\u00e7ois Mitterrand y avait lanc\u00e9 sa campagne en 1980 tandis que Fran\u00e7ois Hollande pronon\u00e7a un discours au pied de la statue de Jaur\u00e8s en 2012.<\/p>\n<figure id=\"attachment_1224\" aria-describedby=\"caption-attachment-1224\" style=\"width: 300px\" class=\"wp-caption aligncenter\"><a href=\"http:\/\/www.ina.fr\/contenus-editoriaux\/articles-editoriaux\/jean-jaures-le-genie-pacifiste\/\"><img loading=\"lazy\" class=\"wp-image-1224 size-medium\" src=\"http:\/\/blogs.univ-jfc.fr\/vphn\/wp-content\/uploads\/sites\/65\/2018\/01\/jean-jaures-le-genie-pacifiste-300x225.jpg\" alt=\"\" width=\"300\" height=\"225\" srcset=\"https:\/\/blogs.univ-jfc.fr\/vphn\/wp-content\/uploads\/sites\/65\/2018\/01\/jean-jaures-le-genie-pacifiste-300x225.jpg 300w, https:\/\/blogs.univ-jfc.fr\/vphn\/wp-content\/uploads\/sites\/65\/2018\/01\/jean-jaures-le-genie-pacifiste.jpg 312w\" sizes=\"(max-width: 300px) 100vw, 300px\" \/><\/a><figcaption id=\"caption-attachment-1224\" class=\"wp-caption-text\">Portrait de Jean Jaur\u00e8s: Jean Jaur\u00e8s, le g\u00e9nie pacifiste, ina.fr.<\/figcaption><\/figure>\n<p align=\"justify\">Tout au long de la seconde moiti\u00e9 du XIX<sup>e<\/sup> si\u00e8cle, les gr\u00e8ves ont \u00e9volu\u00e9. Prenant de l\u2019ampleur, les gr\u00e8ves ont vu le nombre de gr\u00e9vistes augmenter \u00e0 chaque nouvelle action. Leur organisation a \u00e9galement \u00e9volu\u00e9. Les syndicats ont permis, par exemple, de favoriser les discussions entre les mineurs et la Compagnie des Mines. De plus, les gr\u00e8ves ne sont pas des \u00e9v\u00e9nements isol\u00e9s mais s\u2019inscrivent dans un mouvement revendicatif continu et \u00e9volutif de 1855 \u00e0 1892. D\u2019ailleurs, 1892 marque l\u2019aboutissement de ce demi-si\u00e8cle de gr\u00e8ves puisque pour la premi\u00e8re fois un maire socialiste est \u00e9lu \u00e0 Carmaux. Aujourd\u2019hui, l\u2019histoire des mineurs fait partie du patrimoine carmausin.<\/p>\n","protected":false},"excerpt":{"rendered":"<p>Carmaux est situ\u00e9 sur un gisement de charbon qui s\u2019est form\u00e9 il y a plus de 280 millions d\u2019ann\u00e9es. L\u2019extraction du charbon d\u00e9bute au XIIIe si\u00e8cle pour ensuite s\u2019intensifier au XIXe si\u00e8cle. L\u2019industrie mini\u00e8re se d\u00e9veloppe \u00e0 Carmaux et le nombre de mineurs augmente progressivement. A partir du milieu du XXe si\u00e8cle, le d\u00e9clin de &hellip; <\/p>\n<p class=\"link-more\"><a href=\"https:\/\/blogs.univ-jfc.fr\/vphn\/histoire-locale\/les-greves-des-mineurs-carmausins-de-1850-a-1892-2017\/\" class=\"more-link\">Continuer la lecture<span class=\"screen-reader-text\"> de &laquo;&nbsp;Les gr\u00e8ves des mineurs carmausins, de 1850 \u00e0 1892 [2017]&nbsp;&raquo;<\/span><\/a><\/p>\n","protected":false},"author":445,"featured_media":0,"parent":1173,"menu_order":0,"comment_status":"closed","ping_status":"closed","template":"","meta":[],"_links":{"self":[{"href":"https:\/\/blogs.univ-jfc.fr\/vphn\/wp-json\/wp\/v2\/pages\/251"}],"collection":[{"href":"https:\/\/blogs.univ-jfc.fr\/vphn\/wp-json\/wp\/v2\/pages"}],"about":[{"href":"https:\/\/blogs.univ-jfc.fr\/vphn\/wp-json\/wp\/v2\/types\/page"}],"author":[{"embeddable":true,"href":"https:\/\/blogs.univ-jfc.fr\/vphn\/wp-json\/wp\/v2\/users\/445"}],"replies":[{"embeddable":true,"href":"https:\/\/blogs.univ-jfc.fr\/vphn\/wp-json\/wp\/v2\/comments?post=251"}],"version-history":[{"count":19,"href":"https:\/\/blogs.univ-jfc.fr\/vphn\/wp-json\/wp\/v2\/pages\/251\/revisions"}],"predecessor-version":[{"id":2126,"href":"https:\/\/blogs.univ-jfc.fr\/vphn\/wp-json\/wp\/v2\/pages\/251\/revisions\/2126"}],"up":[{"embeddable":true,"href":"https:\/\/blogs.univ-jfc.fr\/vphn\/wp-json\/wp\/v2\/pages\/1173"}],"wp:attachment":[{"href":"https:\/\/blogs.univ-jfc.fr\/vphn\/wp-json\/wp\/v2\/media?parent=251"}],"curies":[{"name":"wp","href":"https:\/\/api.w.org\/{rel}","templated":true}]}}