{"id":275,"date":"2018-01-18T11:43:07","date_gmt":"2018-01-18T10:43:07","guid":{"rendered":"http:\/\/blogs.univ-jfc.fr\/vphn\/?page_id=275"},"modified":"2018-04-17T05:52:51","modified_gmt":"2018-04-17T03:52:51","slug":"le-centre-hospitalier-sainte-marie-de-rodez-2017","status":"publish","type":"page","link":"https:\/\/blogs.univ-jfc.fr\/vphn\/patrimoine-et-sites-remarquables\/le-centre-hospitalier-sainte-marie-de-rodez-2017\/","title":{"rendered":"Le centre hospitalier Sainte-Marie de Rodez [2017]"},"content":{"rendered":"<p class=\"p1\"><span class=\"s1\"><b>L\u2019architecture m\u00e9dicale et le traitement des maladies mentales (XIII<sup>e<\/sup>-XVIII<sup>e<\/sup> si\u00e8cle)<\/b><\/span><\/p>\n<div style=\"text-align: left\" align=\"justified\">\n<div align=\"justified\"><\/div>\n<p align=\"justify\">Le traitement des maladies remonte \u00e0 l\u2019Antiquit\u00e9, comme en t\u00e9moignent des \u00e9crits d&rsquo;Hippocrate en 400 av. J-C, <span class=\"s2\">ainsi <\/span><span class=\"s1\">sa \u00ab Th\u00e9orie des humeurs \u00bb bas\u00e9e sur l\u2019observation et le raisonnement. D\u2019autres r\u00e9flexions mettent en avant des explications surnaturelles pour certaines maladies comme l\u2019<a href=\"http:\/\/blogs.univ-jfc.fr\/vphn\/patrimoine-et-sites-remarquables\/le-centre-hospitalier-sainte-marie-de-rodez-2017\/le-centre-hospitalier-sainte-marie-de-rodez-2017\/\" target=\"_blank\" rel=\"noopener noreferrer\">hyst\u00e9rie<\/a>. Elle serait, selon les contemporains de l&rsquo;\u00e9poque antique, un ph\u00e9nom\u00e8ne li\u00e9 au genre f\u00e9minin. Pour autant, il faut attendre longtemps pour que ces r\u00e9flexions sur les maladies aboutissent \u00e0 la cr\u00e9ation d\u2019\u00e9tablissements hospitaliers sp\u00e9cifiques. En France, ceux-ci se d\u00e9veloppent \u00e0 l\u2019\u00e9poque m\u00e9di\u00e9vale.<\/span><\/p>\n<\/div>\n<div style=\"text-align: left\" align=\"justified\"><\/div>\n<div align=\"justified\"><\/div>\n<p align=\"justify\">Ces \u00e9tablissements \u00e9tant organis\u00e9s par l\u2019\u00c9glise, il y a donc une pr\u00e9sence majeure de la religion dans ces \u00e9tablissements et notamment dans ceux que l\u2019on qualifiait H\u00f4tel-Dieu. Mais on ne peut pas parler d\u2019architecture m\u00e9dicale. A l&rsquo;\u00e9poque m\u00e9di\u00e9vale<span class=\"s2\">,<\/span><span class=\"s1\"> la maladie \u00e9tait une punition divine ayant un rapport direct avec le diable. Le fou \u00e9tait <\/span><span class=\"s2\">donc <\/span><span class=\"s1\">trait\u00e9 <\/span><span class=\"s2\">et<\/span><span class=\"s1\"> exorcis\u00e9. En outre, ces \u00e9tablissements rassemblaient tout le monde : malades, orphelins et mendiants. Parmi les premiers \u00e9tablissements, il y a ceux cr\u00e9\u00e9s au XIII<sup>e<\/sup> si\u00e8cle par Marguerite de Bourgogne \u00e0 Tonnerre, qui <\/span><span class=\"s2\">a<\/span><span class=\"s1\"> pu, gr\u00e2ce \u00e0 son statu<\/span><span class=\"s2\">t<\/span><span class=\"s1\"> de comtesse, <\/span><span class=\"s2\">les <\/span><span class=\"s1\">mettre en place <\/span><span class=\"s2\">et les <\/span><span class=\"s1\">maintenir. <\/span><span class=\"s2\">Imitant <\/span><span class=\"s1\">la charit\u00e9 du Christ<\/span><span class=\"s3\">, e<\/span><span class=\"s1\">lle se distingu<\/span><span class=\"s2\">e<\/span><span class=\"s1\"> par son souci de l\u2019architecture, par exemple en tenant \u00e0 la pr\u00e9sence d\u2019une salle de malades.\u00a0<\/span><\/p>\n<p>&nbsp;<\/p>\n<p class=\"p3\"><img loading=\"lazy\" class=\"alignnone size-medium wp-image-1982\" src=\"http:\/\/blogs.univ-jfc.fr\/vphn\/wp-content\/uploads\/sites\/65\/2018\/02\/diapo-300x225.jpg\" alt=\"\" width=\"300\" height=\"225\" srcset=\"https:\/\/blogs.univ-jfc.fr\/vphn\/wp-content\/uploads\/sites\/65\/2018\/02\/diapo-300x225.jpg 300w, https:\/\/blogs.univ-jfc.fr\/vphn\/wp-content\/uploads\/sites\/65\/2018\/02\/diapo-768x576.jpg 768w, https:\/\/blogs.univ-jfc.fr\/vphn\/wp-content\/uploads\/sites\/65\/2018\/02\/diapo-1024x768.jpg 1024w\" sizes=\"(max-width: 300px) 100vw, 300px\" \/><\/p>\n<p class=\"p1\"><span class=\"s1\">Salle des malades de l&rsquo;H\u00f4tel-dieu de Marguerite de Tonnerre<\/span><\/p>\n<p align=\"justify\">C\u2019est au XVII<span class=\"s2\"><sup>e<\/sup><\/span><span class=\"s1\">\u00a0si\u00e8cle que le nombre d&rsquo;\u00e9tablissements\u00a0s\u2019accro\u00eet.\u00a0Dans les villes, ils forment des h\u00f4pitaux g\u00e9n\u00e9raux, ainsi celui de Paris en 1680.\u00a0C\u2019est aussi le si\u00e8cle du d\u00e9veloppement de\u00a0l\u2019architecture m\u00e9dicale.\u00a0On passe des\u00a0grandes salles du XIII<\/span><span class=\"s2\"><sup>e\u00a0<\/sup><\/span><span class=\"s1\">si\u00e8cle\u00a0\u00e0 de vrais b\u00e2timents compartiment\u00e9s et structur\u00e9s. L\u2019H\u00f4tel-Dieu de Lyon illustre cette \u00e9volution. Construit entre 1741 et 1764 par Soufflot,\u00a0il\u00a0poss\u00e8de un d\u00f4me\u00a0produisant\u00a0un appel d\u2019air constant dans l\u2019h\u00f4pital. Au XVIII<\/span><span class=\"s2\"><sup>e<\/sup><\/span><span class=\"s1\">\u00a0si\u00e8cle la notion de \u00ab <a href=\"http:\/\/blogs.univ-jfc.fr\/vphn\/patrimoine-et-sites-remarquables\/le-centre-hospitalier-sainte-marie-de-rodez-2017\/le-centre-hospitalier-sainte-marie-de-rodez-2017\/\" target=\"_blank\" rel=\"noopener noreferrer\">traitement moral<\/a> \u00bb par le m\u00e9decin Willliam Battie renforce cette \u00e9volution.\u00a0On consid\u00e8re alors que\u00a0l\u2019environnement peut avoir autant d&rsquo;effets sur le patient que la m\u00e9decine. Les architectes doivent donc prendre en compte les sp\u00e9cificit\u00e9s de chaque maladie.\u00a0<\/span><\/p>\n<p>&nbsp;<\/p>\n<p class=\"p1\"><img loading=\"lazy\" class=\"alignnone size-medium wp-image-1984\" src=\"http:\/\/blogs.univ-jfc.fr\/vphn\/wp-content\/uploads\/sites\/65\/2018\/02\/diapo1-300x150.jpg\" alt=\"\" width=\"300\" height=\"150\" srcset=\"https:\/\/blogs.univ-jfc.fr\/vphn\/wp-content\/uploads\/sites\/65\/2018\/02\/diapo1-300x150.jpg 300w, https:\/\/blogs.univ-jfc.fr\/vphn\/wp-content\/uploads\/sites\/65\/2018\/02\/diapo1-768x384.jpg 768w, https:\/\/blogs.univ-jfc.fr\/vphn\/wp-content\/uploads\/sites\/65\/2018\/02\/diapo1.jpg 800w\" sizes=\"(max-width: 300px) 100vw, 300px\" \/><\/p>\n<p class=\"p1\"><span class=\"s1\">Le d\u00f4me de l&rsquo;h\u00f4pital de Lyon<\/span><\/p>\n<p>&nbsp;<\/p>\n<p>En savoir plus : <a href=\"https:\/\/youtu.be\/gz0iEz8hilI\" target=\"_blank\" rel=\"noopener noreferrer\">reportage de Clara Sanchez.<\/a><\/p>\n<p>&nbsp;<\/p>\n<p>&nbsp;<\/p>\n<p>Etudiantes : L2 : Sarah Anglade. L1 : Clara Sanchez &amp; Lucie Montero.<\/p>\n","protected":false},"excerpt":{"rendered":"<p>L\u2019architecture m\u00e9dicale et le traitement des maladies mentales (XIIIe-XVIIIe si\u00e8cle) Le traitement des maladies remonte \u00e0 l\u2019Antiquit\u00e9, comme en t\u00e9moignent des \u00e9crits d&rsquo;Hippocrate en 400 av. J-C, ainsi sa \u00ab Th\u00e9orie des humeurs \u00bb bas\u00e9e sur l\u2019observation et le raisonnement. D\u2019autres r\u00e9flexions mettent en avant des explications surnaturelles pour certaines maladies comme l\u2019hyst\u00e9rie. Elle serait, &hellip; <\/p>\n<p class=\"link-more\"><a href=\"https:\/\/blogs.univ-jfc.fr\/vphn\/patrimoine-et-sites-remarquables\/le-centre-hospitalier-sainte-marie-de-rodez-2017\/\" class=\"more-link\">Continuer la lecture<span class=\"screen-reader-text\"> de &laquo;&nbsp;Le centre hospitalier Sainte-Marie de Rodez [2017]&nbsp;&raquo;<\/span><\/a><\/p>\n","protected":false},"author":19,"featured_media":0,"parent":30,"menu_order":4,"comment_status":"closed","ping_status":"closed","template":"","meta":[],"_links":{"self":[{"href":"https:\/\/blogs.univ-jfc.fr\/vphn\/wp-json\/wp\/v2\/pages\/275"}],"collection":[{"href":"https:\/\/blogs.univ-jfc.fr\/vphn\/wp-json\/wp\/v2\/pages"}],"about":[{"href":"https:\/\/blogs.univ-jfc.fr\/vphn\/wp-json\/wp\/v2\/types\/page"}],"author":[{"embeddable":true,"href":"https:\/\/blogs.univ-jfc.fr\/vphn\/wp-json\/wp\/v2\/users\/19"}],"replies":[{"embeddable":true,"href":"https:\/\/blogs.univ-jfc.fr\/vphn\/wp-json\/wp\/v2\/comments?post=275"}],"version-history":[{"count":13,"href":"https:\/\/blogs.univ-jfc.fr\/vphn\/wp-json\/wp\/v2\/pages\/275\/revisions"}],"predecessor-version":[{"id":2127,"href":"https:\/\/blogs.univ-jfc.fr\/vphn\/wp-json\/wp\/v2\/pages\/275\/revisions\/2127"}],"up":[{"embeddable":true,"href":"https:\/\/blogs.univ-jfc.fr\/vphn\/wp-json\/wp\/v2\/pages\/30"}],"wp:attachment":[{"href":"https:\/\/blogs.univ-jfc.fr\/vphn\/wp-json\/wp\/v2\/media?parent=275"}],"curies":[{"name":"wp","href":"https:\/\/api.w.org\/{rel}","templated":true}]}}

<p class="p1"><span class="s1"><b>L’architecture médicale et le traitement des maladies mentales (XIII<sup>e</sup>-XVIII<sup>e</sup> siècle)</b></span></p>
<div style="text-align: left" align="justified">
<div align="justified"></div>
<p align="justify">Le traitement des maladies remonte à l’Antiquité, comme en témoignent des écrits d&rsquo;Hippocrate en 400 av. J-C, <span class="s2">ainsi </span><span class="s1">sa « Théorie des humeurs » basée sur l’observation et le raisonnement. D’autres réflexions mettent en avant des explications surnaturelles pour certaines maladies comme l’<a href="http://blogs.univ-jfc.fr/vphn/patrimoine-et-sites-remarquables/le-centre-hospitalier-sainte-marie-de-rodez-2017/le-centre-hospitalier-sainte-marie-de-rodez-2017/" target="_blank" rel="noopener noreferrer">hystérie</a>. Elle serait, selon les contemporains de l&rsquo;époque antique, un phénomène lié au genre féminin. Pour autant, il faut attendre longtemps pour que ces réflexions sur les maladies aboutissent à la création d’établissements hospitaliers spécifiques. En France, ceux-ci se développent à l’époque médiévale.</span></p>
</div>
<div style="text-align: left" align="justified"></div>
<div align="justified"></div>
<p align="justify">Ces établissements étant organisés par l’Église, il y a donc une présence majeure de la religion dans ces établissements et notamment dans ceux que l’on qualifiait Hôtel-Dieu. Mais on ne peut pas parler d’architecture médicale. A l&rsquo;époque médiévale<span class="s2">,</span><span class="s1"> la maladie était une punition divine ayant un rapport direct avec le diable. Le fou était </span><span class="s2">donc </span><span class="s1">traité </span><span class="s2">et</span><span class="s1"> exorcisé. En outre, ces établissements rassemblaient tout le monde : malades, orphelins et mendiants. Parmi les premiers établissements, il y a ceux créés au XIII<sup>e</sup> siècle par Marguerite de Bourgogne à Tonnerre, qui </span><span class="s2">a</span><span class="s1"> pu, grâce à son statu</span><span class="s2">t</span><span class="s1"> de comtesse, </span><span class="s2">les </span><span class="s1">mettre en place </span><span class="s2">et les </span><span class="s1">maintenir. </span><span class="s2">Imitant </span><span class="s1">la charité du Christ</span><span class="s3">, e</span><span class="s1">lle se distingu</span><span class="s2">e</span><span class="s1"> par son souci de l’architecture, par exemple en tenant à la présence d’une salle de malades. </span></p>
<p>&nbsp;</p>
<p class="p3"><img loading="lazy" class="alignnone size-medium wp-image-1982" src="http://blogs.univ-jfc.fr/vphn/wp-content/uploads/sites/65/2018/02/diapo-300x225.jpg" alt="" width="300" height="225" srcset="https://blogs.univ-jfc.fr/vphn/wp-content/uploads/sites/65/2018/02/diapo-300x225.jpg 300w, https://blogs.univ-jfc.fr/vphn/wp-content/uploads/sites/65/2018/02/diapo-768x576.jpg 768w, https://blogs.univ-jfc.fr/vphn/wp-content/uploads/sites/65/2018/02/diapo-1024x768.jpg 1024w" sizes="(max-width: 300px) 100vw, 300px" /></p>
<p class="p1"><span class="s1">Salle des malades de l&rsquo;Hôtel-dieu de Marguerite de Tonnerre</span></p>
<p align="justify">C’est au XVII<span class="s2"><sup>e</sup></span><span class="s1"> siècle que le nombre d&rsquo;établissements s’accroît. Dans les villes, ils forment des hôpitaux généraux, ainsi celui de Paris en 1680. C’est aussi le siècle du développement de l’architecture médicale. On passe des grandes salles du XIII</span><span class="s2"><sup>e </sup></span><span class="s1">siècle à de vrais bâtiments compartimentés et structurés. L’Hôtel-Dieu de Lyon illustre cette évolution. Construit entre 1741 et 1764 par Soufflot, il possède un dôme produisant un appel d’air constant dans l’hôpital. Au XVIII</span><span class="s2"><sup>e</sup></span><span class="s1"> siècle la notion de « <a href="http://blogs.univ-jfc.fr/vphn/patrimoine-et-sites-remarquables/le-centre-hospitalier-sainte-marie-de-rodez-2017/le-centre-hospitalier-sainte-marie-de-rodez-2017/" target="_blank" rel="noopener noreferrer">traitement moral</a> » par le médecin Willliam Battie renforce cette évolution. On considère alors que l’environnement peut avoir autant d&rsquo;effets sur le patient que la médecine. Les architectes doivent donc prendre en compte les spécificités de chaque maladie. </span></p>
<p>&nbsp;</p>
<p class="p1"><img loading="lazy" class="alignnone size-medium wp-image-1984" src="http://blogs.univ-jfc.fr/vphn/wp-content/uploads/sites/65/2018/02/diapo1-300x150.jpg" alt="" width="300" height="150" srcset="https://blogs.univ-jfc.fr/vphn/wp-content/uploads/sites/65/2018/02/diapo1-300x150.jpg 300w, https://blogs.univ-jfc.fr/vphn/wp-content/uploads/sites/65/2018/02/diapo1-768x384.jpg 768w, https://blogs.univ-jfc.fr/vphn/wp-content/uploads/sites/65/2018/02/diapo1.jpg 800w" sizes="(max-width: 300px) 100vw, 300px" /></p>
<p class="p1"><span class="s1">Le dôme de l&rsquo;hôpital de Lyon</span></p>
<p>&nbsp;</p>
<p>En savoir plus : <a href="https://youtu.be/gz0iEz8hilI" target="_blank" rel="noopener noreferrer">reportage de Clara Sanchez.</a></p>
<p>&nbsp;</p>
<p>&nbsp;</p>
<p>Etudiantes : L2 : Sarah Anglade. L1 : Clara Sanchez &amp; Lucie Montero.</p>

<p>L’architecture médicale et le traitement des maladies mentales (XIIIe-XVIIIe siècle) Le traitement des maladies remonte à l’Antiquité, comme en témoignent des écrits d&rsquo;Hippocrate en 400 av. J-C, ainsi sa « Théorie des humeurs » basée sur l’observation et le raisonnement. D’autres réflexions mettent en avant des explications surnaturelles pour certaines maladies comme l’hystérie. Elle serait, &hellip; </p>
<p class="link-more"><a href="https://blogs.univ-jfc.fr/vphn/patrimoine-et-sites-remarquables/le-centre-hospitalier-sainte-marie-de-rodez-2017/" class="more-link">Continuer la lecture<span class="screen-reader-text"> de &laquo;&nbsp;Le centre hospitalier Sainte-Marie de Rodez [2017]&nbsp;&raquo;</span></a></p>
