{"id":3190,"date":"2019-02-07T17:13:48","date_gmt":"2019-02-07T16:13:48","guid":{"rendered":"http:\/\/blogs.univ-jfc.fr\/vphn\/?page_id=3190"},"modified":"2019-05-07T11:56:27","modified_gmt":"2019-05-07T09:56:27","slug":"3190-2","status":"publish","type":"page","link":"https:\/\/blogs.univ-jfc.fr\/vphn\/patrimoine-et-sites-remarquables\/3190-2\/","title":{"rendered":"Le ch\u00e2teau d&rsquo;Estaing : si\u00e8ge d&rsquo;une puissante famille locale [2018]"},"content":{"rendered":"<p><!-- @page { margin: 2cm } PRE.cjk { font-family: \"NSimSun\", monospace } P { margin-bottom: 0.21cm } --><br \/>\n<!-- @page { margin: 2cm } PRE.cjk { font-family: \"NSimSun\", monospace } P { margin-bottom: 0.21cm } --><\/p>\n<p align=\"justify\">Construit \u00e0 l&rsquo;aube du Bas Moyen \u00c2ge sur un emplacement strat\u00e9gique dominant le Lot, le ch\u00e2teau d&rsquo;Estaing fut pendant 800 ans la demeure de la famille du m\u00eame nom.<\/p>\n<figure id=\"attachment_3197\" aria-describedby=\"caption-attachment-3197\" style=\"width: 358px\" class=\"wp-caption aligncenter\"><img loading=\"lazy\" class=\"wp-image-3197\" src=\"http:\/\/blogs.univ-jfc.fr\/vphn\/wp-content\/uploads\/sites\/65\/2019\/02\/xchateau-d-estaing-2-le-chateau-et-le-pont-sur-le-lot_w2000-200x300.jpg\" alt=\"\" width=\"358\" height=\"537\" srcset=\"https:\/\/blogs.univ-jfc.fr\/vphn\/wp-content\/uploads\/sites\/65\/2019\/02\/xchateau-d-estaing-2-le-chateau-et-le-pont-sur-le-lot_w2000-200x300.jpg 200w, https:\/\/blogs.univ-jfc.fr\/vphn\/wp-content\/uploads\/sites\/65\/2019\/02\/xchateau-d-estaing-2-le-chateau-et-le-pont-sur-le-lot_w2000-768x1153.jpg 768w, https:\/\/blogs.univ-jfc.fr\/vphn\/wp-content\/uploads\/sites\/65\/2019\/02\/xchateau-d-estaing-2-le-chateau-et-le-pont-sur-le-lot_w2000-682x1024.jpg 682w, https:\/\/blogs.univ-jfc.fr\/vphn\/wp-content\/uploads\/sites\/65\/2019\/02\/xchateau-d-estaing-2-le-chateau-et-le-pont-sur-le-lot_w2000.jpg 888w\" sizes=\"(max-width: 358px) 100vw, 358px\" \/><figcaption id=\"caption-attachment-3197\" class=\"wp-caption-text\">Photographie du village et du ch\u00e2teau d&rsquo;Estaing<\/figcaption><\/figure>\n<p>&nbsp;<\/p>\n<p align=\"justify\">Ses membres, qu&rsquo;ils aient \u00e9t\u00e9 militaires ou religieux ont\u00a0 pour certains jou\u00e9 un r\u00f4le important autant au niveau local (Rouergue, Occitanie) que national (voire international).<\/p>\n<p>&nbsp;<\/p>\n<h1><strong>La naissance du ch\u00e2teau et l&rsquo;\u00e9poque romane :<\/strong><\/h1>\n<p align=\"justify\">Situ\u00e9 sur un emplacement strat\u00e9gique dominant le Lot, ce ch\u00e2teau a une belle particularit\u00e9\u00a0: c&rsquo;est son pluralisme de style.<br \/>\nLa premi\u00e8re pierre du ch\u00e2teau d&rsquo;Estaing est pos\u00e9e au milieu du XIe si\u00e8cle et sont encore visibles quelques parties de cette \u00e9poque de style roman. N\u00e9anmoins, on ignore le plan et la distribution du ch\u00e2teau \u00e0 cette \u00e9poque, car il a fait l&rsquo;objet d&rsquo;am\u00e9nagements successifs aux XIIe et XIIIe si\u00e8cle lui donnant son aspect d\u00e9fensif imposant.<\/p>\n<h1><strong>Un ch\u00e2teau marqu\u00e9 par l&rsquo;architecture gothique\u00a0:<\/strong><\/h1>\n<p align=\"justify\">S&rsquo;ouvre ensuite une p\u00e9riode trouble pour le Royaume de France avec la guerre de Cent Ans. D\u00e9but XVe, la zone est ainsi \u00e9cum\u00e9e par des bandes de pillards comme les routiers. N\u00e9anmoins une puissante garnison seigneuriale \u00e9tait install\u00e9e au ch\u00e2teau \u00e0 l&rsquo;\u00e9poque pr\u00e9servant la s\u00e9curit\u00e9 des environs.<\/p>\n<p align=\"justify\">La seconde moiti\u00e9 du XVe si\u00e8cle voit la situation sociale et \u00e9conomique devenir moins critique. Ceci peut se traduire par l&rsquo;ajout d&rsquo;une nouvelle aile r\u00e9sidentielle au sud du ch\u00e2teau, devenant\u00a0le logis principal, dominant la cour haute.<\/p>\n<p align=\"justify\">Afin de relier les diff\u00e9rentes parties du ch\u00e2teau, il est d\u00e9cid\u00e9 de construire une tr\u00e8s haute tour \u00e0 escalier en vis mais cela a entra\u00een\u00e9 la destruction de la majeure partie du donjon d&rsquo;origine. La partie restante du donjon est d\u00e9plac\u00e9e \u00e0 l&rsquo;est, mont\u00e9e de deux niveaux pour devenir la chapelle seigneuriale de style gothique.<\/p>\n<p align=\"justify\">Le soin ornemental dans toutes ces modifications est tr\u00e8s pouss\u00e9.<\/p>\n<h1><strong>L&rsquo;apport marqu\u00e9 de la Renaissance\u00a0:<\/strong><\/h1>\n<p align=\"justify\">Le XVIe si\u00e8cle voit de nombreux apports pour le ch\u00e2teau. Marqu\u00e9 par la Renaissance, l&rsquo;\u00e9l\u00e9ment marquant de cette \u00e9poque est la cr\u00e9ation d&rsquo;une courtine au sud du ch\u00e2teau que l&rsquo;on peut attribuer \u00e0 un renouveau apr\u00e8s la fin des guerres de religion et le retour de la paix.<\/p>\n<p align=\"justify\">Au d\u00e9but du XVIIe si\u00e8cle ont \u00e9t\u00e9 men\u00e9 des travaux de r\u00e9am\u00e9nagement des b\u00e2timents du XIe et du XIIIe si\u00e8cle. Le style gothique dispara\u00eet au profit de nouveaux percements.<\/p>\n<p align=\"justify\">Mais avec la mort de Jean III en 1621, l&rsquo;\u00e9volution architecturale du ch\u00e2teau cesse car ses descendants partent s&rsquo;installer ailleurs.<\/p>\n<p align=\"justify\">Ainsi, le reste du XVIIe et le XVIIIe si\u00e8cle ont \u00e9t\u00e9 assez pauvres pour l&rsquo;am\u00e9nagement du ch\u00e2teau, d\u00e9laiss\u00e9 de ses propri\u00e9taires, lui pr\u00e9f\u00e9rant d&rsquo;autres domaines puis la cour du roi \u00e0 Versailles.<\/p>\n<figure id=\"attachment_3201\" aria-describedby=\"caption-attachment-3201\" style=\"width: 300px\" class=\"wp-caption aligncenter\"><img loading=\"lazy\" class=\"wp-image-3201 size-medium\" src=\"http:\/\/blogs.univ-jfc.fr\/vphn\/wp-content\/uploads\/sites\/65\/2019\/02\/100_2832-300x202.jpg\" alt=\"\" width=\"300\" height=\"202\" srcset=\"https:\/\/blogs.univ-jfc.fr\/vphn\/wp-content\/uploads\/sites\/65\/2019\/02\/100_2832-300x202.jpg 300w, https:\/\/blogs.univ-jfc.fr\/vphn\/wp-content\/uploads\/sites\/65\/2019\/02\/100_2832.jpg 599w\" sizes=\"(max-width: 300px) 100vw, 300px\" \/><figcaption id=\"caption-attachment-3201\" class=\"wp-caption-text\">Vue en coupe du ch\u00e2teau d&rsquo;Estaing selon les diff\u00e9rentes \u00e9poques de construction<\/figcaption><\/figure>\n<h1><strong>Le domaine militaire, raison\u00a0d&rsquo;\u00eatre de la noblesse\u00a0:<\/strong><\/h1>\n<p align=\"justify\">Les barons d&rsquo;Estaing et parfois leurs fils ont \u00e9t\u00e9 en premier lieu des chevaliers \u00e0 l&rsquo;\u00e9poque f\u00e9odale, combattant tour \u00e0 tour pour Philippe-Auguste ou Richard C\u0153ur de Lion en Terre sainte.<\/p>\n<p align=\"justify\">La p\u00e9riode la plus marquante pour la chevalerie fran\u00e7aise vient avec la guerre de Cent Ans. Celle-ci a touch\u00e9 5 g\u00e9n\u00e9rations d&rsquo;Estaing qui sont rest\u00e9s toute la guerre fid\u00e8les au roi de France. Cette fid\u00e9lit\u00e9 continue apr\u00e8s le Moyen-Age. Si la guerre ne touche plus le territoire fran\u00e7ais en lui-m\u00eame pendant un si\u00e8cle, elle reprend avec les Guerres de Religion o\u00f9 s&rsquo;implique Jean III d&rsquo;Estaing en Rouergue mais surtout en Auvergne.<\/p>\n<p align=\"justify\">C&rsquo;est par la suite sous la royaut\u00e9\u00a0absolue que l&rsquo;on retrouve deux membres de la famille d&rsquo;Estaing dans l&rsquo;arm\u00e9e royale. Le premier, Fran\u00e7ois III d&rsquo;Estaing, fut lieutenant g\u00e9n\u00e9ral des arm\u00e9es du roi. Le second, <a href=\"http:\/\/blogs.univ-jfc.fr\/vphn\/2019\/02\/07\/charles-henri-destaing\/\" target=\"_blank\" rel=\"noopener noreferrer\">Charles-Henri d&rsquo;Estaing<\/a> a connu une carri\u00e8re tr\u00e8s mouvement\u00e9e. D&rsquo;abord officier dans l&rsquo;arm\u00e9e terre, il termine vice-amiral lors de la guerre d&rsquo;ind\u00e9pendance am\u00e9ricaine.<\/p>\n<h1><strong>La d\u00f4merie d&rsquo;Aubrac\u00a0:<\/strong><\/h1>\n<p align=\"justify\">La d\u00f4merie d&rsquo;Aubrac a \u00e9t\u00e9 fond\u00e9e entre 1108 et 1125 par l&rsquo;abbaye de Conques. Elle remplissait les fonctions de monast\u00e8re et d&rsquo;h\u00f4pital accueillant les malades mais aussi les p\u00e8lerins en difficult\u00e9 sur la via Podiensis, un des chemins menant \u00e0 Saint-Jacques de Compostelle. \u00c9chappant rapidement au contr\u00f4le de Conques, la d\u00f4merie s&rsquo;est impos\u00e9e aux si\u00e8cles suivants comme un acteur politique et \u00e9conomique de premier plan. Si l&rsquo;Aubrac en lui-m\u00eame \u00e9tait un territoire pauvre, de nombreuses voies de communications et commerciales comme celle du sel le traversaient.<br \/>\nEn 1437 la d\u00f4merie est tomb\u00e9e en commende c&rsquo;est \u00e0 dire qu&rsquo;un la\u00efque ou un eccl\u00e9siastique la dirige tout en recevant ses revenus. Le premier a s&#8217;emparer du poste de dom d&rsquo;Aubrac est Pierre d&rsquo;Estaing. Lui a succ\u00e9d\u00e9 par la suite son fils Jean d&rsquo;Estaing, ancien sacriste et chamarier, en 1469. Une derni\u00e8re g\u00e9n\u00e9ration d&rsquo;Estaing lui succ\u00e8de avec son neveu Antoine d&rsquo;Estaing en 1495 pour c\u00e9der sa place \u00e0 sa mort en 1523.<\/p>\n<figure id=\"attachment_3205\" aria-describedby=\"caption-attachment-3205\" style=\"width: 300px\" class=\"wp-caption aligncenter\"><img loading=\"lazy\" class=\"wp-image-3205 size-medium\" src=\"http:\/\/blogs.univ-jfc.fr\/vphn\/wp-content\/uploads\/sites\/65\/2019\/02\/Village_dAubrac_Aveyron-300x200.jpg\" alt=\"\" width=\"300\" height=\"200\" srcset=\"https:\/\/blogs.univ-jfc.fr\/vphn\/wp-content\/uploads\/sites\/65\/2019\/02\/Village_dAubrac_Aveyron-300x200.jpg 300w, https:\/\/blogs.univ-jfc.fr\/vphn\/wp-content\/uploads\/sites\/65\/2019\/02\/Village_dAubrac_Aveyron-768x512.jpg 768w, https:\/\/blogs.univ-jfc.fr\/vphn\/wp-content\/uploads\/sites\/65\/2019\/02\/Village_dAubrac_Aveyron-1024x683.jpg 1024w, https:\/\/blogs.univ-jfc.fr\/vphn\/wp-content\/uploads\/sites\/65\/2019\/02\/Village_dAubrac_Aveyron.jpg 1200w\" sizes=\"(max-width: 300px) 100vw, 300px\" \/><figcaption id=\"caption-attachment-3205\" class=\"wp-caption-text\">Photographie de la d\u00f4merie d&rsquo;Aubrac<\/figcaption><\/figure>\n<h1><strong>Le haut-clerg\u00e9\u00a0:<\/strong><\/h1>\n<p align=\"justify\">Le haut-clerg\u00e9 est un terme pour d\u00e9signer les fonctions cl\u00e9ricales importantes dans la religion catholique. Sous l&rsquo;Ancien R\u00e9gime, ces postes \u00e9taient particuli\u00e8rement vis\u00e9s par la noblesse car prestigieux mais aussi source de pouvoir \u00e9tant donn\u00e9 le poids qu&rsquo;avait la religion dans la soci\u00e9t\u00e9. La famille d&rsquo;Estaing n&rsquo;a pas \u00e9chapp\u00e9 \u00e0 cette r\u00e8gle. En effet, \u00e0 chaque g\u00e9n\u00e9ration au moins un membre de la famille finissait avec une fonction cl\u00e9ricale importante. Si l&rsquo;\u00e9v\u00each\u00e9 de Rodez \u00e9tait tr\u00e8s pris\u00e9, certains ont exerc\u00e9 d&rsquo;autres fonctions comme archev\u00eaque, chanoine et m\u00eame cardinal avec <a href=\"http:\/\/blogs.univ-jfc.fr\/vphn\/pierre-destaing-1320-1377\/\" target=\"_blank\" rel=\"noopener noreferrer\">Pierre d&rsquo;Estaing<\/a> en 1369.<\/p>\n<p align=\"justify\">L&rsquo; \u00e9v\u00each\u00e9 ruth\u00e9nois tant recherch\u00e9 par les puissants du Rouergue revient \u00e0 la famille d&rsquo;Estaing en 1501 avec <a href=\"http:\/\/blogs.univ-jfc.fr\/vphn\/francois-destaing-1460-1529\/\" target=\"_blank\" rel=\"noopener noreferrer\">Fran\u00e7ois d&rsquo;Estaing<\/a> .<br \/>\nPar la suite, les membres du haut-clerg\u00e9 sont moins connus. On peut n\u00e9anmoins citer Joachim d&rsquo;Estaing, \u00e9v\u00eaque de Clermont de 1615 \u00e0 1650, poste occup\u00e9 ensuite par son fr\u00e8re Louis d&rsquo;Estaing de 1651 \u00e0 1664.<\/p>\n<p align=\"justify\">Ainsi les Estaing ont, au fil des si\u00e8cles, suivi une ligne politique et religieuse constante qui a assis leur puissance. Le ch\u00e2teau d&rsquo;Estaing a lui aussi jou\u00e9 un r\u00f4le important pour la famille. En effet, \u00e0 travers son \u00e9volution architecturale, on peut observer que la simple demeure seigneuriale fortifi\u00e9e du d\u00e9but a rapidement laiss\u00e9 place \u00e0 des fortifications cons\u00e9quentes et un riche am\u00e9nagement int\u00e9rieur.<\/p>\n<p>&nbsp;<\/p>\n<p><a href=\"http:\/\/blogs.univ-jfc.fr\/vphn\/bibliographie-chateau-destaing\/\">Bibliographie<\/a><\/p>\n<p>Etudiants: GINESTET Mathis<\/p>\n<p>VERHEYDE Pierre<\/p>\n<p>&nbsp;<\/p>\n<p>&nbsp;<\/p>\n","protected":false},"excerpt":{"rendered":"<p>Construit \u00e0 l&rsquo;aube du Bas Moyen \u00c2ge sur un emplacement strat\u00e9gique dominant le Lot, le ch\u00e2teau d&rsquo;Estaing fut pendant 800 ans la demeure de la famille du m\u00eame nom. &nbsp; Ses membres, qu&rsquo;ils aient \u00e9t\u00e9 militaires ou religieux ont\u00a0 pour certains jou\u00e9 un r\u00f4le important autant au niveau local (Rouergue, Occitanie) que national (voire international). &hellip; <\/p>\n<p class=\"link-more\"><a href=\"https:\/\/blogs.univ-jfc.fr\/vphn\/patrimoine-et-sites-remarquables\/3190-2\/\" class=\"more-link\">Continuer la lecture<span class=\"screen-reader-text\"> de &laquo;&nbsp;Le ch\u00e2teau d&rsquo;Estaing : si\u00e8ge d&rsquo;une puissante famille locale [2018]&nbsp;&raquo;<\/span><\/a><\/p>\n","protected":false},"author":585,"featured_media":0,"parent":30,"menu_order":0,"comment_status":"closed","ping_status":"closed","template":"","meta":[],"_links":{"self":[{"href":"https:\/\/blogs.univ-jfc.fr\/vphn\/wp-json\/wp\/v2\/pages\/3190"}],"collection":[{"href":"https:\/\/blogs.univ-jfc.fr\/vphn\/wp-json\/wp\/v2\/pages"}],"about":[{"href":"https:\/\/blogs.univ-jfc.fr\/vphn\/wp-json\/wp\/v2\/types\/page"}],"author":[{"embeddable":true,"href":"https:\/\/blogs.univ-jfc.fr\/vphn\/wp-json\/wp\/v2\/users\/585"}],"replies":[{"embeddable":true,"href":"https:\/\/blogs.univ-jfc.fr\/vphn\/wp-json\/wp\/v2\/comments?post=3190"}],"version-history":[{"count":19,"href":"https:\/\/blogs.univ-jfc.fr\/vphn\/wp-json\/wp\/v2\/pages\/3190\/revisions"}],"predecessor-version":[{"id":5139,"href":"https:\/\/blogs.univ-jfc.fr\/vphn\/wp-json\/wp\/v2\/pages\/3190\/revisions\/5139"}],"up":[{"embeddable":true,"href":"https:\/\/blogs.univ-jfc.fr\/vphn\/wp-json\/wp\/v2\/pages\/30"}],"wp:attachment":[{"href":"https:\/\/blogs.univ-jfc.fr\/vphn\/wp-json\/wp\/v2\/media?parent=3190"}],"curies":[{"name":"wp","href":"https:\/\/api.w.org\/{rel}","templated":true}]}}