{"id":3230,"date":"2019-02-07T17:42:13","date_gmt":"2019-02-07T16:42:13","guid":{"rendered":"http:\/\/blogs.univ-jfc.fr\/vphn\/?page_id=3230"},"modified":"2019-03-08T16:29:16","modified_gmt":"2019-03-08T15:29:16","slug":"francois-destaing-1460-1529","status":"publish","type":"page","link":"https:\/\/blogs.univ-jfc.fr\/vphn\/francois-destaing-1460-1529\/","title":{"rendered":"Fran\u00e7ois d&rsquo;Estaing (1460-1529)"},"content":{"rendered":"<figure id=\"attachment_3234\" aria-describedby=\"caption-attachment-3234\" style=\"width: 300px\" class=\"wp-caption aligncenter\"><img loading=\"lazy\" class=\"wp-image-3234 size-medium\" src=\"http:\/\/blogs.univ-jfc.fr\/vphn\/wp-content\/uploads\/sites\/65\/2019\/02\/Fran\u00e7ois-dEstaing-300x225.jpg\" alt=\"\" width=\"300\" height=\"225\" srcset=\"https:\/\/blogs.univ-jfc.fr\/vphn\/wp-content\/uploads\/sites\/65\/2019\/02\/Fran\u00e7ois-dEstaing-300x225.jpg 300w, https:\/\/blogs.univ-jfc.fr\/vphn\/wp-content\/uploads\/sites\/65\/2019\/02\/Fran\u00e7ois-dEstaing.jpg 666w\" sizes=\"(max-width: 300px) 100vw, 300px\" \/><figcaption id=\"caption-attachment-3234\" class=\"wp-caption-text\">Statue de Fran\u00e7ois d&rsquo;Estaing sur le pont qu&rsquo;il a fait construire \u00e0 Estaing<\/figcaption><\/figure>\n<p align=\"justify\">Fran\u00e7ois d\u2019Estaing est n\u00e9 en 1462 et meurt en 1529. D\u00e8s l&rsquo;enfance, il est destin\u00e9 aux ordres religieux. Il est nomm\u00e9 \u00e0 un canonicat \u00e0 Rodez en 1484. Il suit des \u00e9tudes \u00e0 Toulouse en droit canon et est nomm\u00e9 chanoine \u00e0 Lyon en 1489. Il devient l&rsquo;abb\u00e9 de plusieurs paroisses dans le Rouergue comme en 1494 \u00e0 Saint Chaffre. Il est \u00e9lu \u00e9v\u00eaque de Rodez lors dune p\u00e9riode de troubles et de tensions entre lui, Charles de Tournon (famille Polignac Rodez), le pape et le roi de France. Il est un conseill\u00e9 proche de Louis XII et participe aux conciles gallicans. Il d\u00e9core ses paroisses avec de nombreux tableaux et entreprend des travaux d&rsquo;agrandissement de la cath\u00e9drale de Rodez. Il est per\u00e7u comme d\u00e9vou\u00e9 et g\u00e9n\u00e9reux. Il devient r\u00e9ellement \u00e9v\u00eaque en 1504. Il applique la r\u00e9forme pastorale qui, avec ses actions, emp\u00eachent le d\u00e9veloppement du protestantisme dans le Rouergue. Il est appel\u00e9 localement le bienheureux Fran\u00e7ois d\u2019Estaing pour sa d\u00e9votion envers ses dioc\u00e9sains.<\/p>\n","protected":false},"excerpt":{"rendered":"<p>Fran\u00e7ois d\u2019Estaing est n\u00e9 en 1462 et meurt en 1529. D\u00e8s l&rsquo;enfance, il est destin\u00e9 aux ordres religieux. Il est nomm\u00e9 \u00e0 un canonicat \u00e0 Rodez en 1484. Il suit des \u00e9tudes \u00e0 Toulouse en droit canon et est nomm\u00e9 chanoine \u00e0 Lyon en 1489. Il devient l&rsquo;abb\u00e9 de plusieurs paroisses dans le Rouergue comme &hellip; <\/p>\n<p class=\"link-more\"><a href=\"https:\/\/blogs.univ-jfc.fr\/vphn\/francois-destaing-1460-1529\/\" class=\"more-link\">Continuer la lecture<span class=\"screen-reader-text\"> de &laquo;&nbsp;Fran\u00e7ois d&rsquo;Estaing (1460-1529)&nbsp;&raquo;<\/span><\/a><\/p>\n","protected":false},"author":585,"featured_media":0,"parent":0,"menu_order":0,"comment_status":"closed","ping_status":"closed","template":"","meta":[],"_links":{"self":[{"href":"https:\/\/blogs.univ-jfc.fr\/vphn\/wp-json\/wp\/v2\/pages\/3230"}],"collection":[{"href":"https:\/\/blogs.univ-jfc.fr\/vphn\/wp-json\/wp\/v2\/pages"}],"about":[{"href":"https:\/\/blogs.univ-jfc.fr\/vphn\/wp-json\/wp\/v2\/types\/page"}],"author":[{"embeddable":true,"href":"https:\/\/blogs.univ-jfc.fr\/vphn\/wp-json\/wp\/v2\/users\/585"}],"replies":[{"embeddable":true,"href":"https:\/\/blogs.univ-jfc.fr\/vphn\/wp-json\/wp\/v2\/comments?post=3230"}],"version-history":[{"count":4,"href":"https:\/\/blogs.univ-jfc.fr\/vphn\/wp-json\/wp\/v2\/pages\/3230\/revisions"}],"predecessor-version":[{"id":5025,"href":"https:\/\/blogs.univ-jfc.fr\/vphn\/wp-json\/wp\/v2\/pages\/3230\/revisions\/5025"}],"wp:attachment":[{"href":"https:\/\/blogs.univ-jfc.fr\/vphn\/wp-json\/wp\/v2\/media?parent=3230"}],"curies":[{"name":"wp","href":"https:\/\/api.w.org\/{rel}","templated":true}]}}