{"id":3242,"date":"2019-02-07T17:45:10","date_gmt":"2019-02-07T16:45:10","guid":{"rendered":"http:\/\/blogs.univ-jfc.fr\/vphn\/?page_id=3242"},"modified":"2019-03-08T16:26:44","modified_gmt":"2019-03-08T15:26:44","slug":"charles-henri-destaing-1729-1794","status":"publish","type":"page","link":"https:\/\/blogs.univ-jfc.fr\/vphn\/charles-henri-destaing-1729-1794\/","title":{"rendered":"Charles-Henri d&rsquo;Estaing (1729-1794)"},"content":{"rendered":"<figure id=\"attachment_3219\" aria-describedby=\"caption-attachment-3219\" style=\"width: 253px\" class=\"wp-caption aligncenter\"><img loading=\"lazy\" class=\"wp-image-3219 size-medium\" src=\"http:\/\/blogs.univ-jfc.fr\/vphn\/wp-content\/uploads\/sites\/65\/2019\/02\/Charles-Henri-dEstaing-253x300.jpg\" alt=\"\" width=\"253\" height=\"300\" srcset=\"https:\/\/blogs.univ-jfc.fr\/vphn\/wp-content\/uploads\/sites\/65\/2019\/02\/Charles-Henri-dEstaing-253x300.jpg 253w, https:\/\/blogs.univ-jfc.fr\/vphn\/wp-content\/uploads\/sites\/65\/2019\/02\/Charles-Henri-dEstaing-768x909.jpg 768w, https:\/\/blogs.univ-jfc.fr\/vphn\/wp-content\/uploads\/sites\/65\/2019\/02\/Charles-Henri-dEstaing-865x1024.jpg 865w\" sizes=\"(max-width: 253px) 100vw, 253px\" \/><figcaption id=\"caption-attachment-3219\" class=\"wp-caption-text\">Portrait de Charles-Henri d&rsquo;Estaing<\/figcaption><\/figure>\n<p align=\"justify\">Charles Henri d&rsquo;Estaing est un aristocrate et militaire fran\u00e7ais n\u00e9 en 1729 au ch\u00e2teau de Ravel et mort en 1794 \u00e0 Paris. Il fait ses \u00e9tudes aux c\u00f4t\u00e9s du futur Louis XVI et gravit les \u00e9chelons dans la hi\u00e9rarchie militaire en devenant mousquetaire en 1738 puis lieutenant du Rouergue en 1746. Il participe aux batailles de Rocourt et de Lauffeld en 1746 et 1747 (li\u00e8ge et Maastricht ) lors des guerres de successions d&rsquo;Autriche. En 1748, il est promu colonel du r\u00e9giment du Rouergue et son arm\u00e9e va \u00eatre le symbole du mod\u00e8le d\u2019infanterie \u00ab \u00e0 la prussienne \u00ab . En 1757, il est fait chevalier de Saint Louis. Il sert alors sous les ordres de Lally-Tallendal en Indes contre les Anglais. Il est fait prisonnier puis lib\u00e9r\u00e9 sur parole, promettant de ne plus attaquer les navires anglais. Il s\u2019engage ensuite comme corsaire dans l\u2019oc\u00e9an Indien. Charles d&rsquo;Estaing est de nouveau captur\u00e9 par les Anglais et \u00e0 nouveau lib\u00e9r\u00e9. En 1761, il est promu lieutenant g\u00e9n\u00e9ral des arm\u00e9es du roi et chef d&rsquo;escadre (marine) et en 1764, gouverneur g\u00e9n\u00e9ral des \u00celes du Vent. En 1767, gr\u00e2ce \u00e0 sa dignit\u00e9 et sa noblesse au combat, il devient chevalier dans l\u2019ordre du saint esprit. De 1778 \u00e0 1779 d\u2019Estaing est promu vice-amiral dans la guerre d&rsquo;ind\u00e9pendance am\u00e9ricaine. Peu apr\u00e8s il devient gouverneur de la Touraine. Lors de la r\u00e9volution fran\u00e7aise, il soutient le mouvement r\u00e9volutionnaire et devient m\u00eame amiral en 1793. Cependant lors d\u2019un t\u00e9moignage sur Marie Antoinette, Charles d\u2019Estaing ne convainc pas. Il est guillotin\u00e9 peu apr\u00e8s en 1794.<\/p>\n","protected":false},"excerpt":{"rendered":"<p>Charles Henri d&rsquo;Estaing est un aristocrate et militaire fran\u00e7ais n\u00e9 en 1729 au ch\u00e2teau de Ravel et mort en 1794 \u00e0 Paris. Il fait ses \u00e9tudes aux c\u00f4t\u00e9s du futur Louis XVI et gravit les \u00e9chelons dans la hi\u00e9rarchie militaire en devenant mousquetaire en 1738 puis lieutenant du Rouergue en 1746. Il participe aux batailles &hellip; <\/p>\n<p class=\"link-more\"><a href=\"https:\/\/blogs.univ-jfc.fr\/vphn\/charles-henri-destaing-1729-1794\/\" class=\"more-link\">Continuer la lecture<span class=\"screen-reader-text\"> de &laquo;&nbsp;Charles-Henri d&rsquo;Estaing (1729-1794)&nbsp;&raquo;<\/span><\/a><\/p>\n","protected":false},"author":585,"featured_media":0,"parent":0,"menu_order":0,"comment_status":"closed","ping_status":"closed","template":"","meta":[],"_links":{"self":[{"href":"https:\/\/blogs.univ-jfc.fr\/vphn\/wp-json\/wp\/v2\/pages\/3242"}],"collection":[{"href":"https:\/\/blogs.univ-jfc.fr\/vphn\/wp-json\/wp\/v2\/pages"}],"about":[{"href":"https:\/\/blogs.univ-jfc.fr\/vphn\/wp-json\/wp\/v2\/types\/page"}],"author":[{"embeddable":true,"href":"https:\/\/blogs.univ-jfc.fr\/vphn\/wp-json\/wp\/v2\/users\/585"}],"replies":[{"embeddable":true,"href":"https:\/\/blogs.univ-jfc.fr\/vphn\/wp-json\/wp\/v2\/comments?post=3242"}],"version-history":[{"count":5,"href":"https:\/\/blogs.univ-jfc.fr\/vphn\/wp-json\/wp\/v2\/pages\/3242\/revisions"}],"predecessor-version":[{"id":5022,"href":"https:\/\/blogs.univ-jfc.fr\/vphn\/wp-json\/wp\/v2\/pages\/3242\/revisions\/5022"}],"wp:attachment":[{"href":"https:\/\/blogs.univ-jfc.fr\/vphn\/wp-json\/wp\/v2\/media?parent=3242"}],"curies":[{"name":"wp","href":"https:\/\/api.w.org\/{rel}","templated":true}]}}