{"id":3392,"date":"2019-02-11T18:08:14","date_gmt":"2019-02-11T17:08:14","guid":{"rendered":"http:\/\/blogs.univ-jfc.fr\/vphn\/?page_id=3392"},"modified":"2019-02-11T18:32:12","modified_gmt":"2019-02-11T17:32:12","slug":"bibliographie-la-rivalite-entre-castres-et-albi-lors-de-la-creation-du-departement-du-tarn-pendant-la-revolution-francaise-2018","status":"publish","type":"page","link":"https:\/\/blogs.univ-jfc.fr\/vphn\/histoire-locale\/la-rivalite-entre-castres-et-albi-lors-de-la-creation-du-departement-du-tarn-pendant-la-revolution-francaise2018\/bibliographie-la-rivalite-entre-castres-et-albi-lors-de-la-creation-du-departement-du-tarn-pendant-la-revolution-francaise-2018\/","title":{"rendered":"Bibliographie- La rivalit\u00e9 entre Castres et Albi lors de la cr\u00e9ation du d\u00e9partement du Tarn pendant la R\u00e9volution fran\u00e7aise [2018]"},"content":{"rendered":"<h1 style=\"text-align: justify\">Bibliographie :<\/h1>\n<p style=\"text-align: justify\"><span style=\"text-decoration: underline\">Sources et documents:<\/span><\/p>\n<p style=\"text-align: justify\">\u2022 M. Gresle-Bouignol, Guide des Archives du Tarn, Albi, 1978, 474 p. (S\u00e9rie L, M, Q). \u2022 Pour Archives d\u00e9partementales, Inventaire de la s\u00e9rie L 70, 9 M 2\/15 et Q.<\/p>\n<p style=\"text-align: justify\">\u2022 H, Gresl\u00e9-Bouignol J. Bru, J. Arminguaud, Documents tarnais sur la R\u00e9volution fran\u00e7aise, 4 fascicules (1958-1970). \u2022 Famille Campas : Archives priv\u00e9es de la famille et archives d\u00e9pos\u00e9es aux Archives d\u00e9partementales du Tarn (fond ADT E 19 J 1) \u2022 Archives d\u00e9partementales du Tarn, Projet sur une meilleure organisation de la partie administrative et judiciaire du d\u00e9partement, 1780. Num\u00e9ro L213\/1.<\/p>\n<hr \/>\n<p style=\"text-align: justify\"><span style=\"text-decoration: underline\">Dictionnaires et Atlas historique :<\/span><\/p>\n<p style=\"text-align: justify\">\u2022 S. Bonin, C. Langlois, Atlas de la R\u00e9volution fran\u00e7aise, Tome : 5 &#8211; Le territoire, Les limites administratives, Atlas de la R\u00e9volution fran\u00e7aise, 1989<\/p>\n<p style=\"text-align: justify\">\u2022 J. Tulard, J-F. Fayard, A. Fierr, Histoire et dictionnaire de la R\u00e9volution fran\u00e7aise 1789-1799 \u2022<br \/>\nTravaux G\u00e9n\u00e9raux :<\/p>\n<p style=\"text-align: justify\">\u2022 E. Appolis , La formation du D\u00e9partement du Tarn, Biblioth\u00e8que de la Revue du Tarn, 1938. \u2022 H. Bru, La R\u00e9volution dans le Tarn, Broch\u00e9, 1989<\/p>\n<p style=\"text-align: justify\">\u2022 M. Fajn, \u00ab La diffusion de la presse r\u00e9volutionnaire dans le Lot, le Tarn et l\u2019Aveyron, sous la Convention et le Directoire \u00bb, Annales du Midi, 1971, p 229-314. \u2022 Ch. Portal, E. Appolis, Jolibois, \u00ab Bulletin de la Soci\u00e9t\u00e9 des Sciences, Arts et Belles-Lettres du Tarn \u00bb, Revue du Tarn.<\/p>\n<p style=\"text-align: justify\">\u2022 J. Sentou, R\u00e9volution et Contre-R\u00e9volution, \u2022 Ph. Wolff, Histoire du Languedoc, Privat, 1972 (surtout chap. XI).<br \/>\nTravaux Sp\u00e9cialis\u00e9s :<br \/>\n\u2022 E. Appolis, La rivalit\u00e9 administrative entre Castres et Albi, Albi, 1937, 105 p. \u2022 A. Blanchard, E. P\u00e9laquier, Le Languedoc en 1789. Des dioc\u00e8ses civils aux d\u00e9partements. Essai des g\u00e9ographie historique, Montpellier, Soci\u00e9t\u00e9 Languedocienne de g\u00e9ographie, 1989, p 225<\/p>\n<p style=\"text-align: justify\">\u2022 R. Cazals, Autour de la Montagne noire au temps de la R\u00e9volution, 1989 \u2022 J-P. Desprat, Le Cardinal de Bernis, la belle ambition, Paris, Perrin, 2000 \u2022 Ch. Portal, Le d\u00e9partement du Tarn au XIXe si\u00e8cle, Laffitte Reprints, Marseille, 1977<\/p>\n<hr \/>\n<p style=\"text-align: justify\"><span style=\"text-decoration: underline\">Travaux sur Albi :<\/span><\/p>\n<p style=\"text-align: justify\">\u2022 J-L. Biget , Histoire d\u2019Albi, Privat, 2000. \u2022 P. Ni\u00e9lidow, \u00ab La pr\u00e9paration des \u00e9tats g\u00e9n\u00e9raux de 1789 \u00e0 Albi \u00bb, Annales du Midi, 1989, revue arch\u00e9ologique , historique et philologique de la France m\u00e9ridionale, Tome 101, N\u00b0185-186, 1989.<\/p>\n<p style=\"text-align: justify\">\u2022 J-F. Massol, Description du d\u00e9partement du Tarn suivie de l\u2019Histoire de l\u2019ancien pays d\u2019Albigeois et principalement de la ville d\u2019Albi, \u00c9ditions Midi-France .<\/p>\n<p style=\"text-align: justify\">\u2022 Ph. N\u00e9lidoff, Soci\u00e9t\u00e9 albigeoise et pr\u00e9paration des \u00e9tats g\u00e9n\u00e9raux de 1789, Presses de l&rsquo;Universit\u00e9 des sciences sociales de Toulouse, 1996. \u2022 Ch. Portal, Un village pendant la R\u00e9volution, Paris, 1894, 27 p.<\/p>\n<hr \/>\n<p style=\"text-align: justify\"><span style=\"text-decoration: underline\">Travaux sur Castres :<\/span><\/p>\n<p style=\"text-align: justify\">\u2022 A. Combes, Statistique de l&rsquo;arrondissement de Castres, Tarn, 1834. \u2022 A. Combes, Histoire de la ville de Castres et de ses environs pendant la R\u00e9volution Fran\u00e7aise, \u00c9ditions Provinciales, Castres, 1977.<\/p>\n<p style=\"text-align: justify\">\u2022 R. D\u2019Az\u00e9mar, Castres, L\u2019Administration consulaire dioc\u00e9saine et r\u00e9volutionnaire au au XVIIIe si\u00e8cle, Imprimerie Jean Gasc , Castres, 1988.<\/p>\n<p style=\"text-align: justify\">\u2022 P. DUP\u00c9RON, Etude sur la Soci\u00e9t\u00e9 populaire de Castres, Albi, 1900, in-8\u00b0.<\/p>\n<p style=\"text-align: justify\">\u2022 N. Duffond, Tarn, Cadre naturel, Histoire, Art, Litt\u00e9rature, Langue, \u00c9conomie, Traditions populaire, Editions Bonnetons, 1991. \u2022 Proc\u00e8s-verbal de l&rsquo;Assembl\u00e9e Nationale, Volume 54, France Assembl\u00e9e Nationale Constituante (1789 \u2013 1791).<\/p>\n<p style=\"text-align: justify\">\u00c9tudiants: Blanc Mathilde, Cartier Laly, Bedu Antoine<\/p>\n","protected":false},"excerpt":{"rendered":"<p>Bibliographie : Sources et documents: \u2022 M. Gresle-Bouignol, Guide des Archives du Tarn, Albi, 1978, 474 p. (S\u00e9rie L, M, Q). \u2022 Pour Archives d\u00e9partementales, Inventaire de la s\u00e9rie L 70, 9 M 2\/15 et Q. \u2022 H, Gresl\u00e9-Bouignol J. Bru, J. Arminguaud, Documents tarnais sur la R\u00e9volution fran\u00e7aise, 4 fascicules (1958-1970). \u2022 Famille Campas &hellip; <\/p>\n<p class=\"link-more\"><a href=\"https:\/\/blogs.univ-jfc.fr\/vphn\/histoire-locale\/la-rivalite-entre-castres-et-albi-lors-de-la-creation-du-departement-du-tarn-pendant-la-revolution-francaise2018\/bibliographie-la-rivalite-entre-castres-et-albi-lors-de-la-creation-du-departement-du-tarn-pendant-la-revolution-francaise-2018\/\" class=\"more-link\">Continuer la lecture<span class=\"screen-reader-text\"> de &laquo;&nbsp;Bibliographie- La rivalit\u00e9 entre Castres et Albi lors de la cr\u00e9ation du d\u00e9partement du Tarn pendant la R\u00e9volution fran\u00e7aise [2018]&nbsp;&raquo;<\/span><\/a><\/p>\n","protected":false},"author":598,"featured_media":0,"parent":3374,"menu_order":0,"comment_status":"closed","ping_status":"closed","template":"","meta":[],"_links":{"self":[{"href":"https:\/\/blogs.univ-jfc.fr\/vphn\/wp-json\/wp\/v2\/pages\/3392"}],"collection":[{"href":"https:\/\/blogs.univ-jfc.fr\/vphn\/wp-json\/wp\/v2\/pages"}],"about":[{"href":"https:\/\/blogs.univ-jfc.fr\/vphn\/wp-json\/wp\/v2\/types\/page"}],"author":[{"embeddable":true,"href":"https:\/\/blogs.univ-jfc.fr\/vphn\/wp-json\/wp\/v2\/users\/598"}],"replies":[{"embeddable":true,"href":"https:\/\/blogs.univ-jfc.fr\/vphn\/wp-json\/wp\/v2\/comments?post=3392"}],"version-history":[{"count":3,"href":"https:\/\/blogs.univ-jfc.fr\/vphn\/wp-json\/wp\/v2\/pages\/3392\/revisions"}],"predecessor-version":[{"id":3399,"href":"https:\/\/blogs.univ-jfc.fr\/vphn\/wp-json\/wp\/v2\/pages\/3392\/revisions\/3399"}],"up":[{"embeddable":true,"href":"https:\/\/blogs.univ-jfc.fr\/vphn\/wp-json\/wp\/v2\/pages\/3374"}],"wp:attachment":[{"href":"https:\/\/blogs.univ-jfc.fr\/vphn\/wp-json\/wp\/v2\/media?parent=3392"}],"curies":[{"name":"wp","href":"https:\/\/api.w.org\/{rel}","templated":true}]}}