{"id":3836,"date":"2019-02-27T18:34:45","date_gmt":"2019-02-27T17:34:45","guid":{"rendered":"http:\/\/blogs.univ-jfc.fr\/vphn\/?page_id=3836"},"modified":"2019-05-07T11:50:54","modified_gmt":"2019-05-07T09:50:54","slug":"la-saint-barthelemy-au-haut-languedoc2018-2019","status":"publish","type":"page","link":"https:\/\/blogs.univ-jfc.fr\/vphn\/histoire-locale\/la-saint-barthelemy-au-haut-languedoc2018-2019\/","title":{"rendered":"La Saint-Barth\u00e9lemy en Haut-Languedoc[2018]"},"content":{"rendered":"<h1 style=\"text-align: center\" align=\"justify\">La Saint-Barth\u00e9lemy en Haut-Languedoc<\/h1>\n<p align=\"justify\">Le massacre de la Saint-Barth\u00e9lemy d\u00e9signe la tuerie perp\u00e9tr\u00e9e par les catholiques contres les protestants fran\u00e7ais \u00e0 Paris le <strong>24 ao\u00fbt 1572<\/strong>, dans le contexte des <strong>guerres de religion de 1562 \u00e0 1598<\/strong>. Les massacres vont cependant se propager dans tout le Royaume de France, hors de contr\u00f4le, et notamment en Haut Languedoc, auquel le Tarn a appartenu. Albi, Gaillac, sont, en effet, touch\u00e9es d\u00e9but octobre 1572 par la Saint-Barth\u00e9lemy parisienne. Les guerres de religion ont d\u00e9but\u00e9 par le <strong>massacre de Wassy<\/strong> en 1562 quand le <a href=\"http:\/\/blogs.univ-jfc.fr\/vphn\/histoire-locale\/la-saint-barthelemy-au-haut-languedoc2018-2019\/duc-de-guise-la-saint-barthelemy-dans-le-haut-languedoc\/\">duc de Guise<\/a>, meneur des ultra catholiques, massacre des protestants dans une grange pendant une messe. Les guerres de religion et les violences atteignent un sommet lors du massacre de la Saint-Barth\u00e9lemy en 1572. Les violences se perp\u00e9tuent dans tout le royaume au travers des axes de communication, via les routes et les fleuves.<\/p>\n<figure id=\"attachment_4137\" aria-describedby=\"caption-attachment-4137\" style=\"width: 525px\" class=\"wp-caption aligncenter\"><img loading=\"lazy\" class=\"wp-image-4137 size-large\" src=\"http:\/\/blogs.univ-jfc.fr\/vphn\/wp-content\/uploads\/sites\/65\/2019\/02\/La-saint-barthelemy-1024x576.jpg\" alt=\"\" width=\"525\" height=\"295\" srcset=\"https:\/\/blogs.univ-jfc.fr\/vphn\/wp-content\/uploads\/sites\/65\/2019\/02\/La-saint-barthelemy-1024x576.jpg 1024w, https:\/\/blogs.univ-jfc.fr\/vphn\/wp-content\/uploads\/sites\/65\/2019\/02\/La-saint-barthelemy-300x169.jpg 300w, https:\/\/blogs.univ-jfc.fr\/vphn\/wp-content\/uploads\/sites\/65\/2019\/02\/La-saint-barthelemy-768x432.jpg 768w, https:\/\/blogs.univ-jfc.fr\/vphn\/wp-content\/uploads\/sites\/65\/2019\/02\/La-saint-barthelemy.jpg 1920w\" sizes=\"(max-width: 525px) 100vw, 525px\" \/><figcaption id=\"caption-attachment-4137\" class=\"wp-caption-text\">Le Massacre de la Saint-Barth\u00e9lemy de Fran\u00e7ois Dubois, mus\u00e9e cantonal des Beaux-Arts de Lausanne<\/figcaption><\/figure>\n<h2><strong>Les violences catholiques<\/strong><\/h2>\n<p align=\"justify\">Tout au long des conflits religieux et particuli\u00e8rement pendant la Saint-Barth\u00e9lemy les catholiques vont pers\u00e9cuter et tenter d&rsquo;\u00e9radiquer les protestants calvinistes fran\u00e7ais, appel\u00e9s <strong>huguenots<\/strong>. Tout d\u2019abord, une violence sociale s\u2019est install\u00e9e envers les protestants. Lorsque les nouvelles de la Saint-Barth\u00e9lemy ont atteint Albi, les catholiques se sont en revanche d\u00e9cha\u00een\u00e9s. Ainsi, les catholiques br\u00fbl\u00e8rent et d\u00e9truisirent les maisons et lieux de cultes protestants. Ensuite, des protestants furent \u00e9gorg\u00e9s place du Vigan. D&rsquo;autres furent emprisonn\u00e9s par l\u2019archev\u00eaque d\u2019Albi. Par la suite, douze protestants furent jet\u00e9s dans le Tarn.<\/p>\n<figure id=\"attachment_4133\" aria-describedby=\"caption-attachment-4133\" style=\"width: 225px\" class=\"wp-caption alignleft\"><img loading=\"lazy\" class=\"size-medium wp-image-4133\" src=\"http:\/\/blogs.univ-jfc.fr\/vphn\/wp-content\/uploads\/sites\/65\/2019\/02\/tour-du-palmata-225x300.png\" alt=\"\" width=\"225\" height=\"300\" srcset=\"https:\/\/blogs.univ-jfc.fr\/vphn\/wp-content\/uploads\/sites\/65\/2019\/02\/tour-du-palmata-225x300.png 225w, https:\/\/blogs.univ-jfc.fr\/vphn\/wp-content\/uploads\/sites\/65\/2019\/02\/tour-du-palmata.png 503w\" sizes=\"(max-width: 225px) 100vw, 225px\" \/><figcaption id=\"caption-attachment-4133\" class=\"wp-caption-text\">Tour du Palmata \u00e0 Gaillac<\/figcaption><\/figure>\n<p align=\"justify\">\u00c0 <strong>Gaillac<\/strong>, les catholiques redoutent des repr\u00e9sailles huguenotes apr\u00e8s la Saint-Barth\u00e9lemy et prennent des mesures similaires. Certains protestants se regroup\u00e8rent pour se d\u00e9fendre. Les huguenots sont mis \u00e0 l\u2019\u00e9cart par les catholiques d\u00e8s la nouvelle de la Saint-Barth\u00e9l\u00e9my. Ainsi, des protestants, hommes, femmes et enfants, furent enferm\u00e9s dans les tours du Palmata \u00e0 Gaillac, puis massacr\u00e9s. Les sources d\u00e9nombrent environ <strong>74 morts<\/strong>.<\/p>\n<p align=\"justify\">Pour finir, les protestants furent expuls\u00e9s des villes et villages catholiques, notamment \u00e0 Toulouse et \u00e0 Albi. Apr\u00e8s la Saint-Barth\u00e9lemy, plusieurs ch\u00e2teaux et villages alentours furent assi\u00e9g\u00e9s par les milices protestantes. En revanche, certaines villes seront \u00e9pargn\u00e9es par la Saint-Barth\u00e9lemy comme Soual, ville protestante ou encore d&rsquo;autres petits villages.<\/p>\n<h2><strong>Les violences protestantes<\/strong><\/h2>\n<p align=\"justify\">Les huguenots, bien que moins nombreux, us\u00e8rent \u00e9galement de violence contre les catholiques. Comme eux, ils expuls\u00e8rent les catholiques dans les villes o\u00f9 ils \u00e9taient majoritaires comme Montauban, Castres, Maz\u00e8res ou Carmaing. Certains protestants br\u00fbl\u00e8rent des \u00e9glises catholiques dans les villages qu\u2019ils contr\u00f4laient. Dans la ville de Sor\u00e9ze, en 1573, une partie de l&rsquo;abbaye fut d\u00e9truite par les protestants de la ville. Les pillages \u00e9taient fr\u00e9quents \u00e0 cette p\u00e9riode et <strong>Castres<\/strong> fut pill\u00e9e par les huguenots quand ils reprirent la ville en 1573. La guerre \u00e9tait alors une multitude de raids, prises et pertes de villes et villages, ainsi que de si\u00e8ges des grandes villes. Par rapport aux catholiques, les protestants furent moins violents, mais cela est surtout d\u00fb au fait qu\u2019ils \u00e9taient souvent en inf\u00e9riorit\u00e9 num\u00e9rique et qu\u2019ils n\u2019avaient pas le rapport de force en leur faveur.<\/p>\n<figure id=\"attachment_4155\" aria-describedby=\"caption-attachment-4155\" style=\"width: 600px\" class=\"wp-caption aligncenter\"><img loading=\"lazy\" class=\"size-full wp-image-4155\" src=\"http:\/\/blogs.univ-jfc.fr\/vphn\/wp-content\/uploads\/sites\/65\/2019\/02\/prise-de-castres.png\" alt=\"\" width=\"600\" height=\"400\" srcset=\"https:\/\/blogs.univ-jfc.fr\/vphn\/wp-content\/uploads\/sites\/65\/2019\/02\/prise-de-castres.png 600w, https:\/\/blogs.univ-jfc.fr\/vphn\/wp-content\/uploads\/sites\/65\/2019\/02\/prise-de-castres-300x200.png 300w\" sizes=\"(max-width: 600px) 100vw, 600px\" \/><figcaption id=\"caption-attachment-4155\" class=\"wp-caption-text\">Frans Hogenberg, La Saint-Barth\u00e9l\u00e9my, 1572. Gravure d\u2019\u00e9poque pouvant illustrer l\u2019irruption des protestants, le 29 septembre 1567, dans la chambre de l\u2019\u00e9v\u00eaque de Castres sous la Conduite du seigneur de Ferri\u00e8res<\/figcaption><\/figure>\n<p align=\"justify\">La Saint-Barth\u00e9lemy a donc eu un fort impact sur le Haut-Languedoc et plus particuli\u00e8rement sur le Tarn. Cependant, nous avons pu analyser que, selon les territoires, la violence n\u2019a pas \u00e9t\u00e9 la m\u00eame, du point de vue catholique comme protestant. Du fait de ses nombreux acteurs et de sa complexit\u00e9, le conflit religieux a plusieurs fois \u00e9volu\u00e9, alternant des phases de grande violence et d\u2019accalmies relatives. La Saint-Barth\u00e9lemy en Haut-Languedoc illustre la <strong>d\u00e9chirure<\/strong> du Royaume de France dans la seconde moiti\u00e9 du XVIe si\u00e8cle entre <strong>catholiques<\/strong> et <strong>protestants<\/strong>. Cette s\u00e9paration entre catholiques et huguenots va engendrer de nouveaux conflits jusqu&rsquo;en 1598 quand Henri IV signera l\u2019<strong>\u00e9dit de Nantes<\/strong> qui accordera des droits religieux, de culte et politiques aux protestants. Mais la question de l\u2019unit\u00e9 de la religion restera tr\u00e8s forte au XVIIe si\u00e8cle avec diff\u00e9rents conflits et la r\u00e9vocation de cet \u00e9dit en 1685 par Louis XIV.<\/p>\n<p align=\"justify\"><em>Chastang Dylan, Barre Jean-Michel, Carbonne Guilhem<\/em><\/p>\n<p align=\"justify\"><a href=\"http:\/\/blogs.univ-jfc.fr\/vphn\/histoire-locale\/la-saint-barthelemy-au-haut-languedoc2018-2019\/bibliographie-la-saint-barthelemy-dans-le-haut-languedoc\/\">Pour aller plus loin<\/a><\/p>\n","protected":false},"excerpt":{"rendered":"<p>La Saint-Barth\u00e9lemy en Haut-Languedoc Le massacre de la Saint-Barth\u00e9lemy d\u00e9signe la tuerie perp\u00e9tr\u00e9e par les catholiques contres les protestants fran\u00e7ais \u00e0 Paris le 24 ao\u00fbt 1572, dans le contexte des guerres de religion de 1562 \u00e0 1598. Les massacres vont cependant se propager dans tout le Royaume de France, hors de contr\u00f4le, et notamment en &hellip; <\/p>\n<p class=\"link-more\"><a href=\"https:\/\/blogs.univ-jfc.fr\/vphn\/histoire-locale\/la-saint-barthelemy-au-haut-languedoc2018-2019\/\" class=\"more-link\">Continuer la lecture<span class=\"screen-reader-text\"> de &laquo;&nbsp;La Saint-Barth\u00e9lemy en Haut-Languedoc[2018]&nbsp;&raquo;<\/span><\/a><\/p>\n","protected":false},"author":565,"featured_media":0,"parent":1173,"menu_order":0,"comment_status":"closed","ping_status":"closed","template":"","meta":[],"_links":{"self":[{"href":"https:\/\/blogs.univ-jfc.fr\/vphn\/wp-json\/wp\/v2\/pages\/3836"}],"collection":[{"href":"https:\/\/blogs.univ-jfc.fr\/vphn\/wp-json\/wp\/v2\/pages"}],"about":[{"href":"https:\/\/blogs.univ-jfc.fr\/vphn\/wp-json\/wp\/v2\/types\/page"}],"author":[{"embeddable":true,"href":"https:\/\/blogs.univ-jfc.fr\/vphn\/wp-json\/wp\/v2\/users\/565"}],"replies":[{"embeddable":true,"href":"https:\/\/blogs.univ-jfc.fr\/vphn\/wp-json\/wp\/v2\/comments?post=3836"}],"version-history":[{"count":39,"href":"https:\/\/blogs.univ-jfc.fr\/vphn\/wp-json\/wp\/v2\/pages\/3836\/revisions"}],"predecessor-version":[{"id":5123,"href":"https:\/\/blogs.univ-jfc.fr\/vphn\/wp-json\/wp\/v2\/pages\/3836\/revisions\/5123"}],"up":[{"embeddable":true,"href":"https:\/\/blogs.univ-jfc.fr\/vphn\/wp-json\/wp\/v2\/pages\/1173"}],"wp:attachment":[{"href":"https:\/\/blogs.univ-jfc.fr\/vphn\/wp-json\/wp\/v2\/media?parent=3836"}],"curies":[{"name":"wp","href":"https:\/\/api.w.org\/{rel}","templated":true}]}}