{"id":3903,"date":"2019-02-25T12:01:36","date_gmt":"2019-02-25T11:01:36","guid":{"rendered":"http:\/\/blogs.univ-jfc.fr\/vphn\/?page_id=3903"},"modified":"2019-02-25T19:04:28","modified_gmt":"2019-02-25T18:04:28","slug":"guerre-de-7-ans-1756-1763","status":"publish","type":"page","link":"https:\/\/blogs.univ-jfc.fr\/vphn\/guerre-de-7-ans-1756-1763\/","title":{"rendered":"Guerre de 7 ans [1756-1763]"},"content":{"rendered":"<figure id=\"attachment_3917\" aria-describedby=\"caption-attachment-3917\" style=\"width: 787px\" class=\"wp-caption aligncenter\"><img loading=\"lazy\" class=\"wp-image-3917 size-full\" src=\"http:\/\/blogs.univ-jfc.fr\/vphn\/wp-content\/uploads\/sites\/65\/2019\/02\/787px-Carte_Guerre_de_7_ans_Am\u00e9rique_du_nord.png\" alt=\"\" width=\"787\" height=\"599\" srcset=\"https:\/\/blogs.univ-jfc.fr\/vphn\/wp-content\/uploads\/sites\/65\/2019\/02\/787px-Carte_Guerre_de_7_ans_Am\u00e9rique_du_nord.png 787w, https:\/\/blogs.univ-jfc.fr\/vphn\/wp-content\/uploads\/sites\/65\/2019\/02\/787px-Carte_Guerre_de_7_ans_Am\u00e9rique_du_nord-300x228.png 300w, https:\/\/blogs.univ-jfc.fr\/vphn\/wp-content\/uploads\/sites\/65\/2019\/02\/787px-Carte_Guerre_de_7_ans_Am\u00e9rique_du_nord-768x585.png 768w\" sizes=\"(max-width: 706px) 89vw, (max-width: 767px) 82vw, 740px\" \/><figcaption id=\"caption-attachment-3917\" class=\"wp-caption-text\">Carte g\u00e9n\u00e9rale des positions anglaises et fran\u00e7aises en Am\u00e9riques du Nord juste avant le d\u00e9but de la guerre de Sept ans. (source : Wikipedia)<\/figcaption><\/figure>\n<p align=\"justify\">La guerre de 7 ans\u00a0 (1756-1763) est un conflit opposant l&rsquo;Angleterre et la Prusse \u00e0 la France, l&rsquo;Autriche, la Russie, la Su\u00e8de et l&rsquo;Espagne. Chaque pays s&rsquo;y engagent suite \u00e0 diff\u00e9rentes rivalit\u00e9s comme par exemple l&rsquo;Autriche qui souhaite reprendre la Sil\u00e9sie prise par la Prusse en 1748 ou encore suite aux tensions entre la France et la Grande-Bretagne pour la constitution d&rsquo;un empire colonial. Elle fut souvent consid\u00e9r\u00e9 comme la premi\u00e8re guerre \u00e0 \u00e9chelle mondiale car il y avait des affrontements en Europe, mais aussi en Afrique, en Am\u00e9rique, dans les Indes et sur les mers. Cette guerre se solde par une lourde d\u00e9faite c\u00f4t\u00e9 fran\u00e7ais qui perd toutes ses colonies en Am\u00e9rique du Nord.<\/p>\n<p align=\"justify\">Des arch\u00e9ologues trouv\u00e8rent dans plusieurs sites au Qu\u00e9bec de la c\u00e9ramique de Giroussens. Notamment \u00e0 Qu\u00e9bec, \u00e0 Fort Beaus\u00e9jour dans le New-Brunswick dans la forteresse de Louisbourg,\u00a0 \u00e0 Roma dans l&rsquo;\u00eele-du-Prince-Edouard et \u00e0 Montr\u00e9al. Enfin on a retrouv\u00e9 de la poterie giroussinaise \u00e9galement aux Etats-Unis actuels,\u00a0 \u00e0 Fort Michilimackniac dans le Michigan, \u00e0 Fort Pentagoet dans le Maine, et enfin dans plusieurs sites de la Louisiane actuelle.<\/p>\n<p align=\"justify\">Mais surtout le site dans lequel on a trouv\u00e9 la plus <span style=\"font-size: medium\">importante<\/span><span style=\"font-size: medium\"> quantit\u00e9 de c\u00e9ramiques giroussinaises fut l&rsquo;\u00e9pave du navire le <\/span><span style=\"font-size: medium\"><i>Machault<\/i><\/span><span style=\"font-size: medium\">. <\/span><span style=\"font-size: medium\">L<\/span><span style=\"font-size: medium\">e navire charg\u00e9 des poteries p\u00e9ri<\/span><span style=\"font-size: medium\">t<\/span><span style=\"font-size: medium\"> le 8 juillet 1760 lors de la bataille de La Restigouche, un \u00e9pisode de la Guerre de 7 ans. La fr\u00e9gate avait pour objectif d&rsquo;escorter 5 navires marchands qui transportaient de la nourriture des munitions au d\u00e9part de Bordeaux.<\/span><\/p>\n<p align=\"justify\">Mais les anglais qui faisaient le blocus continental prirent en chasse le convoi, et le 8 juillet le <span style=\"font-size: medium\"><i>Machault<\/i><\/span><span style=\"font-size: medium\"> pris au pi\u00e8ge par 5 navires de guerres <\/span><span style=\"font-size: medium\">britanniques<\/span><span style=\"font-size: medium\">, est coul\u00e9 dans la rivi\u00e8re La Restigouche. En 1972 lors de fouilles subaquatiques, dans l&rsquo;\u00e9pave ont \u00e9t\u00e9 retrouv\u00e9 un grand nombre d&rsquo;objets originaires de Giroussens, soit 11478 fragments, pour 718 objets.<\/span><\/p>\n","protected":false},"excerpt":{"rendered":"<p>La guerre de 7 ans\u00a0 (1756-1763) est un conflit opposant l&rsquo;Angleterre et la Prusse \u00e0 la France, l&rsquo;Autriche, la Russie, la Su\u00e8de et l&rsquo;Espagne. Chaque pays s&rsquo;y engagent suite \u00e0 diff\u00e9rentes rivalit\u00e9s comme par exemple l&rsquo;Autriche qui souhaite reprendre la Sil\u00e9sie prise par la Prusse en 1748 ou encore suite aux tensions entre la France &hellip; <\/p>\n<p class=\"link-more\"><a href=\"https:\/\/blogs.univ-jfc.fr\/vphn\/guerre-de-7-ans-1756-1763\/\" class=\"more-link\">Continuer la lecture<span class=\"screen-reader-text\"> de &laquo;&nbsp;Guerre de 7 ans [1756-1763]&nbsp;&raquo;<\/span><\/a><\/p>\n","protected":false},"author":436,"featured_media":0,"parent":0,"menu_order":0,"comment_status":"closed","ping_status":"closed","template":"","meta":[],"_links":{"self":[{"href":"https:\/\/blogs.univ-jfc.fr\/vphn\/wp-json\/wp\/v2\/pages\/3903"}],"collection":[{"href":"https:\/\/blogs.univ-jfc.fr\/vphn\/wp-json\/wp\/v2\/pages"}],"about":[{"href":"https:\/\/blogs.univ-jfc.fr\/vphn\/wp-json\/wp\/v2\/types\/page"}],"author":[{"embeddable":true,"href":"https:\/\/blogs.univ-jfc.fr\/vphn\/wp-json\/wp\/v2\/users\/436"}],"replies":[{"embeddable":true,"href":"https:\/\/blogs.univ-jfc.fr\/vphn\/wp-json\/wp\/v2\/comments?post=3903"}],"version-history":[{"count":18,"href":"https:\/\/blogs.univ-jfc.fr\/vphn\/wp-json\/wp\/v2\/pages\/3903\/revisions"}],"predecessor-version":[{"id":3936,"href":"https:\/\/blogs.univ-jfc.fr\/vphn\/wp-json\/wp\/v2\/pages\/3903\/revisions\/3936"}],"wp:attachment":[{"href":"https:\/\/blogs.univ-jfc.fr\/vphn\/wp-json\/wp\/v2\/media?parent=3903"}],"curies":[{"name":"wp","href":"https:\/\/api.w.org\/{rel}","templated":true}]}}