{"id":393,"date":"2018-01-18T12:24:36","date_gmt":"2018-01-18T11:24:36","guid":{"rendered":"http:\/\/blogs.univ-jfc.fr\/vphn\/?page_id=393"},"modified":"2018-03-14T17:18:36","modified_gmt":"2018-03-14T16:18:36","slug":"les-sites-magdaleniens-et-aziliens-etude-de-deux-cultures-prehistorique-a-lechelle-regionale-2017","status":"publish","type":"page","link":"https:\/\/blogs.univ-jfc.fr\/vphn\/patrimoine-et-sites-remarquables\/les-sites-magdaleniens-et-aziliens-etude-de-deux-cultures-prehistorique-a-lechelle-regionale-2017\/","title":{"rendered":"Les sites Magdal\u00e9niens et Aziliens : \u00e9tude de deux cultures pr\u00e9historiques \u00e0 l&rsquo;\u00e9chelle r\u00e9gionale [2017]"},"content":{"rendered":"<p align=\"justify\">La datation de cet article B.P. signifie \u00ab\u00a0Before Present\u00a0\u00bb soit \u00ab\u00a0avant le pr\u00e9sent\u00a0\u00bb (fix\u00e9 arbitrairement \u00e0 1950) afin de suivre la chronologie de la pr\u00e9histoire&#8230;<\/p>\n<p align=\"justify\">Le Pal\u00e9olithique sup\u00e9rieur est une p\u00e9riode de la pr\u00e9histoire se situant entre 45 000 et 10 000 avant le pr\u00e9sent. C\u2019est durant cette p\u00e9riode que les premiers Homos Sapiens arrivent sur le continent europ\u00e9en. La culture magdal\u00e9nienne (17 000 \u00e0 10 000 B.P. ) se d\u00e9veloppe de la p\u00e9ninsule ib\u00e9rique jusqu\u2019\u00e0 l\u2019Europe centrale dans une Europe radicalement diff\u00e9rente de celle que nous connaissons. Ils ont laiss\u00e9 de nombreuses traces d\u2019activit\u00e9s dans des sites pr\u00e9historiques en Ari\u00e8ge comme dans la <a href=\"http:\/\/www.sites-touristiques-ariege.fr\/sites-touristiques-ariege\/grotte-de-niaux\">grotte de Niaux<\/a> ou la <a href=\"http:\/\/www.grotte-de-la-vache.org\/\">grotte de la Vache<\/a>. Cette p\u00e9riode est essentiellement marqu\u00e9e par le dernier \u00e2ge glaciaire qu\u2019a connu notre monde (glaciation de W\u00fcrm). En parall\u00e8le, la culture azilienne (12 000\u00a0 \u00e0 8 000 B.P.) est une culture pr\u00e9historique probablement apparent\u00e9e aux Magdal\u00e9niens et \u00e0 certains groupes d\u2019Orient. Ils ont d\u00e9velopp\u00e9 des sp\u00e9cificit\u00e9s locales l\u00e0 o\u00f9 leur culture est la plus pr\u00e9sente, c&rsquo;est-\u00e0-dire la <a href=\"http:\/\/www.sites-touristiques-ariege.fr\/sites-touristiques-ariege\/grotte-du-mas-dazil\">grotte du Mas-d\u2019Azil<\/a> (Ari\u00e8ge) et ses alentours. Les Aziliens ont subi des mutations, dans leur mode de vie entre autres \u00e0 cause de la fin de l\u2019\u00e2ge glaciaire (12\u00a0000 B.P).<\/p>\n<p align=\"justify\"><img loading=\"lazy\" class=\"aligncenter wp-image-1239\" src=\"http:\/\/blogs.univ-jfc.fr\/vphn\/wp-content\/uploads\/sites\/65\/2018\/01\/300px-Weichsel-W\u00fcrm-Glaciation-300x244.png\" alt=\"\" width=\"330\" height=\"268\" \/><\/p>\n<p align=\"justify\">Durant l\u2019\u00e2ge glaciaire, l\u2019Ari\u00e8ge avait un climat proche de la Norv\u00e8ge actuelle en plus rude. Des landes et des for\u00eats de pins recouvraient la r\u00e9gion. Les Magdal\u00e9niens vivaient essentiellement de la chasse qui leur permettaient de subsister. C\u2019est un mode de vie de nomade, o\u00f9 suivre les troupeaux rythme les d\u00e9placements de ces populations. Les animaux qui furent pr\u00e9sents dans la r\u00e9gion sont le b\u0153uf musqu\u00e9, le mammouth ou le renne. Ce dernier constituait le b\u00e9tail le plus chass\u00e9 pour sa viande, sa peau ainsi que les mat\u00e9riaux durs pouvant \u00eatre travaill\u00e9s. Les Magdal\u00e9niens vivaient dans des communaut\u00e9s, probablement des chefferies, de 15 \u00e0 80 individus.<\/p>\n<p align=\"justify\"><img loading=\"lazy\" class=\"size-full wp-image-1246 alignleft\" src=\"http:\/\/blogs.univ-jfc.fr\/vphn\/wp-content\/uploads\/sites\/65\/2018\/01\/habitat-magdalenien.jpg\" alt=\"\" width=\"272\" height=\"217\" \/>Chaque groupe \u00e9tant interconnect\u00e9, ils proc\u00e9daient \u00e0 des trocs commerciaux. Leurs habitats \u00e9taient des tentes faites de peaux animales tout comme leurs v\u00eatements. Au centre de cette tente, se trouvait le foyer, qui avait pour fonction de r\u00e9chauffer le groupe et de cuire la viande. On peut distinguer tr\u00e8s clairement sur les sites magdal\u00e9niens une zone de couche, ainsi qu\u2019une zone r\u00e9serv\u00e9e au d\u00e9coupage de la viande et au tannage de peaux. C\u2019est \u00e0 l\u2019ext\u00e9rieur de cet habitat, que les artisans confectionnaient leurs outils.<\/p>\n<p align=\"justify\">Le mat\u00e9riau essentiel \u00e0 la fabrication de leurs outils est le silex. Les lames de silex pouvaient \u00eatre utilis\u00e9es pour couper la viande, racler les peaux, ou en pointe de fl\u00e8che. Les magdal\u00e9niens utilisaient aussi des mati\u00e8res animales pour confectionner des outils. Ils se servaient principalement d\u2019os, de bois de renne et d\u2019ivoire de mammouth. Le propulseur \u00e9tait la principale arme de chasse de ces nomades.<img loading=\"lazy\" class=\"size-medium wp-image-1290 alignleft\" src=\"http:\/\/blogs.univ-jfc.fr\/vphn\/wp-content\/uploads\/sites\/65\/2018\/01\/y-300x196.jpg\" alt=\"\" width=\"300\" height=\"196\" srcset=\"https:\/\/blogs.univ-jfc.fr\/vphn\/wp-content\/uploads\/sites\/65\/2018\/01\/y-300x196.jpg 300w, https:\/\/blogs.univ-jfc.fr\/vphn\/wp-content\/uploads\/sites\/65\/2018\/01\/y.jpg 758w\" sizes=\"(max-width: 300px) 100vw, 300px\" \/><\/p>\n<p align=\"justify\">L&rsquo;art pari\u00e9tal est la trace la plus frappante que les Magdal\u00e9niens ont laiss\u00e9e en Ari\u00e8ge. La <a href=\"http:\/\/www.sites-touristiques-ariege.fr\/sites-touristiques-ariege\/grotte-de-niaux\">grotte de Niaux<\/a> nous a fourni de nombreuses informations concernant cette forme artistique. La peinture fut r\u00e9alis\u00e9e \u00e0 l&rsquo;aide de graisse animale, d&rsquo;ocre (pour le rouge) et de poudre de charbon de bois (pour le noir). Elle est appliqu\u00e9e sur les parois avec les doigts ou des pinceaux en crins d&rsquo;animaux. Les peintures sont diff\u00e9renci\u00e9es en deux cat\u00e9gories.<img loading=\"lazy\" class=\"wp-image-1306 alignright\" src=\"http:\/\/blogs.univ-jfc.fr\/vphn\/wp-content\/uploads\/sites\/65\/2018\/01\/belette-niaux.jpg\" alt=\"\" width=\"159\" height=\"196\" \/><\/p>\n<p align=\"justify\">La premi\u00e8re regroupe les peintures repr\u00e9sentant des animaux en majorit\u00e9 imposant en taille. Les Magdal\u00e9niens utilisaient les reliefs des parois pour donner du volume aux peintures. Des peintures sont pr\u00e9sentes jusque dans le fond de la grotte. La <a href=\"http:\/\/www.sites-touristiques-ariege.fr\/sites-touristiques-ariege\/grotte-de-niaux\">grotte de Niaux<\/a> est exceptionnelle dans le fait qu&rsquo;elle poss\u00e8de une peinture unique, une belette, seul animal de petite taille repr\u00e9sent\u00e9 dans une grotte. La seconde cat\u00e9gorie de peinture est celle des signes.<\/p>\n<p align=\"justify\">Les Magdal\u00e9niens avaient l&rsquo;habitude de peindre des points et des traits abstraits \u00e0 certains endroits de la grotte, soit de mani\u00e8re isol\u00e9e soit pour remplir les peintures animales.<\/p>\n<p align=\"justify\"><img loading=\"lazy\" class=\"size-medium wp-image-1303 aligncenter\" src=\"http:\/\/blogs.univ-jfc.fr\/vphn\/wp-content\/uploads\/sites\/65\/2018\/01\/10116318-grotte-de-niauxcrt-midi-pyrenees-300x196.jpg\" alt=\"\" width=\"300\" height=\"196\" srcset=\"https:\/\/blogs.univ-jfc.fr\/vphn\/wp-content\/uploads\/sites\/65\/2018\/01\/10116318-grotte-de-niauxcrt-midi-pyrenees-300x196.jpg 300w, https:\/\/blogs.univ-jfc.fr\/vphn\/wp-content\/uploads\/sites\/65\/2018\/01\/10116318-grotte-de-niauxcrt-midi-pyrenees-768x502.jpg 768w, https:\/\/blogs.univ-jfc.fr\/vphn\/wp-content\/uploads\/sites\/65\/2018\/01\/10116318-grotte-de-niauxcrt-midi-pyrenees-1024x669.jpg 1024w, https:\/\/blogs.univ-jfc.fr\/vphn\/wp-content\/uploads\/sites\/65\/2018\/01\/10116318-grotte-de-niauxcrt-midi-pyrenees.jpg 1240w\" sizes=\"(max-width: 300px) 100vw, 300px\" \/><\/p>\n<p align=\"justify\">Les Aziliens quant \u00e0 eux, v\u00e9curent apr\u00e8s la glaciation au <a href=\"http:\/\/www.sites-touristiques-ariege.fr\/sites-touristiques-ariege\/grotte-du-mas-dazil\">Mas-d&rsquo;Azil<\/a>. \u00c0 cette \u00e9poque, le climat de l\u2019Ari\u00e8ge est temp\u00e9r\u00e9. On y rencontre un gibier plus moderne, compos\u00e9 essentiellement de sangliers et de cerfs. Le mode de vie des Aziliens est marqu\u00e9 par un processus de s\u00e9dentarisation partielle. Cette culture vit essentiellement de la chasse, la cueillette et la p\u00eache. Les harpons en bois de cerf dentel\u00e9 sont les objets d&rsquo;artisanat les plus courants dans leur culture, ce qui nous indique que la p\u00eache \u00e9tait leur principal moyen de subsistance. Le climat \u00e9tant plus cl\u00e9ment, la cueillette devient beaucoup plus courante que pour leurs pr\u00e9d\u00e9cesseurs magdal\u00e9niens.<img loading=\"lazy\" class=\"size-medium wp-image-1458 alignright\" src=\"http:\/\/blogs.univ-jfc.fr\/vphn\/wp-content\/uploads\/sites\/65\/2018\/01\/Harpon_2010.0.3.5._Global_simple-300x258.jpg\" alt=\"\" width=\"300\" height=\"258\" srcset=\"https:\/\/blogs.univ-jfc.fr\/vphn\/wp-content\/uploads\/sites\/65\/2018\/01\/Harpon_2010.0.3.5._Global_simple-300x258.jpg 300w, https:\/\/blogs.univ-jfc.fr\/vphn\/wp-content\/uploads\/sites\/65\/2018\/01\/Harpon_2010.0.3.5._Global_simple-768x660.jpg 768w, https:\/\/blogs.univ-jfc.fr\/vphn\/wp-content\/uploads\/sites\/65\/2018\/01\/Harpon_2010.0.3.5._Global_simple-1024x881.jpg 1024w, https:\/\/blogs.univ-jfc.fr\/vphn\/wp-content\/uploads\/sites\/65\/2018\/01\/Harpon_2010.0.3.5._Global_simple.jpg 1200w\" sizes=\"(max-width: 300px) 100vw, 300px\" \/><\/p>\n<p align=\"justify\">\u00a0 Cependant, l&rsquo;\u00e9l\u00e9ment qui apporte le plus de changement \u00e0 la culture azilienne est l&rsquo;apparition de l&rsquo;arc dans cette r\u00e9gion. En effet, l&rsquo;arc permet de changer radicalement les techniques de chasse. Les traces de leur campement \u00e0 proximit\u00e9 de la <a href=\"http:\/\/www.sites-touristiques-ariege.fr\/sites-touristiques-ariege\/grotte-du-mas-dazil\">grotte du Mas-d&rsquo;Azil<\/a> nous montrent que la culture azilienne ne s&rsquo;est pas propag\u00e9e \u00e0 travers l&rsquo;Europe et constitue donc un ph\u00e9nom\u00e8ne local. L&rsquo;art pari\u00e9tal pr\u00e9sent \u00e0 la <a href=\"http:\/\/www.sites-touristiques-ariege.fr\/sites-touristiques-ariege\/grotte-du-mas-dazil\">grotte du Mas-d&rsquo;Azil<\/a> fut r\u00e9alis\u00e9 par les Magdal\u00e9niens. La seule forme d&rsquo;art qui distingua les Aziliens fut un grand nombre de galets peints avec des signes (points ou formes g\u00e9om\u00e9triques) avec de la peinture similaire \u00e0 celle utilis\u00e9e par les Magdal\u00e9niens.<\/p>\n<p><img loading=\"lazy\" class=\"aligncenter wp-image-1345\" src=\"http:\/\/blogs.univ-jfc.fr\/vphn\/wp-content\/uploads\/sites\/65\/2018\/01\/galets-peints.jpg\" alt=\"\" width=\"454\" height=\"223\" srcset=\"https:\/\/blogs.univ-jfc.fr\/vphn\/wp-content\/uploads\/sites\/65\/2018\/01\/galets-peints.jpg 562w, https:\/\/blogs.univ-jfc.fr\/vphn\/wp-content\/uploads\/sites\/65\/2018\/01\/galets-peints-300x147.jpg 300w\" sizes=\"(max-width: 454px) 100vw, 454px\" \/><\/p>\n<p>Pour aller plus loin :<\/p>\n<p>Bon F., <em>Pr\u00e9histoire la fabrique de l&rsquo;homme<\/em>, Paris, Le Seuil, 2009<\/p>\n<p>Mohen J.-P., Taborin Y.,<em> Les soci\u00e9t\u00e9s de la pr\u00e9histoire<\/em>, Paris, Hachette, 2009<\/p>\n<p>Couraud C., <em>L&rsquo;art azilien : origine, survivance<\/em>, Paris, CNRS edition, 1985<\/p>\n","protected":false},"excerpt":{"rendered":"<p>La datation de cet article B.P. signifie \u00ab\u00a0Before Present\u00a0\u00bb soit \u00ab\u00a0avant le pr\u00e9sent\u00a0\u00bb (fix\u00e9 arbitrairement \u00e0 1950) afin de suivre la chronologie de la pr\u00e9histoire&#8230; Le Pal\u00e9olithique sup\u00e9rieur est une p\u00e9riode de la pr\u00e9histoire se situant entre 45 000 et 10 000 avant le pr\u00e9sent. C\u2019est durant cette p\u00e9riode que les premiers Homos Sapiens arrivent &hellip; <\/p>\n<p class=\"link-more\"><a href=\"https:\/\/blogs.univ-jfc.fr\/vphn\/patrimoine-et-sites-remarquables\/les-sites-magdaleniens-et-aziliens-etude-de-deux-cultures-prehistorique-a-lechelle-regionale-2017\/\" class=\"more-link\">Continuer la lecture<span class=\"screen-reader-text\"> de &laquo;&nbsp;Les sites Magdal\u00e9niens et Aziliens : \u00e9tude de deux cultures pr\u00e9historiques \u00e0 l&rsquo;\u00e9chelle r\u00e9gionale [2017]&nbsp;&raquo;<\/span><\/a><\/p>\n","protected":false},"author":438,"featured_media":0,"parent":30,"menu_order":0,"comment_status":"closed","ping_status":"closed","template":"","meta":[],"_links":{"self":[{"href":"https:\/\/blogs.univ-jfc.fr\/vphn\/wp-json\/wp\/v2\/pages\/393"}],"collection":[{"href":"https:\/\/blogs.univ-jfc.fr\/vphn\/wp-json\/wp\/v2\/pages"}],"about":[{"href":"https:\/\/blogs.univ-jfc.fr\/vphn\/wp-json\/wp\/v2\/types\/page"}],"author":[{"embeddable":true,"href":"https:\/\/blogs.univ-jfc.fr\/vphn\/wp-json\/wp\/v2\/users\/438"}],"replies":[{"embeddable":true,"href":"https:\/\/blogs.univ-jfc.fr\/vphn\/wp-json\/wp\/v2\/comments?post=393"}],"version-history":[{"count":41,"href":"https:\/\/blogs.univ-jfc.fr\/vphn\/wp-json\/wp\/v2\/pages\/393\/revisions"}],"predecessor-version":[{"id":2047,"href":"https:\/\/blogs.univ-jfc.fr\/vphn\/wp-json\/wp\/v2\/pages\/393\/revisions\/2047"}],"up":[{"embeddable":true,"href":"https:\/\/blogs.univ-jfc.fr\/vphn\/wp-json\/wp\/v2\/pages\/30"}],"wp:attachment":[{"href":"https:\/\/blogs.univ-jfc.fr\/vphn\/wp-json\/wp\/v2\/media?parent=393"}],"curies":[{"name":"wp","href":"https:\/\/api.w.org\/{rel}","templated":true}]}}

Les sites Magdaléniens et Aziliens : étude de deux cultures préhistoriques à l&rsquo;échelle régionale [2017]

<p align="justify">La datation de cet article B.P. signifie « Before Present » soit « avant le présent » (fixé arbitrairement à 1950) afin de suivre la chronologie de la préhistoire&#8230;</p>
<p align="justify">Le Paléolithique supérieur est une période de la préhistoire se situant entre 45 000 et 10 000 avant le présent. C’est durant cette période que les premiers Homos Sapiens arrivent sur le continent européen. La culture magdalénienne (17 000 à 10 000 B.P. ) se développe de la péninsule ibérique jusqu’à l’Europe centrale dans une Europe radicalement différente de celle que nous connaissons. Ils ont laissé de nombreuses traces d’activités dans des sites préhistoriques en Ariège comme dans la <a href="http://www.sites-touristiques-ariege.fr/sites-touristiques-ariege/grotte-de-niaux">grotte de Niaux</a> ou la <a href="http://www.grotte-de-la-vache.org/">grotte de la Vache</a>. Cette période est essentiellement marquée par le dernier âge glaciaire qu’a connu notre monde (glaciation de Würm). En parallèle, la culture azilienne (12 000  à 8 000 B.P.) est une culture préhistorique probablement apparentée aux Magdaléniens et à certains groupes d’Orient. Ils ont développé des spécificités locales là où leur culture est la plus présente, c&rsquo;est-à-dire la <a href="http://www.sites-touristiques-ariege.fr/sites-touristiques-ariege/grotte-du-mas-dazil">grotte du Mas-d’Azil</a> (Ariège) et ses alentours. Les Aziliens ont subi des mutations, dans leur mode de vie entre autres à cause de la fin de l’âge glaciaire (12 000 B.P).</p>
<p align="justify"><img loading="lazy" class="aligncenter wp-image-1239" src="http://blogs.univ-jfc.fr/vphn/wp-content/uploads/sites/65/2018/01/300px-Weichsel-Würm-Glaciation-300x244.png" alt="" width="330" height="268" /></p>
<p align="justify">Durant l’âge glaciaire, l’Ariège avait un climat proche de la Norvège actuelle en plus rude. Des landes et des forêts de pins recouvraient la région. Les Magdaléniens vivaient essentiellement de la chasse qui leur permettaient de subsister. C’est un mode de vie de nomade, où suivre les troupeaux rythme les déplacements de ces populations. Les animaux qui furent présents dans la région sont le bœuf musqué, le mammouth ou le renne. Ce dernier constituait le bétail le plus chassé pour sa viande, sa peau ainsi que les matériaux durs pouvant être travaillés. Les Magdaléniens vivaient dans des communautés, probablement des chefferies, de 15 à 80 individus.</p>
<p align="justify"><img loading="lazy" class="size-full wp-image-1246 alignleft" src="http://blogs.univ-jfc.fr/vphn/wp-content/uploads/sites/65/2018/01/habitat-magdalenien.jpg" alt="" width="272" height="217" />Chaque groupe étant interconnecté, ils procédaient à des trocs commerciaux. Leurs habitats étaient des tentes faites de peaux animales tout comme leurs vêtements. Au centre de cette tente, se trouvait le foyer, qui avait pour fonction de réchauffer le groupe et de cuire la viande. On peut distinguer très clairement sur les sites magdaléniens une zone de couche, ainsi qu’une zone réservée au découpage de la viande et au tannage de peaux. C’est à l’extérieur de cet habitat, que les artisans confectionnaient leurs outils.</p>
<p align="justify">Le matériau essentiel à la fabrication de leurs outils est le silex. Les lames de silex pouvaient être utilisées pour couper la viande, racler les peaux, ou en pointe de flèche. Les magdaléniens utilisaient aussi des matières animales pour confectionner des outils. Ils se servaient principalement d’os, de bois de renne et d’ivoire de mammouth. Le propulseur était la principale arme de chasse de ces nomades.<img loading="lazy" class="size-medium wp-image-1290 alignleft" src="http://blogs.univ-jfc.fr/vphn/wp-content/uploads/sites/65/2018/01/y-300x196.jpg" alt="" width="300" height="196" srcset="https://blogs.univ-jfc.fr/vphn/wp-content/uploads/sites/65/2018/01/y-300x196.jpg 300w, https://blogs.univ-jfc.fr/vphn/wp-content/uploads/sites/65/2018/01/y.jpg 758w" sizes="(max-width: 300px) 100vw, 300px" /></p>
<p align="justify">L&rsquo;art pariétal est la trace la plus frappante que les Magdaléniens ont laissée en Ariège. La <a href="http://www.sites-touristiques-ariege.fr/sites-touristiques-ariege/grotte-de-niaux">grotte de Niaux</a> nous a fourni de nombreuses informations concernant cette forme artistique. La peinture fut réalisée à l&rsquo;aide de graisse animale, d&rsquo;ocre (pour le rouge) et de poudre de charbon de bois (pour le noir). Elle est appliquée sur les parois avec les doigts ou des pinceaux en crins d&rsquo;animaux. Les peintures sont différenciées en deux catégories.<img loading="lazy" class="wp-image-1306 alignright" src="http://blogs.univ-jfc.fr/vphn/wp-content/uploads/sites/65/2018/01/belette-niaux.jpg" alt="" width="159" height="196" /></p>
<p align="justify">La première regroupe les peintures représentant des animaux en majorité imposant en taille. Les Magdaléniens utilisaient les reliefs des parois pour donner du volume aux peintures. Des peintures sont présentes jusque dans le fond de la grotte. La <a href="http://www.sites-touristiques-ariege.fr/sites-touristiques-ariege/grotte-de-niaux">grotte de Niaux</a> est exceptionnelle dans le fait qu&rsquo;elle possède une peinture unique, une belette, seul animal de petite taille représenté dans une grotte. La seconde catégorie de peinture est celle des signes.</p>
<p align="justify">Les Magdaléniens avaient l&rsquo;habitude de peindre des points et des traits abstraits à certains endroits de la grotte, soit de manière isolée soit pour remplir les peintures animales.</p>
<p align="justify"><img loading="lazy" class="size-medium wp-image-1303 aligncenter" src="http://blogs.univ-jfc.fr/vphn/wp-content/uploads/sites/65/2018/01/10116318-grotte-de-niauxcrt-midi-pyrenees-300x196.jpg" alt="" width="300" height="196" srcset="https://blogs.univ-jfc.fr/vphn/wp-content/uploads/sites/65/2018/01/10116318-grotte-de-niauxcrt-midi-pyrenees-300x196.jpg 300w, https://blogs.univ-jfc.fr/vphn/wp-content/uploads/sites/65/2018/01/10116318-grotte-de-niauxcrt-midi-pyrenees-768x502.jpg 768w, https://blogs.univ-jfc.fr/vphn/wp-content/uploads/sites/65/2018/01/10116318-grotte-de-niauxcrt-midi-pyrenees-1024x669.jpg 1024w, https://blogs.univ-jfc.fr/vphn/wp-content/uploads/sites/65/2018/01/10116318-grotte-de-niauxcrt-midi-pyrenees.jpg 1240w" sizes="(max-width: 300px) 100vw, 300px" /></p>
<p align="justify">Les Aziliens quant à eux, vécurent après la glaciation au <a href="http://www.sites-touristiques-ariege.fr/sites-touristiques-ariege/grotte-du-mas-dazil">Mas-d&rsquo;Azil</a>. À cette époque, le climat de l’Ariège est tempéré. On y rencontre un gibier plus moderne, composé essentiellement de sangliers et de cerfs. Le mode de vie des Aziliens est marqué par un processus de sédentarisation partielle. Cette culture vit essentiellement de la chasse, la cueillette et la pêche. Les harpons en bois de cerf dentelé sont les objets d&rsquo;artisanat les plus courants dans leur culture, ce qui nous indique que la pêche était leur principal moyen de subsistance. Le climat étant plus clément, la cueillette devient beaucoup plus courante que pour leurs prédécesseurs magdaléniens.<img loading="lazy" class="size-medium wp-image-1458 alignright" src="http://blogs.univ-jfc.fr/vphn/wp-content/uploads/sites/65/2018/01/Harpon_2010.0.3.5._Global_simple-300x258.jpg" alt="" width="300" height="258" srcset="https://blogs.univ-jfc.fr/vphn/wp-content/uploads/sites/65/2018/01/Harpon_2010.0.3.5._Global_simple-300x258.jpg 300w, https://blogs.univ-jfc.fr/vphn/wp-content/uploads/sites/65/2018/01/Harpon_2010.0.3.5._Global_simple-768x660.jpg 768w, https://blogs.univ-jfc.fr/vphn/wp-content/uploads/sites/65/2018/01/Harpon_2010.0.3.5._Global_simple-1024x881.jpg 1024w, https://blogs.univ-jfc.fr/vphn/wp-content/uploads/sites/65/2018/01/Harpon_2010.0.3.5._Global_simple.jpg 1200w" sizes="(max-width: 300px) 100vw, 300px" /></p>
<p align="justify">  Cependant, l&rsquo;élément qui apporte le plus de changement à la culture azilienne est l&rsquo;apparition de l&rsquo;arc dans cette région. En effet, l&rsquo;arc permet de changer radicalement les techniques de chasse. Les traces de leur campement à proximité de la <a href="http://www.sites-touristiques-ariege.fr/sites-touristiques-ariege/grotte-du-mas-dazil">grotte du Mas-d&rsquo;Azil</a> nous montrent que la culture azilienne ne s&rsquo;est pas propagée à travers l&rsquo;Europe et constitue donc un phénomène local. L&rsquo;art pariétal présent à la <a href="http://www.sites-touristiques-ariege.fr/sites-touristiques-ariege/grotte-du-mas-dazil">grotte du Mas-d&rsquo;Azil</a> fut réalisé par les Magdaléniens. La seule forme d&rsquo;art qui distingua les Aziliens fut un grand nombre de galets peints avec des signes (points ou formes géométriques) avec de la peinture similaire à celle utilisée par les Magdaléniens.</p>
<p><img loading="lazy" class="aligncenter wp-image-1345" src="http://blogs.univ-jfc.fr/vphn/wp-content/uploads/sites/65/2018/01/galets-peints.jpg" alt="" width="454" height="223" srcset="https://blogs.univ-jfc.fr/vphn/wp-content/uploads/sites/65/2018/01/galets-peints.jpg 562w, https://blogs.univ-jfc.fr/vphn/wp-content/uploads/sites/65/2018/01/galets-peints-300x147.jpg 300w" sizes="(max-width: 454px) 100vw, 454px" /></p>
<p>Pour aller plus loin :</p>
<p>Bon F., <em>Préhistoire la fabrique de l&rsquo;homme</em>, Paris, Le Seuil, 2009</p>
<p>Mohen J.-P., Taborin Y.,<em> Les sociétés de la préhistoire</em>, Paris, Hachette, 2009</p>
<p>Couraud C., <em>L&rsquo;art azilien : origine, survivance</em>, Paris, CNRS edition, 1985</p>

<p>La datation de cet article B.P. signifie « Before Present » soit « avant le présent » (fixé arbitrairement à 1950) afin de suivre la chronologie de la préhistoire&#8230; Le Paléolithique supérieur est une période de la préhistoire se situant entre 45 000 et 10 000 avant le présent. C’est durant cette période que les premiers Homos Sapiens arrivent &hellip; </p>
<p class="link-more"><a href="https://blogs.univ-jfc.fr/vphn/patrimoine-et-sites-remarquables/les-sites-magdaleniens-et-aziliens-etude-de-deux-cultures-prehistorique-a-lechelle-regionale-2017/" class="more-link">Continuer la lecture<span class="screen-reader-text"> de &laquo;&nbsp;Les sites Magdaléniens et Aziliens : étude de deux cultures préhistoriques à l&rsquo;échelle régionale [2017]&nbsp;&raquo;</span></a></p>
