{"id":3939,"date":"2019-02-28T11:40:32","date_gmt":"2019-02-28T10:40:32","guid":{"rendered":"http:\/\/blogs.univ-jfc.fr\/vphn\/?page_id=3939"},"modified":"2019-05-07T11:55:19","modified_gmt":"2019-05-07T09:55:19","slug":"les-chevaliers-de-lordre-du-temple-en-aveyron-2018-2019","status":"publish","type":"page","link":"https:\/\/blogs.univ-jfc.fr\/vphn\/les-chevaliers-de-lordre-du-temple-en-aveyron-2018-2019\/","title":{"rendered":"Les chevaliers de l&rsquo;Ordre du Temple en Aveyron [2018]"},"content":{"rendered":"<figure id=\"attachment_4404\" aria-describedby=\"caption-attachment-4404\" style=\"width: 300px\" class=\"wp-caption aligncenter\"><img loading=\"lazy\" class=\"wp-image-4404 size-medium\" src=\"http:\/\/blogs.univ-jfc.fr\/vphn\/wp-content\/uploads\/sites\/65\/2019\/02\/d2c5f003e2976550d53d87763f559ac4-300x300.jpg\" alt=\"La Croix de l'Ordre du Temple\" width=\"300\" height=\"300\" srcset=\"https:\/\/blogs.univ-jfc.fr\/vphn\/wp-content\/uploads\/sites\/65\/2019\/02\/d2c5f003e2976550d53d87763f559ac4-300x300.jpg 300w, https:\/\/blogs.univ-jfc.fr\/vphn\/wp-content\/uploads\/sites\/65\/2019\/02\/d2c5f003e2976550d53d87763f559ac4-150x150.jpg 150w, https:\/\/blogs.univ-jfc.fr\/vphn\/wp-content\/uploads\/sites\/65\/2019\/02\/d2c5f003e2976550d53d87763f559ac4-100x100.jpg 100w, https:\/\/blogs.univ-jfc.fr\/vphn\/wp-content\/uploads\/sites\/65\/2019\/02\/d2c5f003e2976550d53d87763f559ac4.jpg 474w\" sizes=\"(max-width: 300px) 100vw, 300px\" \/><figcaption id=\"caption-attachment-4404\" class=\"wp-caption-text\">La Croix de l&rsquo;Ordre du Temple. Source : https:\/\/www.pinterest.fr\/pin\/532691462167794673<\/figcaption><\/figure>\n<p align=\"justify\"><b><i>Bienvenue dans cette page qui a pour but de vous pr\u00e9senter l&rsquo;Ordre du Temple, et sa fonction dans le d\u00e9partement de l&rsquo;Aveyron.<\/i><\/b><\/p>\n<p>&nbsp;<\/p>\n<p align=\"justify\">Durant les croisades de l\u2019\u00e9poque M\u00e9di\u00e9vale, qui ont eu lieu de <strong>1095 \u00e0 1291<\/strong>, les p\u00e8lerins en p\u00e8lerinage vers la terre sainte, la r\u00e9gion ou est n\u00e9 J\u00e9sus-Christ, et comme ville importante J\u00e9rusalem, le lieu de sa mort selon la Bible. Pour accompagner ces p\u00e8lerins, diff\u00e9rents ordres voient le jour, c\u2019est le cas des Templiers.\u2028\u00ab L\u2019ordre du Temple \u00bb est fond\u00e9 <strong>le 13 janvier 1129<\/strong> par le commandant militaire Hugues de Payns.<\/p>\n<p align=\"justify\">Lors de sa fondation l\u2019Ordre n\u2019est pas encore reconnu officiellement par la papot\u00e9, mais son fondateur veut l\u2019\u00e9tendre en Occident, et donc avoir la reconnaissance du pape. A cette \u00e9poque, l\u2019Ordre n\u2019a pas de nom pr\u00e9cis, le plus r\u00e9current est <strong>\u00ab L\u2019Ordre des pauvres chevaliers du Christ \u00bb<\/strong>, on les liait \u00e9galement souvent avec le Temple de Salomon, qui \u00e9tait connu comme le premier lieu de culte pour le Christ. Ce n\u2019est finalement que <strong>dix ans plus tard<\/strong>, <strong>le 29 mars 1139<\/strong>, que l\u2019approbation pontificale va avoir lieu, avec le pape <strong>Innocent II<\/strong>, c\u2019est alors que l\u2019Ordre va rev\u00eatir l\u2019appellation de <strong>\u00ab l\u2019Ordre du Temple \u00bb<\/strong>, plus commun\u00e9ment appel\u00e9 <strong>\u00ab les Templiers \u00bb<\/strong>. Le but de l\u2019Ordre \u00e9tait de <strong>prot\u00e9ger les p\u00e8lerins<\/strong> sur la route de J\u00e9rusalem, des croisades, et des guerres, ce qui justifie leur pr\u00e9sence dans toute l\u2019Europe. En effet, des <strong>commanderies de l\u2019Ordre<\/strong> \u00e9taient pr\u00e9sentes en Allemagne, en Autriche, en Lorraine, en Pologne, en Angleterre, avec l\u2019Ecosse et l\u2019Irlande, en Aquitaine avec des commanderies en Bretagne et dans le P\u00e9rigord, en Italie, au Portugal, en France, notamment en Aveyron.<\/p>\n<hr \/>\n<h1>Sommaire :<\/h1>\n<p align=\"justify\"><strong>&gt; Une installation privil\u00e9gi\u00e9e par la g\u00e9ographie et les relations locales &lt;<\/strong><\/p>\n<p align=\"justify\"><strong> &gt; Un Ordre religieux puissant &lt;<\/strong><\/p>\n<p align=\"justify\"><strong> &gt; L&rsquo;influence de l&rsquo;ordre sur le territoire de l&rsquo;Aveyron, en tant que nouvelle autorit\u00e9 &lt;<\/strong><\/p>\n<hr \/>\n<h1>Partie I : Une installation Privil\u00e9gi\u00e9e par la g\u00e9ographie et les relations locales<\/h1>\n<p align=\"justify\">D\u00e8s l&rsquo;installation de l&rsquo;Ordre dans la r\u00e9gion, ils ont d\u00e9velopp\u00e9 <strong>des relations privil\u00e9gi\u00e9s<\/strong> avec les seigneurs locaux, d&rsquo;une part car ils \u00e9tait les protecteurs des p\u00e8lerins, ils ont donc un r\u00f4le tr\u00e8s important, mais \u00e9galement car <strong>leurs sup\u00e9rieur est le pape<\/strong>, et ils sont chr\u00e9tiens. La puissance de cette Ordre, que nous d\u00e9taillerons tout a l&rsquo;heure, a donc privil\u00e9gi\u00e9 leurs installation en Aveyron. Il n&rsquo;y a pas que les relations qui ont encourag\u00e9 l&rsquo;Ordre a s&rsquo;installer dans la r\u00e9gion, mais <strong>la g\u00e9ographie<\/strong> les \u00e0 \u00e9galement beaucoup influenc\u00e9s. En effet, si on prend l&rsquo;exemple des cit\u00e9s fortifi\u00e9s tel que <strong>la Couvertoirade<\/strong>, la g\u00e9ographie est parfaite pour faire de <strong>l&rsquo;\u00e9levage<\/strong>, de mouton dans le cas pr\u00e9sent, car les pleines qui l&rsquo;entoures fournissent au village un bon paquet de champs pleins d&rsquo;herbes. Toujours dans le cas de la Couvertoirade, l&rsquo;Ordre a mis au point un syst\u00e8me de <strong>r\u00e9colte d&rsquo;eau de pluie<\/strong>, ce qui leurs permet de remplir une r\u00e9serve, pour ainsi faire boire les animaux. Les pleines\u00a0sont \u00e9galement pratique lorsqu&rsquo;il s&rsquo;agit de regarder au loin pour voir d&rsquo;\u00e9ventuelles attaques. En bref, l&rsquo;Aveyron \u00e9tait le territoire ad\u00e9quat pour l&rsquo;installation de l&rsquo;Ordre, et pour en faire une <strong>\u00e9tape pour le p\u00e8lerinage<\/strong> vers la terre sainte.<\/p>\n<figure id=\"attachment_4997\" aria-describedby=\"caption-attachment-4997\" style=\"width: 486px\" class=\"wp-caption aligncenter\"><img loading=\"lazy\" class=\" wp-image-4997\" src=\"http:\/\/blogs.univ-jfc.fr\/vphn\/wp-content\/uploads\/sites\/65\/2019\/02\/http-paysageaveyron.fr-wp-content-uploads-2013-01-paysage-rougier-aveyropn-300x160.jpg\" alt=\"\" width=\"486\" height=\"259\" srcset=\"https:\/\/blogs.univ-jfc.fr\/vphn\/wp-content\/uploads\/sites\/65\/2019\/02\/http-paysageaveyron.fr-wp-content-uploads-2013-01-paysage-rougier-aveyropn-300x160.jpg 300w, https:\/\/blogs.univ-jfc.fr\/vphn\/wp-content\/uploads\/sites\/65\/2019\/02\/http-paysageaveyron.fr-wp-content-uploads-2013-01-paysage-rougier-aveyropn.jpg 733w\" sizes=\"(max-width: 486px) 100vw, 486px\" \/><figcaption id=\"caption-attachment-4997\" class=\"wp-caption-text\">Les paysages de l&rsquo;Aveyron on favoris\u00e9 l&rsquo;installation de l&rsquo;Ordre du Temple<br \/>source : https:\/\/paysageaveyron.fr\/marcillac-un-vallon-privilegie\/paysage-rougier-aveyropn\/<\/figcaption><\/figure>\n<h1>Partie II : Un Ordre religieux puissant<\/h1>\n<p align=\"justify\">Une fois l\u2019Ordre du Temple install\u00e9 sur le territoire, ils ont directement cherch\u00e9 \u00e0 <strong>s\u2019imposer comme l\u2019Ordre le plus puissant<\/strong>, pour ainsi garantir une bonne protection aux p\u00e8lerins qui le souhaitaient, car il valait mieux se faire prot\u00e9ger par quelqu\u2019un qui a de l\u2019autorit\u00e9, que quelqu\u2019un d\u2019inconnu. Comme nous l\u2019avons \u00e9voqu\u00e9 juste avant, les templiers ont profit\u00e9 de leurs liens avec les autorit\u00e9s locales, pour s\u2019implanter de mani\u00e8re forte dans l\u2019Aveyron, mais \u00e0 mesure qu\u2019ils gagnaient en puissance, et qu\u2019ils <strong>devenaient de plus en plus riches<\/strong>, l\u2019ordre et les autorit\u00e9s locales sont finalement devenus rivaux, car l\u2019Ordre \u00e9tait assez puisant pour <strong>rivaliser avec les seigneurs locaux<\/strong>. Une autre preuve de l\u2019implantation forte et la grande puissance de l\u2019ordre, et la cr\u00e9ation de cit\u00e9s, que l\u2019on nomme aujourd\u2019hui tout simplement <strong>les cit\u00e9s templi\u00e8res<\/strong>. Dans le cas de l\u2019Aveyron, il y a <strong>cinq cit\u00e9s templi\u00e8res<\/strong>, localis\u00e9es dans le <strong>sud<\/strong>, et la plus grande de toutes se nomme <strong>\u00ab la Couvertoirade \u00bb<\/strong>. Cette cit\u00e9 est prot\u00e9g\u00e9e par des remparts, et le village qui se trouve \u00e0 l\u2019int\u00e9rieur, \u00e9tait contr\u00f4l\u00e9 par l\u2019Ordre, ce qui rivalise totalement avec les seigneurs locaux qui eux aussi avaient le pouvoir sur des territoires. Nous l\u2019avons d\u00e9j\u00e0 dit, les templiers ont une <strong>fonction religieuse<\/strong>, mais ce ne sont pas des soldats, ni des chevaliers, mais se sont des <strong>militaires<\/strong>, car ils prot\u00e8gent la population et combattent l\u2019ennemi dans des guerres et des croisades.<\/p>\n<figure id=\"attachment_4996\" aria-describedby=\"caption-attachment-4996\" style=\"width: 519px\" class=\"wp-caption aligncenter\"><img loading=\"lazy\" class=\" wp-image-4996\" src=\"http:\/\/blogs.univ-jfc.fr\/vphn\/wp-content\/uploads\/sites\/65\/2019\/02\/Couvertoirade-300x201.jpg\" alt=\"\" width=\"519\" height=\"348\" srcset=\"https:\/\/blogs.univ-jfc.fr\/vphn\/wp-content\/uploads\/sites\/65\/2019\/02\/Couvertoirade-300x201.jpg 300w, https:\/\/blogs.univ-jfc.fr\/vphn\/wp-content\/uploads\/sites\/65\/2019\/02\/Couvertoirade-768x514.jpg 768w, https:\/\/blogs.univ-jfc.fr\/vphn\/wp-content\/uploads\/sites\/65\/2019\/02\/Couvertoirade.jpg 1000w\" sizes=\"(max-width: 519px) 100vw, 519px\" \/><figcaption id=\"caption-attachment-4996\" class=\"wp-caption-text\">Plan a\u00e9rien de la Couvertoirade<br \/>source : https:\/\/decouvrir.blog.tourisme-aveyron.com\/incontournables\/visiter-laveyron-par-ou-commencer#.XHmqRy17SRs<\/figcaption><\/figure>\n<p>&nbsp;<\/p>\n<h1>Partie III : L&rsquo;influence de l&rsquo;Ordre sur le territoire de l&rsquo;Aveyron, en tant que nouvelle autorit\u00e9<\/h1>\n<p>&nbsp;<\/p>\n<p align=\"justify\">Une fois l&rsquo;Ordre install\u00e9 en Aveyron et une fois enrichi, ils se sont <strong>impos\u00e9s comme nouvelle autorit\u00e9 envers les populations locales<\/strong>, avec les villages fortifi\u00e9s, mais \u00e9galement face au potentiels ennemies, en montrant que les p\u00e8lerins sont maintenant prot\u00e9g\u00e9 par <strong>une r\u00e9elle force militaire<\/strong>, qui \u00e0 \u00e9tablie des camps un peu partout sur la route du p\u00e8lerinage. Au del\u00e0 de la simple protection des p\u00e8lerins en cas d&rsquo;attaque, l&rsquo;Ordre avait aussi pour but de dissuader les attaques, en montrant que c&rsquo;\u00e9tait un <strong>Ordre militaire, bien arm\u00e9e, et donc puissant<\/strong>. L&rsquo;influence que l&rsquo;Ordre a eu sur le territoire de l&rsquo;Aveyron, et partout ou ils se sont install\u00e9s, c&rsquo;est de <strong>cr\u00e9er des \u00e9tapes pour le p\u00e8lerinage\u00a0en terre sainte<\/strong>, donc quelque part de cr\u00e9er <strong>des r\u00e9gions carrefour<\/strong>, et des routes strictes pour ce p\u00e8lerinage. Bien au del\u00e0 de ces routes de p\u00e8lerinage, l&rsquo;Ordre du Temple a laiss\u00e9 beaucoup de monuments, encore visible aujourd&rsquo;hui, comme \u00e9voqu\u00e9 avant avec la Couvertoirade, ainsi que quelques autres cit\u00e9s fortifi\u00e9s, comme Sainte-Eulalie-de-Cernon, la Cavalerie, et bien d&rsquo;autres, ce qui fait de l&rsquo;Ordre du Temple, <strong>un acteur crucial dans le patrimoine culturel et monumental de l&rsquo;Aveyron.<\/strong><\/p>\n<p align=\"justify\"><a href=\"http:\/\/blogs.univ-jfc.fr\/vphn\/les-chevaliers-de-lordre-du-temple-en-aveyron-2018-2019\/bibliographie-pour-lordre-du-temple\/\">Voici la bibliographie pour les recherches<\/a><\/p>\n<p align=\"justify\">Contenu : Elisa Ginestet et Lo\u00efs Macia (L1)<\/p>\n<p align=\"justify\">Mise en Page : Lo\u00efs Macia<\/p>\n","protected":false},"excerpt":{"rendered":"<p>Bienvenue dans cette page qui a pour but de vous pr\u00e9senter l&rsquo;Ordre du Temple, et sa fonction dans le d\u00e9partement de l&rsquo;Aveyron. &nbsp; Durant les croisades de l\u2019\u00e9poque M\u00e9di\u00e9vale, qui ont eu lieu de 1095 \u00e0 1291, les p\u00e8lerins en p\u00e8lerinage vers la terre sainte, la r\u00e9gion ou est n\u00e9 J\u00e9sus-Christ, et comme ville importante &hellip; <\/p>\n<p class=\"link-more\"><a href=\"https:\/\/blogs.univ-jfc.fr\/vphn\/les-chevaliers-de-lordre-du-temple-en-aveyron-2018-2019\/\" class=\"more-link\">Continuer la lecture<span class=\"screen-reader-text\"> de &laquo;&nbsp;Les chevaliers de l&rsquo;Ordre du Temple en Aveyron [2018]&nbsp;&raquo;<\/span><\/a><\/p>\n","protected":false},"author":612,"featured_media":0,"parent":0,"menu_order":0,"comment_status":"closed","ping_status":"closed","template":"","meta":[],"_links":{"self":[{"href":"https:\/\/blogs.univ-jfc.fr\/vphn\/wp-json\/wp\/v2\/pages\/3939"}],"collection":[{"href":"https:\/\/blogs.univ-jfc.fr\/vphn\/wp-json\/wp\/v2\/pages"}],"about":[{"href":"https:\/\/blogs.univ-jfc.fr\/vphn\/wp-json\/wp\/v2\/types\/page"}],"author":[{"embeddable":true,"href":"https:\/\/blogs.univ-jfc.fr\/vphn\/wp-json\/wp\/v2\/users\/612"}],"replies":[{"embeddable":true,"href":"https:\/\/blogs.univ-jfc.fr\/vphn\/wp-json\/wp\/v2\/comments?post=3939"}],"version-history":[{"count":54,"href":"https:\/\/blogs.univ-jfc.fr\/vphn\/wp-json\/wp\/v2\/pages\/3939\/revisions"}],"predecessor-version":[{"id":5135,"href":"https:\/\/blogs.univ-jfc.fr\/vphn\/wp-json\/wp\/v2\/pages\/3939\/revisions\/5135"}],"wp:attachment":[{"href":"https:\/\/blogs.univ-jfc.fr\/vphn\/wp-json\/wp\/v2\/media?parent=3939"}],"curies":[{"name":"wp","href":"https:\/\/api.w.org\/{rel}","templated":true}]}}

<figure id="attachment_4404" aria-describedby="caption-attachment-4404" style="width: 300px" class="wp-caption aligncenter"><img loading="lazy" class="wp-image-4404 size-medium" src="http://blogs.univ-jfc.fr/vphn/wp-content/uploads/sites/65/2019/02/d2c5f003e2976550d53d87763f559ac4-300x300.jpg" alt="La Croix de l'Ordre du Temple" width="300" height="300" srcset="https://blogs.univ-jfc.fr/vphn/wp-content/uploads/sites/65/2019/02/d2c5f003e2976550d53d87763f559ac4-300x300.jpg 300w, https://blogs.univ-jfc.fr/vphn/wp-content/uploads/sites/65/2019/02/d2c5f003e2976550d53d87763f559ac4-150x150.jpg 150w, https://blogs.univ-jfc.fr/vphn/wp-content/uploads/sites/65/2019/02/d2c5f003e2976550d53d87763f559ac4-100x100.jpg 100w, https://blogs.univ-jfc.fr/vphn/wp-content/uploads/sites/65/2019/02/d2c5f003e2976550d53d87763f559ac4.jpg 474w" sizes="(max-width: 300px) 100vw, 300px" /><figcaption id="caption-attachment-4404" class="wp-caption-text">La Croix de l&rsquo;Ordre du Temple. Source : https://www.pinterest.fr/pin/532691462167794673</figcaption></figure>
<p align="justify"><b><i>Bienvenue dans cette page qui a pour but de vous présenter l&rsquo;Ordre du Temple, et sa fonction dans le département de l&rsquo;Aveyron.</i></b></p>
<p>&nbsp;</p>
<p align="justify">Durant les croisades de l’époque Médiévale, qui ont eu lieu de <strong>1095 à 1291</strong>, les pèlerins en pèlerinage vers la terre sainte, la région ou est né Jésus-Christ, et comme ville importante Jérusalem, le lieu de sa mort selon la Bible. Pour accompagner ces pèlerins, différents ordres voient le jour, c’est le cas des Templiers. « L’ordre du Temple » est fondé <strong>le 13 janvier 1129</strong> par le commandant militaire Hugues de Payns.</p>
<p align="justify">Lors de sa fondation l’Ordre n’est pas encore reconnu officiellement par la papoté, mais son fondateur veut l’étendre en Occident, et donc avoir la reconnaissance du pape. A cette époque, l’Ordre n’a pas de nom précis, le plus récurrent est <strong>« L’Ordre des pauvres chevaliers du Christ »</strong>, on les liait également souvent avec le Temple de Salomon, qui était connu comme le premier lieu de culte pour le Christ. Ce n’est finalement que <strong>dix ans plus tard</strong>, <strong>le 29 mars 1139</strong>, que l’approbation pontificale va avoir lieu, avec le pape <strong>Innocent II</strong>, c’est alors que l’Ordre va revêtir l’appellation de <strong>« l’Ordre du Temple »</strong>, plus communément appelé <strong>« les Templiers »</strong>. Le but de l’Ordre était de <strong>protéger les pèlerins</strong> sur la route de Jérusalem, des croisades, et des guerres, ce qui justifie leur présence dans toute l’Europe. En effet, des <strong>commanderies de l’Ordre</strong> étaient présentes en Allemagne, en Autriche, en Lorraine, en Pologne, en Angleterre, avec l’Ecosse et l’Irlande, en Aquitaine avec des commanderies en Bretagne et dans le Périgord, en Italie, au Portugal, en France, notamment en Aveyron.</p>
<hr />
<h1>Sommaire :</h1>
<p align="justify"><strong>&gt; Une installation privilégiée par la géographie et les relations locales &lt;</strong></p>
<p align="justify"><strong> &gt; Un Ordre religieux puissant &lt;</strong></p>
<p align="justify"><strong> &gt; L&rsquo;influence de l&rsquo;ordre sur le territoire de l&rsquo;Aveyron, en tant que nouvelle autorité &lt;</strong></p>
<hr />
<h1>Partie I : Une installation Privilégiée par la géographie et les relations locales</h1>
<p align="justify">Dès l&rsquo;installation de l&rsquo;Ordre dans la région, ils ont développé <strong>des relations privilégiés</strong> avec les seigneurs locaux, d&rsquo;une part car ils était les protecteurs des pèlerins, ils ont donc un rôle très important, mais également car <strong>leurs supérieur est le pape</strong>, et ils sont chrétiens. La puissance de cette Ordre, que nous détaillerons tout a l&rsquo;heure, a donc privilégié leurs installation en Aveyron. Il n&rsquo;y a pas que les relations qui ont encouragé l&rsquo;Ordre a s&rsquo;installer dans la région, mais <strong>la géographie</strong> les à également beaucoup influencés. En effet, si on prend l&rsquo;exemple des cités fortifiés tel que <strong>la Couvertoirade</strong>, la géographie est parfaite pour faire de <strong>l&rsquo;élevage</strong>, de mouton dans le cas présent, car les pleines qui l&rsquo;entoures fournissent au village un bon paquet de champs pleins d&rsquo;herbes. Toujours dans le cas de la Couvertoirade, l&rsquo;Ordre a mis au point un système de <strong>récolte d&rsquo;eau de pluie</strong>, ce qui leurs permet de remplir une réserve, pour ainsi faire boire les animaux. Les pleines sont également pratique lorsqu&rsquo;il s&rsquo;agit de regarder au loin pour voir d&rsquo;éventuelles attaques. En bref, l&rsquo;Aveyron était le territoire adéquat pour l&rsquo;installation de l&rsquo;Ordre, et pour en faire une <strong>étape pour le pèlerinage</strong> vers la terre sainte.</p>
<figure id="attachment_4997" aria-describedby="caption-attachment-4997" style="width: 486px" class="wp-caption aligncenter"><img loading="lazy" class=" wp-image-4997" src="http://blogs.univ-jfc.fr/vphn/wp-content/uploads/sites/65/2019/02/http-paysageaveyron.fr-wp-content-uploads-2013-01-paysage-rougier-aveyropn-300x160.jpg" alt="" width="486" height="259" srcset="https://blogs.univ-jfc.fr/vphn/wp-content/uploads/sites/65/2019/02/http-paysageaveyron.fr-wp-content-uploads-2013-01-paysage-rougier-aveyropn-300x160.jpg 300w, https://blogs.univ-jfc.fr/vphn/wp-content/uploads/sites/65/2019/02/http-paysageaveyron.fr-wp-content-uploads-2013-01-paysage-rougier-aveyropn.jpg 733w" sizes="(max-width: 486px) 100vw, 486px" /><figcaption id="caption-attachment-4997" class="wp-caption-text">Les paysages de l&rsquo;Aveyron on favorisé l&rsquo;installation de l&rsquo;Ordre du Temple<br />source : https://paysageaveyron.fr/marcillac-un-vallon-privilegie/paysage-rougier-aveyropn/</figcaption></figure>
<h1>Partie II : Un Ordre religieux puissant</h1>
<p align="justify">Une fois l’Ordre du Temple installé sur le territoire, ils ont directement cherché à <strong>s’imposer comme l’Ordre le plus puissant</strong>, pour ainsi garantir une bonne protection aux pèlerins qui le souhaitaient, car il valait mieux se faire protéger par quelqu’un qui a de l’autorité, que quelqu’un d’inconnu. Comme nous l’avons évoqué juste avant, les templiers ont profité de leurs liens avec les autorités locales, pour s’implanter de manière forte dans l’Aveyron, mais à mesure qu’ils gagnaient en puissance, et qu’ils <strong>devenaient de plus en plus riches</strong>, l’ordre et les autorités locales sont finalement devenus rivaux, car l’Ordre était assez puisant pour <strong>rivaliser avec les seigneurs locaux</strong>. Une autre preuve de l’implantation forte et la grande puissance de l’ordre, et la création de cités, que l’on nomme aujourd’hui tout simplement <strong>les cités templières</strong>. Dans le cas de l’Aveyron, il y a <strong>cinq cités templières</strong>, localisées dans le <strong>sud</strong>, et la plus grande de toutes se nomme <strong>« la Couvertoirade »</strong>. Cette cité est protégée par des remparts, et le village qui se trouve à l’intérieur, était contrôlé par l’Ordre, ce qui rivalise totalement avec les seigneurs locaux qui eux aussi avaient le pouvoir sur des territoires. Nous l’avons déjà dit, les templiers ont une <strong>fonction religieuse</strong>, mais ce ne sont pas des soldats, ni des chevaliers, mais se sont des <strong>militaires</strong>, car ils protègent la population et combattent l’ennemi dans des guerres et des croisades.</p>
<figure id="attachment_4996" aria-describedby="caption-attachment-4996" style="width: 519px" class="wp-caption aligncenter"><img loading="lazy" class=" wp-image-4996" src="http://blogs.univ-jfc.fr/vphn/wp-content/uploads/sites/65/2019/02/Couvertoirade-300x201.jpg" alt="" width="519" height="348" srcset="https://blogs.univ-jfc.fr/vphn/wp-content/uploads/sites/65/2019/02/Couvertoirade-300x201.jpg 300w, https://blogs.univ-jfc.fr/vphn/wp-content/uploads/sites/65/2019/02/Couvertoirade-768x514.jpg 768w, https://blogs.univ-jfc.fr/vphn/wp-content/uploads/sites/65/2019/02/Couvertoirade.jpg 1000w" sizes="(max-width: 519px) 100vw, 519px" /><figcaption id="caption-attachment-4996" class="wp-caption-text">Plan aérien de la Couvertoirade<br />source : https://decouvrir.blog.tourisme-aveyron.com/incontournables/visiter-laveyron-par-ou-commencer#.XHmqRy17SRs</figcaption></figure>
<p>&nbsp;</p>
<h1>Partie III : L&rsquo;influence de l&rsquo;Ordre sur le territoire de l&rsquo;Aveyron, en tant que nouvelle autorité</h1>
<p>&nbsp;</p>
<p align="justify">Une fois l&rsquo;Ordre installé en Aveyron et une fois enrichi, ils se sont <strong>imposés comme nouvelle autorité envers les populations locales</strong>, avec les villages fortifiés, mais également face au potentiels ennemies, en montrant que les pèlerins sont maintenant protégé par <strong>une réelle force militaire</strong>, qui à établie des camps un peu partout sur la route du pèlerinage. Au delà de la simple protection des pèlerins en cas d&rsquo;attaque, l&rsquo;Ordre avait aussi pour but de dissuader les attaques, en montrant que c&rsquo;était un <strong>Ordre militaire, bien armée, et donc puissant</strong>. L&rsquo;influence que l&rsquo;Ordre a eu sur le territoire de l&rsquo;Aveyron, et partout ou ils se sont installés, c&rsquo;est de <strong>créer des étapes pour le pèlerinage en terre sainte</strong>, donc quelque part de créer <strong>des régions carrefour</strong>, et des routes strictes pour ce pèlerinage. Bien au delà de ces routes de pèlerinage, l&rsquo;Ordre du Temple a laissé beaucoup de monuments, encore visible aujourd&rsquo;hui, comme évoqué avant avec la Couvertoirade, ainsi que quelques autres cités fortifiés, comme Sainte-Eulalie-de-Cernon, la Cavalerie, et bien d&rsquo;autres, ce qui fait de l&rsquo;Ordre du Temple, <strong>un acteur crucial dans le patrimoine culturel et monumental de l&rsquo;Aveyron.</strong></p>
<p align="justify"><a href="http://blogs.univ-jfc.fr/vphn/les-chevaliers-de-lordre-du-temple-en-aveyron-2018-2019/bibliographie-pour-lordre-du-temple/">Voici la bibliographie pour les recherches</a></p>
<p align="justify">Contenu : Elisa Ginestet et Loïs Macia (L1)</p>
<p align="justify">Mise en Page : Loïs Macia</p>

<p>Bienvenue dans cette page qui a pour but de vous présenter l&rsquo;Ordre du Temple, et sa fonction dans le département de l&rsquo;Aveyron. &nbsp; Durant les croisades de l’époque Médiévale, qui ont eu lieu de 1095 à 1291, les pèlerins en pèlerinage vers la terre sainte, la région ou est né Jésus-Christ, et comme ville importante &hellip; </p>
<p class="link-more"><a href="https://blogs.univ-jfc.fr/vphn/les-chevaliers-de-lordre-du-temple-en-aveyron-2018-2019/" class="more-link">Continuer la lecture<span class="screen-reader-text"> de &laquo;&nbsp;Les chevaliers de l&rsquo;Ordre du Temple en Aveyron [2018]&nbsp;&raquo;</span></a></p>
