{"id":3963,"date":"2019-02-27T15:29:02","date_gmt":"2019-02-27T14:29:02","guid":{"rendered":"http:\/\/blogs.univ-jfc.fr\/vphn\/?page_id=3963"},"modified":"2019-05-07T11:54:06","modified_gmt":"2019-05-07T09:54:06","slug":"emile-combes-2018-2019","status":"publish","type":"page","link":"https:\/\/blogs.univ-jfc.fr\/vphn\/figures-et-evenements\/emile-combes-2018-2019\/","title":{"rendered":"\u00c9mile Combes [2018]"},"content":{"rendered":"<p align=\"justify\"><span style=\"font-size: medium\"><u>Q<\/u><\/span><span style=\"font-size: medium\"><u>ui est <\/u><u>\u00c9mile<\/u><u> Combes\u00a0<\/u>?<\/span><\/p>\n<p align=\"justify\"><span style=\"font-family: Times New Roman, serif\"><span style=\"font-size: medium\">\u00c9<\/span><\/span><span style=\"font-family: Times New Roman, serif\"><span style=\"font-size: medium\">mile<\/span><\/span><span style=\"font-family: Times New Roman, serif\"><span style=\"font-size: medium\"> Combes est un homme politique fran\u00e7ais n\u00e9 dans la commune de Roquecourbe <\/span><\/span><span style=\"font-family: Times New Roman, serif\"><span style=\"font-size: medium\">dans le Tarn en 1835, il est mort en 1921 \u00e0 Pons. Il commence \u00e0 faire des \u00e9tudes <\/span><\/span><span style=\"font-family: Times New Roman, serif\"><span style=\"font-size: medium\">r<\/span><\/span><span style=\"font-family: Times New Roman, serif\"><span style=\"font-size: medium\">eligieuses \u00e0 Castres puis \u00e0 Albi. Il d\u00e9croche son bac, ce <\/span><\/span><span style=\"font-family: Times New Roman, serif\"><span style=\"font-size: medium\">qui lui permet de financer la suite de ces \u00e9tudes. Puis, durant ses \u00e9tudes \u00e0 l\u2019\u00e9cole des Carmes, il c\u00f4toie des hommes aux tendances anticl\u00e9ricales, \u00e0 savoir <a href=\"https:\/\/www.universalis.fr\/encyclopedie\/jules-michelet\/\">Jules Michelet<\/a> et <a href=\"https:\/\/www.universalis.fr\/encyclopedie\/edgar-quinet\/\">Edgar Quinet,<\/a> qui lui inspireront les id\u00e9es qu\u2019il aura plus tard. Il se dirige ensuite vers le professorat et il enseigne la rh\u00e9torique dans l\u2019institution dioc\u00e9saine de <\/span><\/span><span style=\"font-family: Times New Roman, serif\"><span style=\"font-size: medium\">Pons o\u00f9, ne se faisant pas \u00e0 la vie monacale et d\u00e9veloppant les id\u00e9es allant \u00e0 l\u2019encontre de l\u2019\u00c9glise, il d\u00e9cide de prendre un nouveau d\u00e9part en se dirigeant vers la m\u00e9decine, id\u00e9e que lui donne son fr\u00e8re.<\/span><\/span><\/p>\n<p align=\"justify\"><span style=\"font-family: Times New Roman, serif\"><span style=\"font-size: medium\">Plus tard, il d\u00e9cide de se lancer dans la politique pour devenir maire de Pons en 1876. Sa carri\u00e8re politique est tr\u00e8s riche car il devient s\u00e9nateur du parti radical de gauche en 1885 et un des leaders du parti radical de gauche. Tout se bouscule quand il devient pr\u00e9sident du conseil le 7 juin 1902. Comme son parti est majoritaire \u00e0 l\u2019assembl\u00e9e, il d\u00e9cide d\u2019appliquer ses id\u00e9es et se donne comme objectif de faire une loi qui s\u00e9parerait l\u2019\u00c9glise et l\u2019\u00c9tat et de faire respecter les lois sur la la\u00efcit\u00e9 de 1901.<\/span><\/span><\/p>\n<p>&nbsp;<\/p>\n<p align=\"justify\"><span style=\"font-family: Times New Roman, serif\"><span style=\"font-size: medium\">\u00a0<\/span><\/span><\/p>\n<figure id=\"attachment_3976\" aria-describedby=\"caption-attachment-3976\" style=\"width: 220px\" class=\"wp-caption aligncenter\"><img loading=\"lazy\" class=\"size-full wp-image-3976\" src=\"http:\/\/blogs.univ-jfc.fr\/vphn\/wp-content\/uploads\/sites\/65\/2019\/02\/photo-emiles-combes.jpg\" alt=\"\" width=\"220\" height=\"262\" \/><figcaption id=\"caption-attachment-3976\" class=\"wp-caption-text\">Portrait d\u2019\u00c9mile Combes<\/figcaption><\/figure>\n<p>&nbsp;<\/p>\n<p align=\"justify\"><span style=\"font-family: Times New Roman, serif\"><span style=\"font-size: medium\"><u>Relation cordiale entre l\u2019\u00c9tat et l\u2019\u00c9glise avant l\u2019arriv\u00e9e au pouvoir d\u2019\u00c9mile Combes\u00a0:<\/u><\/span><\/span><\/p>\n<p align=\"justify\"><span style=\"font-family: Times New Roman, serif\"><span style=\"font-size: medium\">Avant l\u2019arriv\u00e9e des radicaux de gauche et d&rsquo;<\/span><\/span><span style=\"font-family: Times New Roman, serif\"><span style=\"font-size: medium\">\u00c9mile<\/span><\/span><span style=\"font-family: Times New Roman, serif\"><span style=\"font-size: medium\"> Combes, la France est dans une entente pour le moins cordiale avec l\u2019\u00c9glise Catholique. Malgr\u00e9 le fait que la France ait perdu le statut de \u00ab\u00a0fille a\u00een\u00e9e de l\u2019\u00c9glise\u00a0\u00bb suite \u00e0 la r\u00e9volution fran\u00e7aise de 1789, Napol\u00e9on I<\/span><\/span><sup><span style=\"font-family: Times New Roman, serif\"><span style=\"font-size: medium\">er<\/span><\/span><\/sup><span style=\"font-family: Times New Roman, serif\"><span style=\"font-size: medium\"> a su r\u00e9concilier les Fran\u00e7ais avec la religion\u00a0 gr\u00e2ce \u00e0 la mise en place du r\u00e9gime <a href=\"http:\/\/www.akadem.org\/medias\/documents\/Doc3_Concordat.pdf\">concordataire<\/a> en 1801. Tout se bouscule avec l\u2019arriv\u00e9e des radicaux de gauche et du gouvernement d&rsquo;\u00c9mile Combes.<\/span><\/span><\/p>\n<p align=\"justify\"><span style=\"font-family: Times New Roman, serif\"><span style=\"font-size: medium\"><u>Une politique brutale et radicale<\/u><\/span><\/span><\/p>\n<p align=\"justify\"><span style=\"font-family: Times New Roman, serif\"><span style=\"font-size: medium\">En 1902, \u00c9mile Combes devient pr\u00e9sident du conseil et a les mains libres pour exercer sa politique, brutale et anticl\u00e9ricale. Du fait de la mont\u00e9e du mouvement anticl\u00e9rical en France, beaucoup de congr\u00e9gations religieuses sont forc\u00e9es de fermer ou encore de s\u2019exiler dans d\u2019autres pays. Apr\u00e8s les <a href=\"http:\/\/www.senat.fr\/evenement\/archives\/D42\/\">lois Ferry<\/a>, \u00c9mile Combes continue d\u2019\u0153uvrer pour que la France soit un pays totalement la\u00efc pour consolider la R\u00e9publique vis-\u00e0-vis du peuple.Il est dans une optique de sacralisation de la R\u00e9publique et cela passe par une la\u00efcit\u00e9 totale. \u00c9mile Combes cherche \u00e0 faire appliquer la loi de 1901 o\u00f9 les congr\u00e9gations religieuses se voient interdire d\u2019enseigner, et plusieurs congr\u00e9gations sont expuls\u00e9es parfois m\u00eame violemment par les forces de l\u2019ordre de leur \u00e9tablissement. Plusieurs membres de ces congr\u00e9gations sont extrad\u00e9s. C\u2019est l\u2019\u00e9pisode des \u00ab\u00a0expuls\u00e9s\u00a0\u00bb.<\/span><\/span><\/p>\n<p align=\"justify\"><span style=\"font-family: Times New Roman, serif\"><span style=\"font-size: medium\">Nous pouvons dire qu\u2019une s\u00e9paration entre l&rsquo;\u00c9glise et l\u2019\u00c9tat semble in\u00e9vitable car \u00c9mile Combes rentre en conflit ouvert avec le Vatican en retirant l\u2019ambassadeur fran\u00e7ais du Vatican. Un peu plus tard la France, d\u00e9cide de rompre totalement sa relation diplomatique avec le Saint-Si\u00e8ge suite \u00e0 la visite d\u2019\u00c9mile Loubet \u00e0 Rome, durant laquelle le Pape se plaint quant \u00e0 la nomination d\u2019\u00e9v\u00eaques en France.<\/span><\/span><\/p>\n<figure id=\"attachment_3986\" aria-describedby=\"caption-attachment-3986\" style=\"width: 180px\" class=\"wp-caption aligncenter\"><img loading=\"lazy\" class=\"size-full wp-image-3986\" src=\"http:\/\/blogs.univ-jfc.fr\/vphn\/wp-content\/uploads\/sites\/65\/2019\/02\/Emile-combes-godzilla.jpg\" alt=\"\" width=\"180\" height=\"269\" \/><figcaption id=\"caption-attachment-3986\" class=\"wp-caption-text\">Le Combes de l\u2019activit\u00e9 d\u00e9vorante pour faire le mal, Lemot A., Le p\u00e8lerin, 27 juillet 1902<\/figcaption><\/figure>\n<p align=\"justify\"><span style=\"font-family: Times New Roman, serif\"><span style=\"font-size: medium\"><u>Le cheminement vers la s\u00e9paration des <\/u><u>\u00c9glises<\/u><u> et de l\u2019\u00c9tat\u00a0<\/u>:<\/span><\/span><\/p>\n<p align=\"justify\"><span style=\"font-family: Times New Roman, serif\"><span style=\"font-size: medium\">Au d\u00e9but, il faut savoir <\/span><\/span><span style=\"font-family: Times New Roman, serif\"><span style=\"font-size: medium\">qu\u2019\u00c9mile<\/span><\/span><span style=\"font-family: Times New Roman, serif\"><span style=\"font-size: medium\"> Combes est oppos\u00e9 \u00e0 une s\u00e9paration totale des <\/span><\/span><span style=\"font-family: Times New Roman, serif\"><span style=\"font-size: medium\">\u00c9glises<\/span><\/span><span style=\"font-family: Times New Roman, serif\"><span style=\"font-size: medium\"> et de <\/span><\/span><span style=\"font-family: Times New Roman, serif\"><span style=\"font-size: medium\">l\u2019\u00c9tat<\/span><\/span><span style=\"font-family: Times New Roman, serif\"><span style=\"font-size: medium\"> car il craint que ceci entra\u00eene un renouveau de l\u2019\u00c9glise. Il rejette m\u00eame des projets de loi et finalement une commission est cr\u00e9\u00e9e pour r\u00e9diger un projet de loi d\u00e9finitif. C\u2019est ce qu\u2019on a appel\u00e9 la <a href=\"https:\/\/www.persee.fr\/doc\/rhmc_0048-8003_1977_num_24_3_984\">Commission Buisson- Briand<\/a>. Ceux-ci veulent mod\u00e9rer le projet de loi pour pas que la loi soit braqu\u00e9e sur <\/span><\/span><span style=\"font-family: Times New Roman, serif\"><span style=\"font-size: medium\">l\u2019\u00c9glise<\/span><\/span><span style=\"font-family: Times New Roman, serif\"><span style=\"font-size: medium\"> et \u00e9viter ainsi une destruction compl\u00e8te de l\u2019\u00c9glise. La commission Buisson- Briand s\u2019oppose \u00e0 \u00c9mile Combes qu\u2019elle juge trop radical. Finalement, un compromis est trouv\u00e9 et une loi plus mod\u00e9r\u00e9e commence \u00e0 voir le jour. La loi sera adopt\u00e9e apr\u00e8s le d\u00e9part <\/span><\/span><span style=\"font-family: Times New Roman, serif\"><span style=\"font-size: medium\">d\u2019\u00c9mile<\/span><\/span><span style=\"font-family: Times New Roman, serif\"><span style=\"font-size: medium\"> Combe<\/span><\/span><span style=\"font-family: Times New Roman, serif\"><span style=\"font-size: medium\">s<\/span><\/span><span style=\"font-family: Times New Roman, serif\"><span style=\"font-size: medium\"> qui aura \u00e9t\u00e9 pouss\u00e9 \u00e0 d\u00e9missionner suite \u00e0 \u00ab\u00a0<a href=\"https:\/\/www.lhistoire.fr\/l%C2%AB-affaire-des-fiches-%C2%BB-un-scandale-r%C3%A9publicain\">l\u2019Affaire des fiches<\/a>\u00a0\u00bb. Elle sera finalement adopt\u00e9e en 1905 mais cette loi engendrera des divisions au sein m\u00eame de l\u2019\u00c9tat Fran\u00e7ais. La \u00ab\u00a0<a href=\"https:\/\/www.franceinter.fr\/emissions\/les-oubliettes-du-temps\/les-oubliettes-du-temps-06-mars-2013\">querelle des inventaires<\/a>\u00a0\u00bb illustre bien cette division.<\/span><\/span><\/p>\n<figure id=\"attachment_3988\" aria-describedby=\"caption-attachment-3988\" style=\"width: 207px\" class=\"wp-caption aligncenter\"><img loading=\"lazy\" class=\"size-medium wp-image-3988\" src=\"http:\/\/blogs.univ-jfc.fr\/vphn\/wp-content\/uploads\/sites\/65\/2019\/02\/separation-Eglises-et-Etats-207x300.jpg\" alt=\"\" width=\"207\" height=\"300\" srcset=\"https:\/\/blogs.univ-jfc.fr\/vphn\/wp-content\/uploads\/sites\/65\/2019\/02\/separation-Eglises-et-Etats-207x300.jpg 207w, https:\/\/blogs.univ-jfc.fr\/vphn\/wp-content\/uploads\/sites\/65\/2019\/02\/separation-Eglises-et-Etats.jpg 355w\" sizes=\"(max-width: 207px) 100vw, 207px\" \/><figcaption id=\"caption-attachment-3988\" class=\"wp-caption-text\">La s\u00e9paration de l\u2019\u00c9glise et de l\u2019\u00c9tat<br \/>R\u00e9alis\u00e9 en 1904, mus\u00e9e Jean Jaur\u00e8s de Castres<\/figcaption><\/figure>\n<p>&nbsp;<\/p>\n<p align=\"left\">\u00c9tudiant: L2: Messaoudi L\u00e9o, \u00e9tudiant: L1: Gaubert \u00c9lie<\/p>\n","protected":false},"excerpt":{"rendered":"<p>Qui est \u00c9mile Combes\u00a0? \u00c9mile Combes est un homme politique fran\u00e7ais n\u00e9 dans la commune de Roquecourbe dans le Tarn en 1835, il est mort en 1921 \u00e0 Pons. Il commence \u00e0 faire des \u00e9tudes religieuses \u00e0 Castres puis \u00e0 Albi. Il d\u00e9croche son bac, ce qui lui permet de financer la suite de ces &hellip; <\/p>\n<p class=\"link-more\"><a href=\"https:\/\/blogs.univ-jfc.fr\/vphn\/figures-et-evenements\/emile-combes-2018-2019\/\" class=\"more-link\">Continuer la lecture<span class=\"screen-reader-text\"> de &laquo;&nbsp;\u00c9mile Combes [2018]&nbsp;&raquo;<\/span><\/a><\/p>\n","protected":false},"author":428,"featured_media":0,"parent":69,"menu_order":0,"comment_status":"closed","ping_status":"closed","template":"","meta":[],"_links":{"self":[{"href":"https:\/\/blogs.univ-jfc.fr\/vphn\/wp-json\/wp\/v2\/pages\/3963"}],"collection":[{"href":"https:\/\/blogs.univ-jfc.fr\/vphn\/wp-json\/wp\/v2\/pages"}],"about":[{"href":"https:\/\/blogs.univ-jfc.fr\/vphn\/wp-json\/wp\/v2\/types\/page"}],"author":[{"embeddable":true,"href":"https:\/\/blogs.univ-jfc.fr\/vphn\/wp-json\/wp\/v2\/users\/428"}],"replies":[{"embeddable":true,"href":"https:\/\/blogs.univ-jfc.fr\/vphn\/wp-json\/wp\/v2\/comments?post=3963"}],"version-history":[{"count":24,"href":"https:\/\/blogs.univ-jfc.fr\/vphn\/wp-json\/wp\/v2\/pages\/3963\/revisions"}],"predecessor-version":[{"id":5131,"href":"https:\/\/blogs.univ-jfc.fr\/vphn\/wp-json\/wp\/v2\/pages\/3963\/revisions\/5131"}],"up":[{"embeddable":true,"href":"https:\/\/blogs.univ-jfc.fr\/vphn\/wp-json\/wp\/v2\/pages\/69"}],"wp:attachment":[{"href":"https:\/\/blogs.univ-jfc.fr\/vphn\/wp-json\/wp\/v2\/media?parent=3963"}],"curies":[{"name":"wp","href":"https:\/\/api.w.org\/{rel}","templated":true}]}}

Émile Combes [2018]

<p align="justify"><span style="font-size: medium"><u>Q</u></span><span style="font-size: medium"><u>ui est </u><u>Émile</u><u> Combes </u>?</span></p>
<p align="justify"><span style="font-family: Times New Roman, serif"><span style="font-size: medium">É</span></span><span style="font-family: Times New Roman, serif"><span style="font-size: medium">mile</span></span><span style="font-family: Times New Roman, serif"><span style="font-size: medium"> Combes est un homme politique français né dans la commune de Roquecourbe </span></span><span style="font-family: Times New Roman, serif"><span style="font-size: medium">dans le Tarn en 1835, il est mort en 1921 à Pons. Il commence à faire des études </span></span><span style="font-family: Times New Roman, serif"><span style="font-size: medium">r</span></span><span style="font-family: Times New Roman, serif"><span style="font-size: medium">eligieuses à Castres puis à Albi. Il décroche son bac, ce </span></span><span style="font-family: Times New Roman, serif"><span style="font-size: medium">qui lui permet de financer la suite de ces études. Puis, durant ses études à l’école des Carmes, il côtoie des hommes aux tendances anticléricales, à savoir <a href="https://www.universalis.fr/encyclopedie/jules-michelet/">Jules Michelet</a> et <a href="https://www.universalis.fr/encyclopedie/edgar-quinet/">Edgar Quinet,</a> qui lui inspireront les idées qu’il aura plus tard. Il se dirige ensuite vers le professorat et il enseigne la rhétorique dans l’institution diocésaine de </span></span><span style="font-family: Times New Roman, serif"><span style="font-size: medium">Pons où, ne se faisant pas à la vie monacale et développant les idées allant à l’encontre de l’Église, il décide de prendre un nouveau départ en se dirigeant vers la médecine, idée que lui donne son frère.</span></span></p>
<p align="justify"><span style="font-family: Times New Roman, serif"><span style="font-size: medium">Plus tard, il décide de se lancer dans la politique pour devenir maire de Pons en 1876. Sa carrière politique est très riche car il devient sénateur du parti radical de gauche en 1885 et un des leaders du parti radical de gauche. Tout se bouscule quand il devient président du conseil le 7 juin 1902. Comme son parti est majoritaire à l’assemblée, il décide d’appliquer ses idées et se donne comme objectif de faire une loi qui séparerait l’Église et l’État et de faire respecter les lois sur la laïcité de 1901.</span></span></p>
<p>&nbsp;</p>
<p align="justify"><span style="font-family: Times New Roman, serif"><span style="font-size: medium"> </span></span></p>
<figure id="attachment_3976" aria-describedby="caption-attachment-3976" style="width: 220px" class="wp-caption aligncenter"><img loading="lazy" class="size-full wp-image-3976" src="http://blogs.univ-jfc.fr/vphn/wp-content/uploads/sites/65/2019/02/photo-emiles-combes.jpg" alt="" width="220" height="262" /><figcaption id="caption-attachment-3976" class="wp-caption-text">Portrait d’Émile Combes</figcaption></figure>
<p>&nbsp;</p>
<p align="justify"><span style="font-family: Times New Roman, serif"><span style="font-size: medium"><u>Relation cordiale entre l’État et l’Église avant l’arrivée au pouvoir d’Émile Combes :</u></span></span></p>
<p align="justify"><span style="font-family: Times New Roman, serif"><span style="font-size: medium">Avant l’arrivée des radicaux de gauche et d&rsquo;</span></span><span style="font-family: Times New Roman, serif"><span style="font-size: medium">Émile</span></span><span style="font-family: Times New Roman, serif"><span style="font-size: medium"> Combes, la France est dans une entente pour le moins cordiale avec l’Église Catholique. Malgré le fait que la France ait perdu le statut de « fille aînée de l’Église » suite à la révolution française de 1789, Napoléon I</span></span><sup><span style="font-family: Times New Roman, serif"><span style="font-size: medium">er</span></span></sup><span style="font-family: Times New Roman, serif"><span style="font-size: medium"> a su réconcilier les Français avec la religion  grâce à la mise en place du régime <a href="http://www.akadem.org/medias/documents/Doc3_Concordat.pdf">concordataire</a> en 1801. Tout se bouscule avec l’arrivée des radicaux de gauche et du gouvernement d&rsquo;Émile Combes.</span></span></p>
<p align="justify"><span style="font-family: Times New Roman, serif"><span style="font-size: medium"><u>Une politique brutale et radicale</u></span></span></p>
<p align="justify"><span style="font-family: Times New Roman, serif"><span style="font-size: medium">En 1902, Émile Combes devient président du conseil et a les mains libres pour exercer sa politique, brutale et anticléricale. Du fait de la montée du mouvement anticlérical en France, beaucoup de congrégations religieuses sont forcées de fermer ou encore de s’exiler dans d’autres pays. Après les <a href="http://www.senat.fr/evenement/archives/D42/">lois Ferry</a>, Émile Combes continue d’œuvrer pour que la France soit un pays totalement laïc pour consolider la République vis-à-vis du peuple.Il est dans une optique de sacralisation de la République et cela passe par une laïcité totale. Émile Combes cherche à faire appliquer la loi de 1901 où les congrégations religieuses se voient interdire d’enseigner, et plusieurs congrégations sont expulsées parfois même violemment par les forces de l’ordre de leur établissement. Plusieurs membres de ces congrégations sont extradés. C’est l’épisode des « expulsés ».</span></span></p>
<p align="justify"><span style="font-family: Times New Roman, serif"><span style="font-size: medium">Nous pouvons dire qu’une séparation entre l&rsquo;Église et l’État semble inévitable car Émile Combes rentre en conflit ouvert avec le Vatican en retirant l’ambassadeur français du Vatican. Un peu plus tard la France, décide de rompre totalement sa relation diplomatique avec le Saint-Siège suite à la visite d’Émile Loubet à Rome, durant laquelle le Pape se plaint quant à la nomination d’évêques en France.</span></span></p>
<figure id="attachment_3986" aria-describedby="caption-attachment-3986" style="width: 180px" class="wp-caption aligncenter"><img loading="lazy" class="size-full wp-image-3986" src="http://blogs.univ-jfc.fr/vphn/wp-content/uploads/sites/65/2019/02/Emile-combes-godzilla.jpg" alt="" width="180" height="269" /><figcaption id="caption-attachment-3986" class="wp-caption-text">Le Combes de l’activité dévorante pour faire le mal, Lemot A., Le pèlerin, 27 juillet 1902</figcaption></figure>
<p align="justify"><span style="font-family: Times New Roman, serif"><span style="font-size: medium"><u>Le cheminement vers la séparation des </u><u>Églises</u><u> et de l’État </u>:</span></span></p>
<p align="justify"><span style="font-family: Times New Roman, serif"><span style="font-size: medium">Au début, il faut savoir </span></span><span style="font-family: Times New Roman, serif"><span style="font-size: medium">qu’Émile</span></span><span style="font-family: Times New Roman, serif"><span style="font-size: medium"> Combes est opposé à une séparation totale des </span></span><span style="font-family: Times New Roman, serif"><span style="font-size: medium">Églises</span></span><span style="font-family: Times New Roman, serif"><span style="font-size: medium"> et de </span></span><span style="font-family: Times New Roman, serif"><span style="font-size: medium">l’État</span></span><span style="font-family: Times New Roman, serif"><span style="font-size: medium"> car il craint que ceci entraîne un renouveau de l’Église. Il rejette même des projets de loi et finalement une commission est créée pour rédiger un projet de loi définitif. C’est ce qu’on a appelé la <a href="https://www.persee.fr/doc/rhmc_0048-8003_1977_num_24_3_984">Commission Buisson- Briand</a>. Ceux-ci veulent modérer le projet de loi pour pas que la loi soit braquée sur </span></span><span style="font-family: Times New Roman, serif"><span style="font-size: medium">l’Église</span></span><span style="font-family: Times New Roman, serif"><span style="font-size: medium"> et éviter ainsi une destruction complète de l’Église. La commission Buisson- Briand s’oppose à Émile Combes qu’elle juge trop radical. Finalement, un compromis est trouvé et une loi plus modérée commence à voir le jour. La loi sera adoptée après le départ </span></span><span style="font-family: Times New Roman, serif"><span style="font-size: medium">d’Émile</span></span><span style="font-family: Times New Roman, serif"><span style="font-size: medium"> Combe</span></span><span style="font-family: Times New Roman, serif"><span style="font-size: medium">s</span></span><span style="font-family: Times New Roman, serif"><span style="font-size: medium"> qui aura été poussé à démissionner suite à « <a href="https://www.lhistoire.fr/l%C2%AB-affaire-des-fiches-%C2%BB-un-scandale-r%C3%A9publicain">l’Affaire des fiches</a> ». Elle sera finalement adoptée en 1905 mais cette loi engendrera des divisions au sein même de l’État Français. La « <a href="https://www.franceinter.fr/emissions/les-oubliettes-du-temps/les-oubliettes-du-temps-06-mars-2013">querelle des inventaires</a> » illustre bien cette division.</span></span></p>
<figure id="attachment_3988" aria-describedby="caption-attachment-3988" style="width: 207px" class="wp-caption aligncenter"><img loading="lazy" class="size-medium wp-image-3988" src="http://blogs.univ-jfc.fr/vphn/wp-content/uploads/sites/65/2019/02/separation-Eglises-et-Etats-207x300.jpg" alt="" width="207" height="300" srcset="https://blogs.univ-jfc.fr/vphn/wp-content/uploads/sites/65/2019/02/separation-Eglises-et-Etats-207x300.jpg 207w, https://blogs.univ-jfc.fr/vphn/wp-content/uploads/sites/65/2019/02/separation-Eglises-et-Etats.jpg 355w" sizes="(max-width: 207px) 100vw, 207px" /><figcaption id="caption-attachment-3988" class="wp-caption-text">La séparation de l’Église et de l’État<br />Réalisé en 1904, musée Jean Jaurès de Castres</figcaption></figure>
<p>&nbsp;</p>
<p align="left">Étudiant: L2: Messaoudi Léo, étudiant: L1: Gaubert Élie</p>

<p>Qui est Émile Combes ? Émile Combes est un homme politique français né dans la commune de Roquecourbe dans le Tarn en 1835, il est mort en 1921 à Pons. Il commence à faire des études religieuses à Castres puis à Albi. Il décroche son bac, ce qui lui permet de financer la suite de ces &hellip; </p>
<p class="link-more"><a href="https://blogs.univ-jfc.fr/vphn/figures-et-evenements/emile-combes-2018-2019/" class="more-link">Continuer la lecture<span class="screen-reader-text"> de &laquo;&nbsp;Émile Combes [2018]&nbsp;&raquo;</span></a></p>
