{"id":4172,"date":"2019-02-28T08:48:37","date_gmt":"2019-02-28T07:48:37","guid":{"rendered":"http:\/\/blogs.univ-jfc.fr\/vphn\/?page_id=4172"},"modified":"2019-02-28T08:48:50","modified_gmt":"2019-02-28T07:48:50","slug":"bibliographie-de-loccitan-au-francais","status":"publish","type":"page","link":"https:\/\/blogs.univ-jfc.fr\/vphn\/art-de-vivre-et-societe\/de-loccitan-au-francais-2018\/bibliographie-de-loccitan-au-francais\/","title":{"rendered":"Bibliographie \u00ab\u00a0De l&rsquo;Occitan au Fran\u00e7ais\u00a0\u00bb"},"content":{"rendered":"<p><strong>Ouvrages g\u00e9n\u00e9raux\u00a0:<\/strong><\/p>\n<p>&#8211; Calamel S., Javel D., <em>La langue d&rsquo;oc pour \u00e9tendard: les f\u00e9libres (1854-2002)<\/em>, Toulouse, Privat, 2002.<\/p>\n<p>&#8211; Combes J.,<em>L&rsquo;\u00e9cole primaire sous la IIIe R\u00e9publique<\/em>, Toulouse, Sud-Ouest, 2002.<\/p>\n<p>&#8211; De Saint Robert M.-J., <em>La politique de la langue fran\u00e7aise<\/em>, Paris, Presses Universitaires de France, 2000.<\/p>\n<p>&#8211; Lesage P. et Villin M., <em>La naissance de l\u2019instituteur 1820-1945<\/em>, Paris, Bartillat, 1998.<\/p>\n<p>&#8211; Lieutard H., Verny M.-J., <em>L\u2019\u00e9cole fran\u00e7aise et les langues r\u00e9gionales<\/em>, Montpellier, Presses universitaires de la M\u00e9diterran\u00e9e, 2007.<\/p>\n<p>-Vigarello G. et Leli\u00e8vre C.,\u00a0<em>La R\u00e9publique n&rsquo;\u00e9duquera plus, la fin du mythe Ferry,<\/em> Paris, PLON Sciences et Savoirs, 1993.<\/p>\n<p><strong>Ouvrages sp\u00e9cialis\u00e9s\u00a0:<\/strong><\/p>\n<p>-Froeschl\u00e9 M.,<em>L&rsquo;\u00e9cole au village : les petites \u00e9coles de l&rsquo;Ancien r\u00e9gime \u00e0 Jules Ferry<\/em>, Nice, Edition SERRE, 2007.<\/p>\n<p>&#8211; Martel P., <em>L\u2019\u00e9cole fran\u00e7aise et l\u2019occitan Le sourd et le b\u00e8gue<\/em>, Montpellier, Presses universitaires de la M\u00e9diterran\u00e9e, 2007.<\/p>\n<p>&#8211; Terral H., <em>La langue d\u2019oc devant l\u2019\u00e9cole (1789-1951)\u00a0: entre lutte et r\u00e9pression, la place accord\u00e9e \u00e0 l\u2019occitan<\/em>, Puylaurens, Institut d&rsquo;Estudis Occitan, 2005.<\/p>\n<p><strong>Articles\u00a0de revues :<\/strong><\/p>\n<p>-Boutan P., \u00ab\u00a0Michel Br\u00e9al \u00ab ami des patois \u00bb : linguistique, p\u00e9dagogie, politique \u00bb,<em> Langages, Les savoirs de la langue : histoire et disciplinarit\u00e9<\/em>, n\u00b0120, 1995, p. 33-51.<\/p>\n<p>&#8211; Bouton P., \u00ab\u00a0Langue nationale et langues r\u00e9gionales \u00e0 l&rsquo;\u00e9cole : le d\u00e9bat politique de 1925\u00a0\u00bb, <em>Mots\u00a0: L\u2019Ecole en d\u00e9bats<\/em>, n\u00b061, 1999, p. 29-48.<\/p>\n<p>&#8211; Chanet J.-F., Ozouf M., \u00ab\u00a0L\u2019Ecole r\u00e9publicaine et les petites patries\u00a0\u00bb, <em>Histoire de l\u2019\u00e9ducation,<\/em> n\u00b077, 1998, p. 103-105.<\/p>\n<p>&#8211; G\u00e9rard V., \u00ab\u00a0Depuis quand enseigne-t-on le Fran\u00e7ais en France\u00a0?\u00a0\u00bb, <em>Etudes de linguistique appliqu\u00e9e<\/em>, n\u00b0 123-124, 2001, p 425-444.<\/p>\n<p>&#8211; Jourdanne G., \u00ab\u00a0Histoire du F\u00e9librige (1854-1896)\u00a0\u00bb, <em>Annales du Midi : revue arch\u00e9ologique, historique et philologique de la France m\u00e9ridionale<\/em>, n\u00b043, 1899, p. 366-370.<\/p>\n<p>-Lespoux Y., \u00ab Autour d\u2019une revendication m\u00e9ridionale : la Ligue pour la langue d\u2019oc \u00e0 l\u2019\u00e9cole (1923-1928) \u00bb, <em>Annales du Midi : revue arch\u00e9ologique, historique et philologique de la France m\u00e9ridionale<\/em>, n\u00b0271, 2010, p. 391-406.<\/p>\n<p>&#8211; Martel P., \u00ab\u00a0\u00c9tudes de langue et d\u2019histoire occitanes\u00a0\u00bb, <em>Langage et Soci\u00e9t\u00e9<\/em>, n\u00b0163, 2018, p. 198-201.<\/p>\n<p>&#8211; Saint-G\u00e9rand J.-P., \u00ab\u00a0L\u2019histoire de la langue fran\u00e7aise au XIX\u00e8me si\u00e8cle. Ambitions, contradictions et r\u00e9alisations\u00a0\u00bb, <em>L\u2019information Grammaticale<\/em>, n\u00b090, 2001, p 5-18.<\/p>\n<p>&#8211; Savatovsky D., \u00ab\u00a0Le fran\u00e7ais, mati\u00e8re ou discipline\u00a0?\u00a0\u00bb, <em>Le savoir de la langue, histoire et disciplinarit\u00e9<\/em>, n\u00b0120, 1995, p 52-77.<\/p>\n<p>&#8211; Vigner G., \u00ab\u00a0Depuis quand enseigne-t-on le Fran\u00e7ais en France\u00a0?\u00a0\u00bb, <em>Etudes de linguistique appliqu\u00e9e<\/em>, n\u00b0 123-124, 2001, p 425 &#8211; 444.<\/p>\n<p>&#8211; Vigier P., \u00ab\u00a0Diffusion d&rsquo;une langue nationale et r\u00e9sistance des patois en France au XIXe si\u00e8cle. In : Romantisme\u00a0\u00bb, <em>Conscience de la langue<\/em>, n\u00b025-26, 1979, p. 191-208.<\/p>\n","protected":false},"excerpt":{"rendered":"<p>Ouvrages g\u00e9n\u00e9raux\u00a0: &#8211; Calamel S., Javel D., La langue d&rsquo;oc pour \u00e9tendard: les f\u00e9libres (1854-2002), Toulouse, Privat, 2002. &#8211; Combes J.,L&rsquo;\u00e9cole primaire sous la IIIe R\u00e9publique, Toulouse, Sud-Ouest, 2002. &#8211; De Saint Robert M.-J., La politique de la langue fran\u00e7aise, Paris, Presses Universitaires de France, 2000. &#8211; Lesage P. et Villin M., La naissance de &hellip; <\/p>\n<p class=\"link-more\"><a href=\"https:\/\/blogs.univ-jfc.fr\/vphn\/art-de-vivre-et-societe\/de-loccitan-au-francais-2018\/bibliographie-de-loccitan-au-francais\/\" class=\"more-link\">Continuer la lecture<span class=\"screen-reader-text\"> de &laquo;&nbsp;Bibliographie \u00ab\u00a0De l&rsquo;Occitan au Fran\u00e7ais\u00a0\u00bb&nbsp;&raquo;<\/span><\/a><\/p>\n","protected":false},"author":611,"featured_media":0,"parent":3156,"menu_order":0,"comment_status":"closed","ping_status":"closed","template":"","meta":[],"_links":{"self":[{"href":"https:\/\/blogs.univ-jfc.fr\/vphn\/wp-json\/wp\/v2\/pages\/4172"}],"collection":[{"href":"https:\/\/blogs.univ-jfc.fr\/vphn\/wp-json\/wp\/v2\/pages"}],"about":[{"href":"https:\/\/blogs.univ-jfc.fr\/vphn\/wp-json\/wp\/v2\/types\/page"}],"author":[{"embeddable":true,"href":"https:\/\/blogs.univ-jfc.fr\/vphn\/wp-json\/wp\/v2\/users\/611"}],"replies":[{"embeddable":true,"href":"https:\/\/blogs.univ-jfc.fr\/vphn\/wp-json\/wp\/v2\/comments?post=4172"}],"version-history":[{"count":1,"href":"https:\/\/blogs.univ-jfc.fr\/vphn\/wp-json\/wp\/v2\/pages\/4172\/revisions"}],"predecessor-version":[{"id":4375,"href":"https:\/\/blogs.univ-jfc.fr\/vphn\/wp-json\/wp\/v2\/pages\/4172\/revisions\/4375"}],"up":[{"embeddable":true,"href":"https:\/\/blogs.univ-jfc.fr\/vphn\/wp-json\/wp\/v2\/pages\/3156"}],"wp:attachment":[{"href":"https:\/\/blogs.univ-jfc.fr\/vphn\/wp-json\/wp\/v2\/media?parent=4172"}],"curies":[{"name":"wp","href":"https:\/\/api.w.org\/{rel}","templated":true}]}}