{"id":4238,"date":"2019-02-27T19:09:59","date_gmt":"2019-02-27T18:09:59","guid":{"rendered":"http:\/\/blogs.univ-jfc.fr\/vphn\/?page_id=4238"},"modified":"2019-02-28T20:51:14","modified_gmt":"2019-02-28T19:51:14","slug":"les-personnalites-marquantes-misere-et-greves-ouvrieres-dans-le-bassin-houiller-de-decazeville-au-xixe-siecle-2018","status":"publish","type":"page","link":"https:\/\/blogs.univ-jfc.fr\/vphn\/histoire-locale\/misere-et-greves-ouvrieres-dans-le-bassin-houiller-de-decazeville-au-xixe-siecle-2018\/les-personnalites-marquantes-misere-et-greves-ouvrieres-dans-le-bassin-houiller-de-decazeville-au-xixe-siecle-2018\/","title":{"rendered":"Les personnalit\u00e9s marquantes &#8211; Mis\u00e8re et gr\u00e8ves ouvri\u00e8res dans le bassin houiller de Decazeville au XIXe si\u00e8cle [2018]"},"content":{"rendered":"<h1 style=\"text-align: center\">Les personnalit\u00e9s marquantes du bassin houiller de Decazeville au XIXe si\u00e8cle<\/h1>\n<h2>Le duc \u00c9lie Decazes (1780-1860)<\/h2>\n<figure id=\"attachment_4319\" aria-describedby=\"caption-attachment-4319\" style=\"width: 242px\" class=\"wp-caption alignleft\"><img loading=\"lazy\" class=\"size-medium wp-image-4319\" src=\"http:\/\/blogs.univ-jfc.fr\/vphn\/wp-content\/uploads\/sites\/65\/2019\/02\/\u00c9lie-Decazes-242x300.jpg\" alt=\"\" width=\"242\" height=\"300\" srcset=\"https:\/\/blogs.univ-jfc.fr\/vphn\/wp-content\/uploads\/sites\/65\/2019\/02\/\u00c9lie-Decazes-242x300.jpg 242w, https:\/\/blogs.univ-jfc.fr\/vphn\/wp-content\/uploads\/sites\/65\/2019\/02\/\u00c9lie-Decazes-768x952.jpg 768w, https:\/\/blogs.univ-jfc.fr\/vphn\/wp-content\/uploads\/sites\/65\/2019\/02\/\u00c9lie-Decazes.jpg 800w\" sizes=\"(max-width: 242px) 100vw, 242px\" \/><figcaption id=\"caption-attachment-4319\" class=\"wp-caption-text\"><span style=\"color: #ffffff\">Portrait officiel du Duc \u00c9lie Decazes<\/span><br \/>Source : gallica.bnf.fr \/ Biblioth\u00e8que nationale de France<\/figcaption><\/figure>\n<p align=\"justify\">Le duc \u00c9lie Decazes est avant tout un homme politique fran\u00e7ais. En effet, il a notamment \u00e9t\u00e9 ministre de l&rsquo;Int\u00e9rieur puis pr\u00e9sident du Conseil en 1819. Lorsque sa carri\u00e8re politique prend fin avec l&rsquo;arriv\u00e9e au pouvoir des Ultras, il se dirige vers le secteur industriel. Il fonde alors en 1826 \u00ab la Compagnie des Houill\u00e8res et Fonderies de l\u2019Aveyron\u00a0\u00bb gr\u00e2ce \u00e0 sa fortune personnelle. \u00a0Le duc Decazes donne son nom \u00e0 ce\u00a0grand centre sid\u00e9rurgique aveyronnais, cr\u00e9ant ainsi Decazeville.<\/p>\n<h2>Alfred Deseilligny (1828-1875)<\/h2>\n<figure id=\"attachment_3057\" aria-describedby=\"caption-attachment-3057\" style=\"width: 230px\" class=\"wp-caption alignright\"><img loading=\"lazy\" class=\"size-medium wp-image-3057\" src=\"http:\/\/blogs.univ-jfc.fr\/vphn\/wp-content\/uploads\/sites\/65\/2019\/02\/Alfred-Deseilligny-230x300.jpg\" alt=\"\" width=\"230\" height=\"300\" srcset=\"https:\/\/blogs.univ-jfc.fr\/vphn\/wp-content\/uploads\/sites\/65\/2019\/02\/Alfred-Deseilligny-230x300.jpg 230w, https:\/\/blogs.univ-jfc.fr\/vphn\/wp-content\/uploads\/sites\/65\/2019\/02\/Alfred-Deseilligny.jpg 486w\" sizes=\"(max-width: 230px) 100vw, 230px\" \/><figcaption id=\"caption-attachment-3057\" class=\"wp-caption-text\"><span style=\"color: #ffffff\">Repr\u00e9sentation d&rsquo;Alfred Deseilligny<\/span><br \/>Source : Jules Clar\u00e9tie, Histoire de la R\u00e9volution de 1870-71, Paris, 1874.<\/figcaption><\/figure>\n<p align=\"justify\">Alfred Deseilligny est issu de la famille des Schneider du Creusot. Il sauve la\u00a0Compagnie lorsqu&rsquo;elle fait\u00a0faillite en 1865. \u00a0Il cr\u00e9e alors la \u00ab\u00a0Soci\u00e9t\u00e9 Nouvelle des Houill\u00e8res et Fonderie de l\u2019Aveyron \u00bb en 1868.\u00a0Dans le cadre de son poste de directeur dans le bassin houiller de Decazeville (de 1868 \u00e0 1875), il redresse l\u2019\u00e9conomie et m\u00e8ne une politique paternaliste. Il travaille \u00e0 la s\u00e9curit\u00e9 des mines par exemple en limitant les incendies dans les galeries par l\u2019obligation de combler les galeries exploit\u00e9es. Il fait aussi construire un h\u00f4pital aux frais de la Compagnie. Par la suite, Deseilligny a \u00e9t\u00e9 nomm\u00e9 plusieurs fois ministre de l&rsquo;Industrie et du Commerce.<\/p>\n<h2>Jules Cayrade (1840-1886)<\/h2>\n<figure id=\"attachment_3053\" aria-describedby=\"caption-attachment-3053\" style=\"width: 245px\" class=\"wp-caption alignleft\"><img loading=\"lazy\" class=\"size-medium wp-image-3053\" src=\"http:\/\/blogs.univ-jfc.fr\/vphn\/wp-content\/uploads\/sites\/65\/2019\/02\/Jules-Cayrade-BnF-e1551275232701-245x300.jpg\" alt=\"\" width=\"245\" height=\"300\" srcset=\"https:\/\/blogs.univ-jfc.fr\/vphn\/wp-content\/uploads\/sites\/65\/2019\/02\/Jules-Cayrade-BnF-e1551275232701-245x300.jpg 245w, https:\/\/blogs.univ-jfc.fr\/vphn\/wp-content\/uploads\/sites\/65\/2019\/02\/Jules-Cayrade-BnF-e1551275232701-768x940.jpg 768w, https:\/\/blogs.univ-jfc.fr\/vphn\/wp-content\/uploads\/sites\/65\/2019\/02\/Jules-Cayrade-BnF-e1551275232701.jpg 778w\" sizes=\"(max-width: 245px) 100vw, 245px\" \/><figcaption id=\"caption-attachment-3053\" class=\"wp-caption-text\"><span style=\"color: #ffffff\">Repr\u00e9sentation de Jules Cayrade<\/span> <span style=\"color: #ffffff\">dans Le Monde illustr\u00e9, 26 juin 1886<\/span><br \/>Source : gallica.bnf.fr \/ Biblioth\u00e8que nationale de France<\/figcaption><\/figure>\n<p align=\"justify\">Jules Cayrade est issu d&rsquo;une vieille famille bourgeoise de Livinhac-le-Haut. Ancien m\u00e9decin de la Compagnie,\u00a0il se pr\u00e9sente aux\u00a0\u00e9lections municipales de 1878 \u00a0contre le candidat de celle-ci. Son \u00e9lection\u00a0montre\u00a0l&rsquo;existence d&rsquo;une communaut\u00e9 r\u00e9publicaine et la\u00efque et marque une rupture par rapport aux temps o\u00f9 la Compagnie dirigeait la ville. Pendant son mandat (1878-1885), il permet un am\u00e9nagement de la ville\u00a0qui ne d\u00e9pend alors plus des int\u00e9r\u00eats de la Compagnie.\u00a0Pendant la gr\u00e8ve de 1886, Cayrade s&rsquo;est impos\u00e9 en tant qu&rsquo;interlocuteur naturel entre le patronat et les ouvriers bien que les syndicats s&rsquo;approprient progressivement ce r\u00f4le par la suite.<\/p>\n<h2 align=\"justify\">Jules Watrin<\/h2>\n<figure id=\"attachment_4325\" aria-describedby=\"caption-attachment-4325\" style=\"width: 288px\" class=\"wp-caption alignright\"><img loading=\"lazy\" class=\"size-medium wp-image-4325\" src=\"http:\/\/blogs.univ-jfc.fr\/vphn\/wp-content\/uploads\/sites\/65\/2019\/02\/JULES-WATRIN-288x300.png\" alt=\"\" width=\"288\" height=\"300\" srcset=\"https:\/\/blogs.univ-jfc.fr\/vphn\/wp-content\/uploads\/sites\/65\/2019\/02\/JULES-WATRIN-288x300.png 288w, https:\/\/blogs.univ-jfc.fr\/vphn\/wp-content\/uploads\/sites\/65\/2019\/02\/JULES-WATRIN.png 394w\" sizes=\"(max-width: 288px) 100vw, 288px\" \/><figcaption id=\"caption-attachment-4325\" class=\"wp-caption-text\"><span style=\"color: #ffffff\">Repr\u00e9sentation de Jules Watrin<\/span><br \/>Source : Pierre Poujol, Decazeville. Une histoire d&rsquo;hommes. Des origines \u00e0 1940,\u00a0Brive-la-Gaillarde,\u00a02011<\/figcaption><\/figure>\n<p align=\"justify\">Jules Watrin est originaire de Metz.\u00a0Son poste \u00e0 la Compagnie est celui d&rsquo;ing\u00e9nieur en chef des Forges et de directeur-adjoint. Peu appr\u00e9ci\u00e9 par les ouvriers du fait de sa position hi\u00e9rarchique, Watrin voit leur col\u00e8re\u00a0se diriger de plus en plus vers sa personne. Ces derniers le d\u00e9crivent comme quelqu&rsquo;un d&rsquo;hautain et d&rsquo;hypocrite. Ses origines l&rsquo;\u00e9loignent d&rsquo;autant plus des ouvriers puisqu&rsquo;il ne parle pas le patois aveyronnais. En 1878, les salaires des ouvriers sont r\u00e9duits de 10% et il apparait que Watrin prendrait\u00a010% sur ces r\u00e9ductions. Ainsi, lorsque les ouvriers se mettent en gr\u00e8ve en 1886,\u00a0leur m\u00e9contentement s&rsquo;oriente vers lui. Il\u00a0est d\u00e9fenestr\u00e9 par les gr\u00e9vistes et meurt dans la nuit suivant sa chute.<\/p>\n<p>&nbsp;<\/p>\n<p>&nbsp;<\/p>\n<p>&nbsp;<\/p>\n","protected":false},"excerpt":{"rendered":"<p>Les personnalit\u00e9s marquantes du bassin houiller de Decazeville au XIXe si\u00e8cle Le duc \u00c9lie Decazes (1780-1860) Le duc \u00c9lie Decazes est avant tout un homme politique fran\u00e7ais. En effet, il a notamment \u00e9t\u00e9 ministre de l&rsquo;Int\u00e9rieur puis pr\u00e9sident du Conseil en 1819. Lorsque sa carri\u00e8re politique prend fin avec l&rsquo;arriv\u00e9e au pouvoir des Ultras, il &hellip; <\/p>\n<p class=\"link-more\"><a href=\"https:\/\/blogs.univ-jfc.fr\/vphn\/histoire-locale\/misere-et-greves-ouvrieres-dans-le-bassin-houiller-de-decazeville-au-xixe-siecle-2018\/les-personnalites-marquantes-misere-et-greves-ouvrieres-dans-le-bassin-houiller-de-decazeville-au-xixe-siecle-2018\/\" class=\"more-link\">Continuer la lecture<span class=\"screen-reader-text\"> de &laquo;&nbsp;Les personnalit\u00e9s marquantes &#8211; Mis\u00e8re et gr\u00e8ves ouvri\u00e8res dans le bassin houiller de Decazeville au XIXe si\u00e8cle [2018]&nbsp;&raquo;<\/span><\/a><\/p>\n","protected":false},"author":430,"featured_media":0,"parent":2693,"menu_order":0,"comment_status":"closed","ping_status":"closed","template":"","meta":[],"_links":{"self":[{"href":"https:\/\/blogs.univ-jfc.fr\/vphn\/wp-json\/wp\/v2\/pages\/4238"}],"collection":[{"href":"https:\/\/blogs.univ-jfc.fr\/vphn\/wp-json\/wp\/v2\/pages"}],"about":[{"href":"https:\/\/blogs.univ-jfc.fr\/vphn\/wp-json\/wp\/v2\/types\/page"}],"author":[{"embeddable":true,"href":"https:\/\/blogs.univ-jfc.fr\/vphn\/wp-json\/wp\/v2\/users\/430"}],"replies":[{"embeddable":true,"href":"https:\/\/blogs.univ-jfc.fr\/vphn\/wp-json\/wp\/v2\/comments?post=4238"}],"version-history":[{"count":12,"href":"https:\/\/blogs.univ-jfc.fr\/vphn\/wp-json\/wp\/v2\/pages\/4238\/revisions"}],"predecessor-version":[{"id":4766,"href":"https:\/\/blogs.univ-jfc.fr\/vphn\/wp-json\/wp\/v2\/pages\/4238\/revisions\/4766"}],"up":[{"embeddable":true,"href":"https:\/\/blogs.univ-jfc.fr\/vphn\/wp-json\/wp\/v2\/pages\/2693"}],"wp:attachment":[{"href":"https:\/\/blogs.univ-jfc.fr\/vphn\/wp-json\/wp\/v2\/media?parent=4238"}],"curies":[{"name":"wp","href":"https:\/\/api.w.org\/{rel}","templated":true}]}}