{"id":4263,"date":"2019-02-27T16:08:06","date_gmt":"2019-02-27T15:08:06","guid":{"rendered":"http:\/\/blogs.univ-jfc.fr\/vphn\/?page_id=4263"},"modified":"2019-02-27T16:08:06","modified_gmt":"2019-02-27T15:08:06","slug":"seconde-republique-espagnole","status":"publish","type":"page","link":"https:\/\/blogs.univ-jfc.fr\/vphn\/projets-specifiques\/projet-septfonds-2018-2019\/une-descendante-despagnol-interne-alejandra\/seconde-republique-espagnole\/","title":{"rendered":"Seconde R\u00e9publique espagnole"},"content":{"rendered":"<p align=\"justify\">La Seconde R\u00e9publique espagnole est un r\u00e9gime politique qui est apparu en 1931. C&rsquo;est \u00e0 l&rsquo;issue d&rsquo;\u00e9lections municipales le 14 avril 1931, que la monarchie est abolie. Ceci pousse donc le roi Alphonse XIII \u00e0 abandonner la capitale Madrid et par la suite, \u00e0 s&rsquo;exiler sans avoir abdiqu\u00e9. En juillet 1931, c&rsquo;est la gauche espagnole qui s&rsquo;installe au pouvoir et commence, par voie l\u00e9gislative, \u00e0 faire des r\u00e9formes sociales et \u00e9conomiques du pays.<\/p>\n<p align=\"justify\">Durant la p\u00e9riode de la Seconde R\u00e9publique, le peuple espagnol est dirig\u00e9 par deux hommes politiques : Niceto Alcal\u00e1-Zamora (1931-1936) et Manuel Aza\u00f1a (1936-1939). Ce r\u00e9gime chute le 1er avril 1939, avec la victoire des Franquistes \u00e0 l&rsquo;issue de la Guerre civile espagnole.<\/p>\n","protected":false},"excerpt":{"rendered":"<p>La Seconde R\u00e9publique espagnole est un r\u00e9gime politique qui est apparu en 1931. C&rsquo;est \u00e0 l&rsquo;issue d&rsquo;\u00e9lections municipales le 14 avril 1931, que la monarchie est abolie. Ceci pousse donc le roi Alphonse XIII \u00e0 abandonner la capitale Madrid et par la suite, \u00e0 s&rsquo;exiler sans avoir abdiqu\u00e9. En juillet 1931, c&rsquo;est la gauche espagnole &hellip; <\/p>\n<p class=\"link-more\"><a href=\"https:\/\/blogs.univ-jfc.fr\/vphn\/projets-specifiques\/projet-septfonds-2018-2019\/une-descendante-despagnol-interne-alejandra\/seconde-republique-espagnole\/\" class=\"more-link\">Continuer la lecture<span class=\"screen-reader-text\"> de &laquo;&nbsp;Seconde R\u00e9publique espagnole&nbsp;&raquo;<\/span><\/a><\/p>\n","protected":false},"author":580,"featured_media":0,"parent":2205,"menu_order":0,"comment_status":"closed","ping_status":"closed","template":"","meta":[],"_links":{"self":[{"href":"https:\/\/blogs.univ-jfc.fr\/vphn\/wp-json\/wp\/v2\/pages\/4263"}],"collection":[{"href":"https:\/\/blogs.univ-jfc.fr\/vphn\/wp-json\/wp\/v2\/pages"}],"about":[{"href":"https:\/\/blogs.univ-jfc.fr\/vphn\/wp-json\/wp\/v2\/types\/page"}],"author":[{"embeddable":true,"href":"https:\/\/blogs.univ-jfc.fr\/vphn\/wp-json\/wp\/v2\/users\/580"}],"replies":[{"embeddable":true,"href":"https:\/\/blogs.univ-jfc.fr\/vphn\/wp-json\/wp\/v2\/comments?post=4263"}],"version-history":[{"count":1,"href":"https:\/\/blogs.univ-jfc.fr\/vphn\/wp-json\/wp\/v2\/pages\/4263\/revisions"}],"predecessor-version":[{"id":4279,"href":"https:\/\/blogs.univ-jfc.fr\/vphn\/wp-json\/wp\/v2\/pages\/4263\/revisions\/4279"}],"up":[{"embeddable":true,"href":"https:\/\/blogs.univ-jfc.fr\/vphn\/wp-json\/wp\/v2\/pages\/2205"}],"wp:attachment":[{"href":"https:\/\/blogs.univ-jfc.fr\/vphn\/wp-json\/wp\/v2\/media?parent=4263"}],"curies":[{"name":"wp","href":"https:\/\/api.w.org\/{rel}","templated":true}]}}

Seconde République espagnole

<p align="justify">La Seconde République espagnole est un régime politique qui est apparu en 1931. C&rsquo;est à l&rsquo;issue d&rsquo;élections municipales le 14 avril 1931, que la monarchie est abolie. Ceci pousse donc le roi Alphonse XIII à abandonner la capitale Madrid et par la suite, à s&rsquo;exiler sans avoir abdiqué. En juillet 1931, c&rsquo;est la gauche espagnole qui s&rsquo;installe au pouvoir et commence, par voie législative, à faire des réformes sociales et économiques du pays.</p>
<p align="justify">Durant la période de la Seconde République, le peuple espagnol est dirigé par deux hommes politiques : Niceto Alcalá-Zamora (1931-1936) et Manuel Azaña (1936-1939). Ce régime chute le 1er avril 1939, avec la victoire des Franquistes à l&rsquo;issue de la Guerre civile espagnole.</p>

<p>La Seconde République espagnole est un régime politique qui est apparu en 1931. C&rsquo;est à l&rsquo;issue d&rsquo;élections municipales le 14 avril 1931, que la monarchie est abolie. Ceci pousse donc le roi Alphonse XIII à abandonner la capitale Madrid et par la suite, à s&rsquo;exiler sans avoir abdiqué. En juillet 1931, c&rsquo;est la gauche espagnole &hellip; </p>
<p class="link-more"><a href="https://blogs.univ-jfc.fr/vphn/projets-specifiques/projet-septfonds-2018-2019/une-descendante-despagnol-interne-alejandra/seconde-republique-espagnole/" class="more-link">Continuer la lecture<span class="screen-reader-text"> de &laquo;&nbsp;Seconde République espagnole&nbsp;&raquo;</span></a></p>
