{"id":4599,"date":"2019-02-28T14:40:25","date_gmt":"2019-02-28T13:40:25","guid":{"rendered":"http:\/\/blogs.univ-jfc.fr\/vphn\/?page_id=4599"},"modified":"2019-02-28T14:40:25","modified_gmt":"2019-02-28T13:40:25","slug":"dalbis-ginestet-et-salabert","status":"publish","type":"page","link":"https:\/\/blogs.univ-jfc.fr\/vphn\/dalbis-ginestet-et-salabert\/","title":{"rendered":"Dalbis, Ginestet et Salabert"},"content":{"rendered":"<div class=\"page\" title=\"Page 1\">\n<div class=\"layoutArea\">\n<div class=\"column\">\n<p>&nbsp;<\/p>\n<p><img loading=\"lazy\" class=\" wp-image-4606 alignleft\" src=\"http:\/\/blogs.univ-jfc.fr\/vphn\/wp-content\/uploads\/sites\/65\/2019\/02\/IMG_0725-206x300.jpg\" alt=\"\" width=\"157\" height=\"229\" srcset=\"https:\/\/blogs.univ-jfc.fr\/vphn\/wp-content\/uploads\/sites\/65\/2019\/02\/IMG_0725-206x300.jpg 206w, https:\/\/blogs.univ-jfc.fr\/vphn\/wp-content\/uploads\/sites\/65\/2019\/02\/IMG_0725.jpg 406w\" sizes=\"(max-width: 157px) 100vw, 157px\" \/>DALBYS ou DALBIS Jean Baptiste n\u00e9 \u00e0 Gaillac le 13 septembre 1809, est un chiffonier de profession mais devient un malfaiteur professionnel. En effet au cours de sa courte vie (28 ans), Jean conna\u00eet plusieurs condamnations pour\u00a0vol,\u00a0\u00e9vasion et la derni\u00e8re pour les homicides volontaires des \u00e9poux Coutaud et de leur servante en 1834. En l&rsquo;espace de 10 ans de 1824 \u00e0 1834 il est condamn\u00e9 \u00e0 8 ans et trois mois de prison et \u00e0 une peine de mort qui se transforme en travaux forc\u00e9s \u00e0 perp\u00e9tuit\u00e9 puis en r\u00e9clusion \u00e0 perp\u00e9tuit\u00e9. Jean d\u00e9c\u00e8de le 8 d\u00e9cembre 1837. Jean est issu d&rsquo;une famille modeste gaillacoise, son p\u00e8re est roulier au foirail. Mais cette famille va prendre une autre tournure car Jean Baptiste devient malfaiteur et membre de la bande \u00e0 Mina tout comme sa s\u0153ur Anne qui int\u00e8gre aussi la bande. Dalbis d\u00e9nomm\u00e9 aussi Carrat est c\u00e9libataire, il ne conna\u00eet pas la paternalit\u00e9 et la vie de famille avec ces responsabilit\u00e9s. Lors de la premi\u00e8re session d&rsquo;assise la s\u0153ur de Dalbis est acquit\u00e9e, elle faisait \u00e9galement partie de la bande.<\/p>\n<p>Ginestet Guillaume dit le tondut, dont la profession est matelot et portefaix. Il est n\u00e9 \u00e0 Gaillac le 03 d\u00e9cembre 1809, c\u00e9libataire, il est issu d&rsquo;une famille de cultivateurs gaillacois. Il fait parti de la bande \u00e0 Mina, il est incarc\u00e9r\u00e9 lors de la premi\u00e8re audience \u00e0 la fin de celle-ci il est condamn\u00e9 \u00e0 mort. L&rsquo;audience a eu\u00a0lieu le 24 novembre 1834, Ginestet est mis \u00e0 mort le 16 f\u00e9vrier 1835 \u00e0 onze heures dans le quartier du Foirail non loin de la maison des \u00e9poux Coutaud sur l&rsquo;actuelle place Jean Moulin.<\/p>\n<p>Salabert Jean Pierre Auguste ou Jean Baptiste dit la L\u00e8bre, portefaix de profession. Il est n\u00e9 \u00e0 Gaillac le six brumaire an XII du calendrier r\u00e9publicain qui correspond au 29 octobre 1803 du calendrier gr\u00e9gorien. Son p\u00e8re est aussi un portefaix. Il est mari\u00e9 \u00e0 Marie Baysse en 1831, il est vite suspect\u00e9 et incarc\u00e9r\u00e9. Il est l&rsquo;un des 5 suspects de la premi\u00e8re audience, sa condamnation est une peine de mort. Il est mis \u00e0 mort le m\u00eame jour que Ginestet \u00e0 la m\u00eame heure et sur la m\u00eame place. Un des d\u00e9clarants de leur d\u00e9c\u00e8s \u00e0 l&rsquo;\u00e9tat civil est un membre de la bande \u00e0 Mina dont le nom est Fran\u00e7ois Cathala dit Chapinou.<\/p>\n<p>Sources :<\/p>\n<p>La Bande \u00e0 Mina, une bande de brigands dans le gaillacois au d\u00e9but de la monarchie de juillet, Fernandez Franck, m\u00e9moire de ma\u00eetrise sous la direction de R\u00e9my Cazals.<br \/>\nActes d&rsquo;\u00e9tat civil de Gaillac.<\/p>\n<\/div>\n<\/div>\n<\/div>\n","protected":false},"excerpt":{"rendered":"<p>&nbsp; DALBYS ou DALBIS Jean Baptiste n\u00e9 \u00e0 Gaillac le 13 septembre 1809, est un chiffonier de profession mais devient un malfaiteur professionnel. En effet au cours de sa courte vie (28 ans), Jean conna\u00eet plusieurs condamnations pour\u00a0vol,\u00a0\u00e9vasion et la derni\u00e8re pour les homicides volontaires des \u00e9poux Coutaud et de leur servante en 1834. En &hellip; <\/p>\n<p class=\"link-more\"><a href=\"https:\/\/blogs.univ-jfc.fr\/vphn\/dalbis-ginestet-et-salabert\/\" class=\"more-link\">Continuer la lecture<span class=\"screen-reader-text\"> de &laquo;&nbsp;Dalbis, Ginestet et Salabert&nbsp;&raquo;<\/span><\/a><\/p>\n","protected":false},"author":595,"featured_media":0,"parent":0,"menu_order":0,"comment_status":"closed","ping_status":"closed","template":"","meta":[],"_links":{"self":[{"href":"https:\/\/blogs.univ-jfc.fr\/vphn\/wp-json\/wp\/v2\/pages\/4599"}],"collection":[{"href":"https:\/\/blogs.univ-jfc.fr\/vphn\/wp-json\/wp\/v2\/pages"}],"about":[{"href":"https:\/\/blogs.univ-jfc.fr\/vphn\/wp-json\/wp\/v2\/types\/page"}],"author":[{"embeddable":true,"href":"https:\/\/blogs.univ-jfc.fr\/vphn\/wp-json\/wp\/v2\/users\/595"}],"replies":[{"embeddable":true,"href":"https:\/\/blogs.univ-jfc.fr\/vphn\/wp-json\/wp\/v2\/comments?post=4599"}],"version-history":[{"count":3,"href":"https:\/\/blogs.univ-jfc.fr\/vphn\/wp-json\/wp\/v2\/pages\/4599\/revisions"}],"predecessor-version":[{"id":4625,"href":"https:\/\/blogs.univ-jfc.fr\/vphn\/wp-json\/wp\/v2\/pages\/4599\/revisions\/4625"}],"wp:attachment":[{"href":"https:\/\/blogs.univ-jfc.fr\/vphn\/wp-json\/wp\/v2\/media?parent=4599"}],"curies":[{"name":"wp","href":"https:\/\/api.w.org\/{rel}","templated":true}]}}