{"id":488,"date":"2018-01-18T22:17:29","date_gmt":"2018-01-18T21:17:29","guid":{"rendered":"http:\/\/blogs.univ-jfc.fr\/vphn\/?page_id=488"},"modified":"2018-03-05T17:04:30","modified_gmt":"2018-03-05T16:04:30","slug":"les-exiles-republicains-espagnols-dans-le-sud-ouest-1936-1975-2017","status":"publish","type":"page","link":"https:\/\/blogs.univ-jfc.fr\/vphn\/histoire-locale\/les-exiles-republicains-espagnols-dans-le-sud-ouest-1936-1975-2017\/","title":{"rendered":"Les exil\u00e9s r\u00e9publicains espagnols dans le Sud-Ouest (1936-1975) [2017]"},"content":{"rendered":"<figure id=\"attachment_1320\" aria-describedby=\"caption-attachment-1320\" style=\"width: 600px\" class=\"wp-caption aligncenter\"><a href=\"https:\/\/commons.wikimedia.org\/wiki\/File:Flag_of_Spain_(1931_-_1939).svg\" target=\"_blank\" rel=\"noopener noreferrer\"><img loading=\"lazy\" class=\"wp-image-1320\" src=\"http:\/\/blogs.univ-jfc.fr\/vphn\/wp-content\/uploads\/sites\/65\/2018\/01\/spain-29711_960_720.png\" alt=\"\" width=\"600\" height=\"360\" srcset=\"https:\/\/blogs.univ-jfc.fr\/vphn\/wp-content\/uploads\/sites\/65\/2018\/01\/spain-29711_960_720.png 960w, https:\/\/blogs.univ-jfc.fr\/vphn\/wp-content\/uploads\/sites\/65\/2018\/01\/spain-29711_960_720-300x180.png 300w, https:\/\/blogs.univ-jfc.fr\/vphn\/wp-content\/uploads\/sites\/65\/2018\/01\/spain-29711_960_720-768x461.png 768w\" sizes=\"(max-width: 600px) 100vw, 600px\" \/><\/a><figcaption id=\"caption-attachment-1320\" class=\"wp-caption-text\">Drapeau r\u00e9publicain espagnol (1931-1939)<\/figcaption><\/figure>\n<p style=\"text-align: justify\">La <a href=\"https:\/\/www.la-guerre-d-espagne.net\/resume.htm\" target=\"_blank\" rel=\"noopener noreferrer\">guerre civile espagnole<\/a> a provoqu\u00e9 l&rsquo;<a href=\"https:\/\/www.franceculture.fr\/emissions\/sur-la-route\/la-retirada-quand-les-espagnols-fuyaient-le-franquisme\" target=\"_blank\" rel=\"noopener noreferrer\">exil<\/a> de 500 000 r\u00e9publicains vers la France. Leur installation pr\u00e9f\u00e9rentielle se trouve dans le Sud-Ouest \u00e0 cause de l&rsquo;avantage g\u00e9ographique. Cet exil peut \u00eatre vu sous l&rsquo;angle politique. La poursuite de la lutte antifranquiste dans le Sud-Ouest de la France de 1936 \u00e0 1975 comprend une v\u00e9ritable implantation des partis politiques et des syndicats tout en incluant les m\u00e9dias et la famille.<\/p>\n<p style=\"text-align: justify\">Lib\u00e9rer la France \u00e9tait primordial pour pouvoir faire chuter Franco. Les exil\u00e9s se sont illustr\u00e9s dans la <a href=\"http:\/\/blogs.univ-jfc.fr\/vphn\/la-resistance-en-midi-pyrenees-2017\/\" target=\"_blank\" rel=\"noopener noreferrer\">R\u00e9sistance<\/a>. Les <a href=\"http:\/\/www.histariege.com\/guerilleros.htm\" target=\"_blank\" rel=\"noopener noreferrer\"><em>guerrilleros<\/em><\/a> se sont organis\u00e9s dans l\u2019UNE (Union Nationale Espagnole) d\u00e8s 1941. Dans le but de reconqu\u00e9rir l\u2019Espagne, ils ont r\u00e9alis\u00e9 l\u2019op\u00e9ration <em>Reconquista<\/em> depuis le Val d\u2019Aran en octobre 1944, en vain. Les bless\u00e9s ont \u00e9t\u00e9 soign\u00e9s \u00e0 l\u2019<a href=\"http:\/\/www.fehap.fr\/upload\/docs\/application\/pdf\/2013-11\/pss_230-_histoire.pdf\" target=\"_blank\" rel=\"noopener noreferrer\">h\u00f4pital Varsovia<\/a>, fond\u00e9 en parall\u00e8le \u00e0 Toulouse. Le personnel, \u00e9tant communiste, a \u00e9t\u00e9 arr\u00eat\u00e9 en septembre 1950 lors de l\u2019<a href=\"https:\/\/www.franceculture.fr\/emissions\/la-fabrique-de-la-guerre-froide\/la-fabrique-de-la-guerre-froide-lundi-16-mai-2016\" target=\"_blank\" rel=\"noopener noreferrer\">op\u00e9ration Bol\u00e9ro-Paprika<\/a>. En face de l\u2019UNE communiste, s\u2019est instaur\u00e9 la JLE (<em>Junta<\/em> de Lib\u00e9ration Espagnole).<\/p>\n<p style=\"text-align: justify\">Par la proximit\u00e9 g\u00e9ographique, Toulouse a \u00e9t\u00e9 choisie pour accueillir massivement les r\u00e9publicains et leurs organisations. Le PSOE (Parti Socialiste Ouvrier Espagnol) s\u2019est r\u00e9organis\u00e9 depuis Toulouse apr\u00e8s un congr\u00e8s en septembre 1944. Les locaux se trouvaient rue du Taur. Le PCE (Parti Communiste Espagnol) a oscill\u00e9 entre interdiction et autorisation. Sa <a href=\"https:\/\/www.cinearchives.org\/Catalogue-d-exploitation-494-129-0-0.html\" target=\"_blank\" rel=\"noopener noreferrer\">position affermie<\/a> par leur participation dans la Lib\u00e9ration s\u2019est effondr\u00e9e durant la Guerre Froide. Ils se sont organis\u00e9s comme une microsoci\u00e9t\u00e9 se rencontrant \u00e0 la Bourse du Travail le dimanche. La CNT (Conf\u00e9d\u00e9ration Nationale du Travail), syndicat anarcho-libertaire, a \u00e9t\u00e9 tol\u00e9r\u00e9e par les autorit\u00e9s fran\u00e7aises. Cette organisation avait adopt\u00e9 une attitude active contre le franquisme comme dans des manifestations. Par exemple, celle le long du <a href=\"http:\/\/blogs.univ-jfc.fr\/vphn\/patrimoine-et-sites-remarquables\/le-canal-du-midi-1810-2017-2017\/\" target=\"_blank\" rel=\"noopener noreferrer\">canal du Midi<\/a> \u00e0 <a href=\"http:\/\/blogs.univ-jfc.fr\/vphn\/patrimoine-et-sites-remarquables\/toulouse-capitale-du-royaume-wisigoth-2017\/\" target=\"_blank\" rel=\"noopener noreferrer\">Toulouse<\/a> pour la d\u00e9fense de <a href=\"http:\/\/sergebuj.blog.lemonde.fr\/2013\/04\/19\/il-y-a-cinquante-ans-julian-grimau\/\" target=\"_blank\" rel=\"noopener noreferrer\">Juli\u00e1n Grimau<\/a>, ex\u00e9cut\u00e9 par le r\u00e9gime franquiste. Une scission en 1945 a \u00e9t\u00e9 d\u00e9finitive en 1965.<\/p>\n<figure id=\"attachment_1203\" aria-describedby=\"caption-attachment-1203\" style=\"width: 300px\" class=\"wp-caption alignleft\"><a href=\"https:\/\/commons.wikimedia.org\/wiki\/File:Het_congres_van_de_SAI_te_Amsterdam._Dhr._Lopis_namens_de_Spaanse_socialisten.jpg\" target=\"_blank\" rel=\"noopener noreferrer\"><img loading=\"lazy\" class=\"size-medium wp-image-1203\" src=\"http:\/\/blogs.univ-jfc.fr\/vphn\/wp-content\/uploads\/sites\/65\/2018\/01\/Het_congres_van_de_SAI_te_Amsterdam._Dhr._Lopis_namens_de_Spaanse_socialisten-300x198.jpg\" alt=\"https:\/\/commons.wikimedia.org\/wiki\/File:Het_congres_van_de_SAI_te_Amsterdam._Dhr._Lopis_namens_de_Spaanse_socialisten.jpg\" width=\"300\" height=\"198\" srcset=\"https:\/\/blogs.univ-jfc.fr\/vphn\/wp-content\/uploads\/sites\/65\/2018\/01\/Het_congres_van_de_SAI_te_Amsterdam._Dhr._Lopis_namens_de_Spaanse_socialisten-300x198.jpg 300w, https:\/\/blogs.univ-jfc.fr\/vphn\/wp-content\/uploads\/sites\/65\/2018\/01\/Het_congres_van_de_SAI_te_Amsterdam._Dhr._Lopis_namens_de_Spaanse_socialisten-768x506.jpg 768w, https:\/\/blogs.univ-jfc.fr\/vphn\/wp-content\/uploads\/sites\/65\/2018\/01\/Het_congres_van_de_SAI_te_Amsterdam._Dhr._Lopis_namens_de_Spaanse_socialisten-1024x675.jpg 1024w, https:\/\/blogs.univ-jfc.fr\/vphn\/wp-content\/uploads\/sites\/65\/2018\/01\/Het_congres_van_de_SAI_te_Amsterdam._Dhr._Lopis_namens_de_Spaanse_socialisten.jpg 1280w\" sizes=\"(max-width: 300px) 100vw, 300px\" \/><\/a><figcaption id=\"caption-attachment-1203\" class=\"wp-caption-text\">Photo de Rodolfo Llopis dans un congr\u00e8s socialiste \u00e0 Amsterdam, Harry Pot, 1963<\/figcaption><\/figure>\n<p style=\"text-align: justify\"><a href=\"http:\/\/toulouse.cervantes.es\/fr\/bibliotheque_espagnol\/fonds_azana\/biographie_azana.htm\" target=\"_blank\" rel=\"noopener noreferrer\">Aza\u00f1a <\/a>a r\u00e9sid\u00e9 \u00e0 Montauban sous assignation \u00e0 r\u00e9sidence. \u00c0 la fin, il est log\u00e9 \u00e0 l\u2019H\u00f4tel du Midi par le gouvernement mexicain. Un projet de rapt a \u00e9t\u00e9 foment\u00e9. Mais le coma d\u2019Aza\u00f1a, le 31 octobre et son d\u00e9c\u00e8s le 3 novembre l\u2019ont emp\u00each\u00e9. <a href=\"http:\/\/portal.ugt.org\/ugtpordentro\/llopis.html\" target=\"_blank\" rel=\"noopener noreferrer\">Llopis<\/a>, assign\u00e9 \u00e0 <a href=\"http:\/\/blogs.univ-jfc.fr\/vphn\/patrimoine-et-sites-remarquables\/cathedrale-dalbi-2017\/\" target=\"_blank\" rel=\"noopener noreferrer\">Albi<\/a> mais avec plus de libert\u00e9s gr\u00e2ce \u00e0 son mariage avec une fran\u00e7aise, <a href=\"http:\/\/maitron-en-ligne.univ-paris1.fr\/spip.php?article166364\" target=\"_blank\" rel=\"noopener noreferrer\">Georgette Boy\u00e9<\/a>. Il a \u00e9t\u00e9 secr\u00e9taire g\u00e9n\u00e9ral du PSOE et de l\u2019UGT. Dans les ann\u00e9es 70, il est tomb\u00e9 en disgr\u00e2ce.<\/p>\n<p style=\"text-align: justify\">La presse a pour but d\u2019informer les exil\u00e9s et de les rassembler. Censur\u00e9e pendant la Seconde Guerre mondiale, puis tol\u00e9r\u00e9e. Les capitales se trouvent \u00e0 Toulouse et Perpignan. Les journaux vivent pr\u00e9cairement et sont vendus place Wilson \u00e0 Toulouse. Il y a de nombreux titres dont <em>CNT<\/em>, <em>Mundo Obrero<\/em>, <em>El Socialista<\/em>.\u00a0 La presse communiste a \u00e9t\u00e9 prohib\u00e9e d\u00e8s 1950. La loi de 1961 a interdit les autres titres espagnols \u00e0 cause de l\u2019<a href=\"http:\/\/www.grands-reporters.com\/histoire-de-l-oas.html\" target=\"_blank\" rel=\"noopener noreferrer\">OAS (Organisation Arm\u00e9e Secr\u00e8te)<\/a> implant\u00e9 \u00e0 Madrid. Les exp\u00e9riences radiophoniques \u00e9taient majoritairement libertaires. La CNT a r\u00e9cup\u00e9r\u00e9 une radio \u00e0 Font Romeu pour \u00e9mettre vers la Catalogne. La faible port\u00e9e des ondes\u00a0 les a pouss\u00e9s \u00e0 en faire une plus puissante dans la <a href=\"https:\/\/autogestion.asso.fr\/la-colonie-daymare-1939-1967\/\" target=\"_blank\" rel=\"noopener noreferrer\">colonie d\u2019Aymare<\/a>. A Perpignan se trouvait la <em>Radio Rep\u00fablica Espa\u00f1ola<\/em> du gouvernement exil\u00e9 sous <a href=\"https:\/\/www.valdes.es\/alvaro-de-albornoz\" target=\"_blank\" rel=\"noopener noreferrer\">Alvaro de Albornoz<\/a>.<\/p>\n<p style=\"text-align: justify\">Les femmes exil\u00e9es ont organis\u00e9 la <em>Retirada<\/em> apr\u00e8s la d\u00e9faite r\u00e9publicaine vers la France. Elles se<\/p>\n<figure id=\"attachment_1371\" aria-describedby=\"caption-attachment-1371\" style=\"width: 220px\" class=\"wp-caption alignright\"><a href=\"https:\/\/commons.wikimedia.org\/wiki\/File:Sara_Berenguer.jpg\" target=\"_blank\" rel=\"noopener noreferrer\"><img loading=\"lazy\" class=\"size-medium wp-image-1371\" src=\"http:\/\/blogs.univ-jfc.fr\/vphn\/wp-content\/uploads\/sites\/65\/2018\/01\/Sara_Berenguer-220x300.jpg\" alt=\"https:\/\/commons.wikimedia.org\/wiki\/File:Sara_Berenguer.jpg\" width=\"220\" height=\"300\" srcset=\"https:\/\/blogs.univ-jfc.fr\/vphn\/wp-content\/uploads\/sites\/65\/2018\/01\/Sara_Berenguer-220x300.jpg 220w, https:\/\/blogs.univ-jfc.fr\/vphn\/wp-content\/uploads\/sites\/65\/2018\/01\/Sara_Berenguer-768x1047.jpg 768w, https:\/\/blogs.univ-jfc.fr\/vphn\/wp-content\/uploads\/sites\/65\/2018\/01\/Sara_Berenguer-751x1024.jpg 751w, https:\/\/blogs.univ-jfc.fr\/vphn\/wp-content\/uploads\/sites\/65\/2018\/01\/Sara_Berenguer.jpg 1056w\" sizes=\"(max-width: 220px) 100vw, 220px\" \/><\/a><figcaption id=\"caption-attachment-1371\" class=\"wp-caption-text\">Photo de Sara Berenguer, auteur inconnu, 1939<\/figcaption><\/figure>\n<p style=\"text-align: justify\">sont ensuite impliqu\u00e9es dans la r\u00e9sistance en tant que <em>guerrilleras.<\/em> Dans la France lib\u00e9r\u00e9e, elles ont repris leur militantisme politique. Leurs organisations f\u00e9minines n\u2019\u00e9taient toutefois pas solides. A Toulouse, se trouvait notamment le Secr\u00e9tariat F\u00e9minin du PSOE. Leur r\u00f4le \u00e9tait consid\u00e9rable mais peu occup\u00e9es des postes de responsable. A Toulouse, <a href=\"https:\/\/www.ladepeche.fr\/article\/2014\/01\/14\/1793778-mere-ivg-espagne-repose-saint-cyprien.html\" target=\"_blank\" rel=\"noopener noreferrer\">Federica Montseny<\/a> a \u00e9t\u00e9 responsable de la presse et propagande de la CNT. Dans l\u2019H\u00e9rault, <a href=\"http:\/\/eldiariofeminista.info\/2018\/01\/07\/sara-berenguer-la-lucha-por-los-derechos-de-la-mujer-obrera-en-1936\/\" target=\"_blank\" rel=\"noopener noreferrer\">Sara Berenguer<\/a> \u00e9tait secr\u00e9taire de la CNT du Languedoc. Elle \u00e9ditait \u00e9galement le journal de <a href=\"https:\/\/blogs.mediapart.fr\/jean-marc-b\/blog\/251217\/mujeres-libres-les-anarchistes-qui-ont-revolutionne-la-classe-ouvriere-en-espagne\" target=\"_blank\" rel=\"noopener noreferrer\"><em>Mujeres Libres<\/em><\/a>.<\/p>\n<p style=\"text-align: justify\">Une sensibilisation pr\u00e9coce des jeunes a lieu gr\u00e2ce \u00e0 la m\u00e8re. Les partis et les syndicats portaient un fort int\u00e9r\u00eat pour la jeunesse afin de pr\u00e9parer des r\u00e9publicains actifs pour perp\u00e9tuer la lutte antifranquiste. La FIJL (F\u00e9d\u00e9ration Ib\u00e9rique des Jeunesses Libertaires) permettait aux jeunes libertaires de se former, se regrouper. L\u2019immobilisme de l\u2019ensemble des structures exil\u00e9es a \u00e9t\u00e9 d\u00e9nonc\u00e9 par la nouvelle g\u00e9n\u00e9ration dans les ann\u00e9es 1960. Toutefois, certains se vouaient \u00e0 ce combat et se formaient dans les cours d\u2019\u00e9t\u00e9 comme \u00e0 Carmaux avec l\u2019\u00e9cole de l\u2019UGT (Union\u00a0 G\u00e9n\u00e9rale du Travail), o\u00f9 <a href=\"http:\/\/www.fpabloiglesias.es\/archivo-y-biblioteca\/diccionario-biografico\/biografias\/7105_garcia-bloise-carmen\" target=\"_blank\" rel=\"noopener noreferrer\">Carmen Bloise Garcia<\/a> est pass\u00e9e.<\/p>\n<p style=\"text-align: justify\">En d\u00e9finitive, l\u2019exil politique de ces r\u00e9publicains espagnols a suivi plusieurs dynamiques. D\u00e8s leur arriv\u00e9e, leur activit\u00e9 a \u00e9t\u00e9 intense avec l\u2019espoir de faire chuter le r\u00e9gime franquiste. Or, d\u00e8s les ann\u00e9es 1960, le mouvement politique exil\u00e9 commence \u00e0 s\u2019essouffler. Cet exil n\u2019est pas seulement politique, il est de plusieurs ordres. Un d\u2019entre eux qui conserve encore aujourd\u2019hui des traces dans la r\u00e9gion toulousaine est la facette culturelle. La rue du Taur \u00e0 Toulouse en est un exemple avec l\u2019<em>Ateneo,<\/em> fond\u00e9 par <a href=\"https:\/\/www.ladepeche.fr\/article\/2008\/10\/14\/481547-disparition-manuel-llaster-figure-communaute-espagnole-toulouse.html\" target=\"_blank\" rel=\"noopener noreferrer\">Manuel Llaster<\/a>. Dans cette structure, la culture espagnole a continu\u00e9 de vivre. Encore aujourd\u2019hui, des \u00e9v\u00e9nements espagnols s\u2019y d\u00e9roulent, comme le <a href=\"https:\/\/www.cinespagnol.com\/le-festival\/qui-sommes-nous\/\" target=\"_blank\" rel=\"noopener noreferrer\">festival Cinespa\u00f1a<\/a>.<\/p>\n<p><strong>Pour aller plus loin :<\/strong><\/p>\n<ul>\n<li>COIGNARD Cindy, MAUGENDRE Ma\u00eblle, <a href=\"http:\/\/www.histoire-immigration.fr\/dossiers-thematiques\/caracteristiques-migratoires-selon-les-pays-d-origine\/la-retirada-ou-l-exil\">La Retirada ou l&rsquo;exil r\u00e9publicain espagnol d&rsquo;apr\u00e8s-guerre<\/a><\/li>\n<li>France 3 Sud, <a href=\"https:\/\/www.youtube.com\/watch?v=MJdrh9A8ANQ\">Le Val d&rsquo;Aran : les gu\u00e9rilleros espagnols en France<\/a>, 2000<\/li>\n<li>MALVY Martin<em>, R\u00e9publicains espagnols en Midi-Pyr\u00e9n\u00e9es, exil, histoire et m\u00e9moire<\/em>, Presse Universitaire du Mirail, 2005<\/li>\n<\/ul>\n<p><strong>Etudiants :<\/strong><\/p>\n<p>CAMPAGNE Andr\u00e9a (L2) \/ CHASTANG Dylan (L1) \/ GALLIOT Julien (L1)<\/p>\n","protected":false},"excerpt":{"rendered":"<p>La guerre civile espagnole a provoqu\u00e9 l&rsquo;exil de 500 000 r\u00e9publicains vers la France. Leur installation pr\u00e9f\u00e9rentielle se trouve dans le Sud-Ouest \u00e0 cause de l&rsquo;avantage g\u00e9ographique. Cet exil peut \u00eatre vu sous l&rsquo;angle politique. La poursuite de la lutte antifranquiste dans le Sud-Ouest de la France de 1936 \u00e0 1975 comprend une v\u00e9ritable implantation &hellip; <\/p>\n<p class=\"link-more\"><a href=\"https:\/\/blogs.univ-jfc.fr\/vphn\/histoire-locale\/les-exiles-republicains-espagnols-dans-le-sud-ouest-1936-1975-2017\/\" class=\"more-link\">Continuer la lecture<span class=\"screen-reader-text\"> de &laquo;&nbsp;Les exil\u00e9s r\u00e9publicains espagnols dans le Sud-Ouest (1936-1975) [2017]&nbsp;&raquo;<\/span><\/a><\/p>\n","protected":false},"author":304,"featured_media":0,"parent":1173,"menu_order":0,"comment_status":"closed","ping_status":"closed","template":"","meta":[],"_links":{"self":[{"href":"https:\/\/blogs.univ-jfc.fr\/vphn\/wp-json\/wp\/v2\/pages\/488"}],"collection":[{"href":"https:\/\/blogs.univ-jfc.fr\/vphn\/wp-json\/wp\/v2\/pages"}],"about":[{"href":"https:\/\/blogs.univ-jfc.fr\/vphn\/wp-json\/wp\/v2\/types\/page"}],"author":[{"embeddable":true,"href":"https:\/\/blogs.univ-jfc.fr\/vphn\/wp-json\/wp\/v2\/users\/304"}],"replies":[{"embeddable":true,"href":"https:\/\/blogs.univ-jfc.fr\/vphn\/wp-json\/wp\/v2\/comments?post=488"}],"version-history":[{"count":50,"href":"https:\/\/blogs.univ-jfc.fr\/vphn\/wp-json\/wp\/v2\/pages\/488\/revisions"}],"predecessor-version":[{"id":2014,"href":"https:\/\/blogs.univ-jfc.fr\/vphn\/wp-json\/wp\/v2\/pages\/488\/revisions\/2014"}],"up":[{"embeddable":true,"href":"https:\/\/blogs.univ-jfc.fr\/vphn\/wp-json\/wp\/v2\/pages\/1173"}],"wp:attachment":[{"href":"https:\/\/blogs.univ-jfc.fr\/vphn\/wp-json\/wp\/v2\/media?parent=488"}],"curies":[{"name":"wp","href":"https:\/\/api.w.org\/{rel}","templated":true}]}}