{"id":5000,"date":"2019-03-01T23:05:46","date_gmt":"2019-03-01T22:05:46","guid":{"rendered":"http:\/\/blogs.univ-jfc.fr\/vphn\/?page_id=5000"},"modified":"2019-03-01T23:19:42","modified_gmt":"2019-03-01T22:19:42","slug":"bibliographie-pour-lordre-du-temple","status":"publish","type":"page","link":"https:\/\/blogs.univ-jfc.fr\/vphn\/les-chevaliers-de-lordre-du-temple-en-aveyron-2018-2019\/bibliographie-pour-lordre-du-temple\/","title":{"rendered":"Bibliographie pour l&rsquo;Ordre du Temple"},"content":{"rendered":"<div class=\"page\" title=\"Page 1\">\n<div class=\"section\">\n<div class=\"layoutArea\">\n<div class=\"column\">\n<p><strong>Oeuvres g\u00e9n\u00e9rales<\/strong><\/p>\n<p>Dailliez L. Les Templiers. Flandre, Hainaut, Brabant,1978, p. 429- 607, [compte-rendu],\u00a0Delmaire Bernard<\/p>\n<p>Alain Demurger. \u2014 Les templiers : Une chevalerie chr\u00e9tienne au Moyen \u00c2ge. Paris, Seuil, 2005. [compte-rendu],\u00a0Claverie Pierre-Vincent<\/p>\n<h6><strong>Oeuvres sp\u00e9cialis\u00e9s<\/strong><\/h6>\n<p>\u00c9lie Lambert, L&rsquo;architecture des Templiers[compte-rendu],\u00a0Febvre Lucien<\/p>\n<p>Lobet (Marcel). Histoire myst\u00e9rieuse et tragique des Templiers [compte-rendu],\u00a0Glaesener Henri<\/p>\n<p>Cartulaire des Templiers de Vaour (Tarn), publi\u00e9 par Charles Portal et Edmond Cabi\u00e9. Paris, Picard ; Toulouse, Privat, 1894. Forme le\u00a0fasc. I des Archives historiques de l&rsquo;Albigeois[compte-rendu],\u00a0Thomas Antoine<\/p>\n<p>L&rsquo;inventaire des biens de la commanderie du\u00a0temple de Sainte-Eulalie du Larzac en 1308[article],\u00a0Ariette Higounet-Nadal<\/p>\n<\/div>\n<\/div>\n<\/div>\n<\/div>\n<div class=\"page\" title=\"Page 2\">\n<div class=\"section\">\n<div class=\"layoutArea\">\n<div class=\"column\">\n<p>I. Vieux noms de personnes, vieux noms de lieux de l&rsquo;Albigeois (Suite et fin.) [article],\u00a0Aug. Vidal<\/p>\n<p>Les moulins des Templiers \u00e0 Sainte-Eulalie de Cernon (Aveyron) [article],\u00a0Andr\u00e9 Soutou<\/p>\n<\/div>\n<\/div>\n<\/div>\n<\/div>\n","protected":false},"excerpt":{"rendered":"<p>Oeuvres g\u00e9n\u00e9rales Dailliez L. Les Templiers. Flandre, Hainaut, Brabant,1978, p. 429- 607, [compte-rendu],\u00a0Delmaire Bernard Alain Demurger. \u2014 Les templiers : Une chevalerie chr\u00e9tienne au Moyen \u00c2ge. Paris, Seuil, 2005. [compte-rendu],\u00a0Claverie Pierre-Vincent Oeuvres sp\u00e9cialis\u00e9s \u00c9lie Lambert, L&rsquo;architecture des Templiers[compte-rendu],\u00a0Febvre Lucien Lobet (Marcel). Histoire myst\u00e9rieuse et tragique des Templiers [compte-rendu],\u00a0Glaesener Henri Cartulaire des Templiers de Vaour (Tarn), &hellip; <\/p>\n<p class=\"link-more\"><a href=\"https:\/\/blogs.univ-jfc.fr\/vphn\/les-chevaliers-de-lordre-du-temple-en-aveyron-2018-2019\/bibliographie-pour-lordre-du-temple\/\" class=\"more-link\">Continuer la lecture<span class=\"screen-reader-text\"> de &laquo;&nbsp;Bibliographie pour l&rsquo;Ordre du Temple&nbsp;&raquo;<\/span><\/a><\/p>\n","protected":false},"author":612,"featured_media":0,"parent":3939,"menu_order":0,"comment_status":"closed","ping_status":"closed","template":"","meta":[],"_links":{"self":[{"href":"https:\/\/blogs.univ-jfc.fr\/vphn\/wp-json\/wp\/v2\/pages\/5000"}],"collection":[{"href":"https:\/\/blogs.univ-jfc.fr\/vphn\/wp-json\/wp\/v2\/pages"}],"about":[{"href":"https:\/\/blogs.univ-jfc.fr\/vphn\/wp-json\/wp\/v2\/types\/page"}],"author":[{"embeddable":true,"href":"https:\/\/blogs.univ-jfc.fr\/vphn\/wp-json\/wp\/v2\/users\/612"}],"replies":[{"embeddable":true,"href":"https:\/\/blogs.univ-jfc.fr\/vphn\/wp-json\/wp\/v2\/comments?post=5000"}],"version-history":[{"count":4,"href":"https:\/\/blogs.univ-jfc.fr\/vphn\/wp-json\/wp\/v2\/pages\/5000\/revisions"}],"predecessor-version":[{"id":5004,"href":"https:\/\/blogs.univ-jfc.fr\/vphn\/wp-json\/wp\/v2\/pages\/5000\/revisions\/5004"}],"up":[{"embeddable":true,"href":"https:\/\/blogs.univ-jfc.fr\/vphn\/wp-json\/wp\/v2\/pages\/3939"}],"wp:attachment":[{"href":"https:\/\/blogs.univ-jfc.fr\/vphn\/wp-json\/wp\/v2\/media?parent=5000"}],"curies":[{"name":"wp","href":"https:\/\/api.w.org\/{rel}","templated":true}]}}

<div class="page" title="Page 1">
<div class="section">
<div class="layoutArea">
<div class="column">
<p><strong>Oeuvres générales</strong></p>
<p>Dailliez L. Les Templiers. Flandre, Hainaut, Brabant,1978, p. 429- 607, [compte-rendu], Delmaire Bernard</p>
<p>Alain Demurger. — Les templiers : Une chevalerie chrétienne au Moyen Âge. Paris, Seuil, 2005. [compte-rendu], Claverie Pierre-Vincent</p>
<h6><strong>Oeuvres spécialisés</strong></h6>
<p>Élie Lambert, L&rsquo;architecture des Templiers[compte-rendu], Febvre Lucien</p>
<p>Lobet (Marcel). Histoire mystérieuse et tragique des Templiers [compte-rendu], Glaesener Henri</p>
<p>Cartulaire des Templiers de Vaour (Tarn), publié par Charles Portal et Edmond Cabié. Paris, Picard ; Toulouse, Privat, 1894. Forme le fasc. I des Archives historiques de l&rsquo;Albigeois[compte-rendu], Thomas Antoine</p>
<p>L&rsquo;inventaire des biens de la commanderie du temple de Sainte-Eulalie du Larzac en 1308[article], Ariette Higounet-Nadal</p>
</div>
</div>
</div>
</div>
<div class="page" title="Page 2">
<div class="section">
<div class="layoutArea">
<div class="column">
<p>I. Vieux noms de personnes, vieux noms de lieux de l&rsquo;Albigeois (Suite et fin.) [article], Aug. Vidal</p>
<p>Les moulins des Templiers à Sainte-Eulalie de Cernon (Aveyron) [article], André Soutou</p>
</div>
</div>
</div>
</div>

<p>Oeuvres générales Dailliez L. Les Templiers. Flandre, Hainaut, Brabant,1978, p. 429- 607, [compte-rendu], Delmaire Bernard Alain Demurger. — Les templiers : Une chevalerie chrétienne au Moyen Âge. Paris, Seuil, 2005. [compte-rendu], Claverie Pierre-Vincent Oeuvres spécialisés Élie Lambert, L&rsquo;architecture des Templiers[compte-rendu], Febvre Lucien Lobet (Marcel). Histoire mystérieuse et tragique des Templiers [compte-rendu], Glaesener Henri Cartulaire des Templiers de Vaour (Tarn), &hellip; </p>
<p class="link-more"><a href="https://blogs.univ-jfc.fr/vphn/les-chevaliers-de-lordre-du-temple-en-aveyron-2018-2019/bibliographie-pour-lordre-du-temple/" class="more-link">Continuer la lecture<span class="screen-reader-text"> de &laquo;&nbsp;Bibliographie pour l&rsquo;Ordre du Temple&nbsp;&raquo;</span></a></p>
