{"id":5320,"date":"2020-01-16T12:26:40","date_gmt":"2020-01-16T11:26:40","guid":{"rendered":"http:\/\/blogs.univ-jfc.fr\/vphn\/?page_id=5320"},"modified":"2020-03-06T12:54:23","modified_gmt":"2020-03-06T11:54:23","slug":"le-corps-franc-pommies-la-resistance-de-larmee-2020","status":"publish","type":"page","link":"https:\/\/blogs.univ-jfc.fr\/vphn\/histoire-locale\/le-corps-franc-pommies-la-resistance-de-larmee-2020\/","title":{"rendered":"Le Corps Franc Pommi\u00e8s : la r\u00e9sistance de l&rsquo;arm\u00e9e [2020]"},"content":{"rendered":"<blockquote>\n<p style=\"text-align: left\">\u00a0\u00ab Le Corps Franc Pommi\u00e8s n&rsquo;est pas seulement la plus exceptionnelle unit\u00e9 de la R\u00e9sistance Fran\u00e7aise. Il est plus que cela. Il est la r\u00e9sistance dans sa puret\u00e9 originelle, la r\u00e9sistance sans arri\u00e8re-pens\u00e9e et sans calcul, la r\u00e9sistance spontan\u00e9e n\u00e9e d&rsquo;un refus du fond des \u00eatres. \u00bb Gabriel Delaunay<\/p>\n<\/blockquote>\n<p style=\"text-align: left\">De la d\u00e9faite de 1940 \u00e0 nos jours, le <a href=\"http:\/\/blogs.univ-jfc.fr\/vphn\/histoire-locale\/le-corps-franc-pommies-la-resistance-de-larmee-2020\/lexique\/\">CFP<\/a> s\u2019est toujours revendiqu\u00e9 comme une unit\u00e9 de l\u2019arm\u00e9e. Il semble difficile de trouver des points communs en terme d\u2019action, de structure et de m\u00e9moire entre une organisation voulant incarner les forces militaires fran\u00e7aises, et des groupes de r\u00e9sistance issus du monde civil, et pour la plupart politis\u00e9s.<\/p>\n<p style=\"text-align: left\"><strong>22 juin 1940 &#8211; 6 juin 1944 : la structuration et la clandestinit\u00e9<\/strong><\/p>\n<p style=\"text-align: left\">Apr\u00e8s la d\u00e9bandade de l\u2019\u00e9t\u00e9 1940, l\u2019Allemagne impose \u00e0 la France vaincue une petite <a href=\"http:\/\/blogs.univ-jfc.fr\/vphn\/histoire-locale\/le-corps-franc-pommies-la-resistance-de-larmee-2020\/lexique\/\">Arm\u00e9e d\u2019Armistice<\/a>. Mais de nombreux cadres de l\u2019Etat-Major la voient comme un outil primordial de la revanche.\u00a0 Dans ce contexte, le capitaine\u00a0<a href=\"http:\/\/blogs.univ-jfc.fr\/vphn\/histoire-locale\/le-corps-franc-pommies-la-resistance-de-larmee-2020\/andre-pommies\/\">Pommi\u00e8s<\/a>\u00a0fait partie du <a href=\"http:\/\/blogs.univ-jfc.fr\/vphn\/histoire-locale\/le-corps-franc-pommies-la-resistance-de-larmee-2020\/lexique\/\">Camouflage du Mat\u00e9riel<\/a> et\u00a0de la <a href=\"http:\/\/blogs.univ-jfc.fr\/vphn\/histoire-locale\/le-corps-franc-pommies-la-resistance-de-larmee-2020\/lexique\/\">Mobilisation Secr\u00e8te<\/a>. Malgr\u00e9 la dissolution de l\u2019<a href=\"http:\/\/blogs.univ-jfc.fr\/vphn\/histoire-locale\/le-corps-franc-pommies-la-resistance-de-larmee-2020\/lexique\/\">Arm\u00e9e d\u2019Armistice<\/a> \u00e0 la suite de l\u2019invasion de la zone libre le 11 novembre 1942, ce contexte permet de comprendre la structuration du <a href=\"http:\/\/blogs.univ-jfc.fr\/vphn\/histoire-locale\/le-corps-franc-pommies-la-resistance-de-larmee-2020\/lexique\/\">CFP<\/a>.<\/p>\n<figure id=\"attachment_5947\" aria-describedby=\"caption-attachment-5947\" style=\"width: 280px\" class=\"wp-caption alignright\"><img loading=\"lazy\" class=\"wp-image-5947 size-medium\" src=\"http:\/\/blogs.univ-jfc.fr\/vphn\/wp-content\/uploads\/sites\/65\/2020\/01\/3015-280x300.jpg\" alt=\"\" width=\"280\" height=\"300\" srcset=\"https:\/\/blogs.univ-jfc.fr\/vphn\/wp-content\/uploads\/sites\/65\/2020\/01\/3015-280x300.jpg 280w, https:\/\/blogs.univ-jfc.fr\/vphn\/wp-content\/uploads\/sites\/65\/2020\/01\/3015-768x822.jpg 768w, https:\/\/blogs.univ-jfc.fr\/vphn\/wp-content\/uploads\/sites\/65\/2020\/01\/3015.jpg 934w\" sizes=\"(max-width: 280px) 100vw, 280px\" \/><figcaption id=\"caption-attachment-5947\" class=\"wp-caption-text\">\u00ab\u00a0L&rsquo;\u00e9toile noire\u00a0\u00bb, l&rsquo;insigne port\u00e9e par tous les membres du Corps Franc Pommi\u00e8s (Collection Maurice Bleicher)<\/figcaption><\/figure>\n<p style=\"text-align: left\">Le caract\u00e8re de <a href=\"http:\/\/blogs.univ-jfc.fr\/vphn\/histoire-locale\/le-corps-franc-pommies-la-resistance-de-larmee-2020\/andre-pommies\/\">Pommi\u00e8s<\/a> a fortement impact\u00e9 la structuration interne et externe de son unit\u00e9. Malgr\u00e9 les controverses entourant ses liens compliqu\u00e9s avec certains groupes de la r\u00e9sistance locale, il r\u00e9ussit malgr\u00e9 tout \u00e0 rejoindre\u00a0l\u2019<a href=\"http:\/\/blogs.univ-jfc.fr\/vphn\/histoire-locale\/le-corps-franc-pommies-la-resistance-de-larmee-2020\/lexique\/\">ORA<\/a>.\u00a0<a style=\"font-size: 1rem\" href=\"http:\/\/blogs.univ-jfc.fr\/vphn\/histoire-locale\/le-corps-franc-pommies-la-resistance-de-larmee-2020\/andre-pommies\/\">Pommi\u00e8s<\/a><span style=\"font-size: 1rem\"> cr\u00e9e\u00a0 du n\u00e9ant une v\u00e9ritable organisation militaire tentaculaire centralis\u00e9e \u00e0 travers une grande partie du Sud-Ouest, qui aligne \u00e0 la veille du 6 juin 1944 9 000 hommes. Comme dans les autres groupes de la R\u00e9sistance, chaque \u201cchasseur\u201d a une relation tr\u00e8s forte avec son chef de groupe, ce qui fait cohabiter la vision de \u201cchef de bande\u201d et celle du monde militaire au sein du <a href=\"http:\/\/blogs.univ-jfc.fr\/vphn\/histoire-locale\/le-corps-franc-pommies-la-resistance-de-larmee-2020\/lexique\/\">CFP<\/a>.\u00a0\u00a0<\/span><\/p>\n<p style=\"text-align: left\">Entre le 11 novembre 1942 et le 6 juin 1944, le <a href=\"http:\/\/blogs.univ-jfc.fr\/vphn\/histoire-locale\/le-corps-franc-pommies-la-resistance-de-larmee-2020\/lexique\/\">CFP<\/a> effectue des <a href=\"http:\/\/blogs.univ-jfc.fr\/vphn\/histoire-locale\/le-corps-franc-pommies-la-resistance-de-larmee-2020\/lexique\/\">actes clandestins<\/a> similaires aux actions de la R\u00e9sistance, parfois en collaboration avec celle-ci, et en b\u00e9n\u00e9ficiant d\u2019importants largages d\u2019armes, gr\u00e2ce aux relations avec les Alli\u00e9s. \u00a0Mais alors que les autres groupes de la R\u00e9sistance ont commenc\u00e9 par des actions civiles isol\u00e9es comme la publication anonyme de tracts, le <a href=\"http:\/\/blogs.univ-jfc.fr\/vphn\/histoire-locale\/le-corps-franc-pommies-la-resistance-de-larmee-2020\/lexique\/\">CFP<\/a> a d\u2019embl\u00e9e organis\u00e9 des actions asym\u00e9triques \u00e0 caract\u00e8re militaire.<\/p>\n<p style=\"text-align: left\"><strong>6 juin 1944 &#8211; 8 mai 1945 : \u201cl\u2019\u00e9pop\u00e9e\u201d \u00e0 travers la France et l\u2019Allemagne<\/strong><\/p>\n<p style=\"text-align: left\">L\u2019objectif premier des unit\u00e9s de R\u00e9sistance fut de bloquer les renforts Allemands venus du Sud pour renforcer les unit\u00e9s combattantes au contact avec les Alli\u00e9s en Normandie.\u00a0 Le <a href=\"http:\/\/blogs.univ-jfc.fr\/vphn\/histoire-locale\/le-corps-franc-pommies-la-resistance-de-larmee-2020\/lexique\/\">CFP<\/a> s\u2019est d\u00e9marqu\u00e9 par son efficience importante : plus de 200 actes de harc\u00e8lement, et prise de plusieurs villes comme Pau ou Mont-de-Marsan. D\u2019autant plus notable qu\u2019elle a r\u00e9ussi sans l\u2019aide directe des Alli\u00e9s. Ces exploits sont rendus possibles par l\u2019organisation particuli\u00e8re du Corps. Elle participa \u00e0 des actions classiques comme le sabotage des communications ou\u00a0 la paralysie du trafic ferroviaire.\u00a0Apr\u00e8s une p\u00e9riode de r\u00e9cup\u00e9ration des forces et face aux contre-attaques allemandes, le <a href=\"http:\/\/blogs.univ-jfc.fr\/vphn\/histoire-locale\/le-corps-franc-pommies-la-resistance-de-larmee-2020\/lexique\/\">CFP<\/a> reprit le combat dans le but de poursuivre les Allemands en d\u00e9route, en formant avec d\u2019autres groupes de r\u00e9sistants la Division L\u00e9g\u00e8re de Toulouse.<\/p>\n<p style=\"text-align: left\">Le <a href=\"http:\/\/blogs.univ-jfc.fr\/vphn\/histoire-locale\/le-corps-franc-pommies-la-resistance-de-larmee-2020\/lexique\/\">CFP<\/a> se distingua par des faits d\u2019armes exceptionnels. La bataille d\u2019Autun, qui se d\u00e9roula du 8 au 10 septembre, fut un moment crucial pour le <a href=\"http:\/\/blogs.univ-jfc.fr\/vphn\/histoire-locale\/le-corps-franc-pommies-la-resistance-de-larmee-2020\/lexique\/\">CFP<\/a>, men\u00e9e pour la premi\u00e8re fois avec la 1\u00e8re Arm\u00e9e fran\u00e7aise.\u00a0 Son expertise permit \u00e0 d\u2019autres unit\u00e9s comme les <a href=\"http:\/\/blogs.univ-jfc.fr\/vphn\/histoire-locale\/le-corps-franc-pommies-la-resistance-de-larmee-2020\/lexique\/\">FTP<\/a> d\u2019\u00eatre plus efficaces dans le combat urbain. S\u2019en suivit la Bataille des Vosges durant novembre et d\u00e9cembre 1944, nettement plus complexe car faisant face \u00e0 des unit\u00e9s allemandes galvanis\u00e9es par la propagande. Malgr\u00e9 un manque extr\u00eame de ravitaillement et des conditions climatiques particuli\u00e8res, il a su en sortir victorieux.\u00a0 Le CFP traversa ensuite le Rhin : la campagne d\u2019Allemagne put commencer. L\u2019unit\u00e9 marcha sur Stuttgart apr\u00e8s d&rsquo;\u00e2pres combats o\u00f9 elle enregistra ses plus grosses pertes, et r\u00e9sista \u00e0 de nombreuses contre-attaques allemandes. Au total, l\u2019unit\u00e9 fit plus de 4 500 prisonniers et infligea plusieurs milliers de pertes humaines et mat\u00e9rielles.<\/p>\n<figure id=\"attachment_5934\" aria-describedby=\"caption-attachment-5934\" style=\"width: 200px\" class=\"wp-caption alignleft\"><img loading=\"lazy\" class=\"wp-image-5934 \" src=\"http:\/\/blogs.univ-jfc.fr\/vphn\/wp-content\/uploads\/sites\/65\/2020\/01\/Insigne-de-poitrine-du-49\u00e8me-RI-Wikipedia-225x300.jpg\" alt=\"\" width=\"200\" height=\"267\" srcset=\"https:\/\/blogs.univ-jfc.fr\/vphn\/wp-content\/uploads\/sites\/65\/2020\/01\/Insigne-de-poitrine-du-49\u00e8me-RI-Wikipedia-225x300.jpg 225w, https:\/\/blogs.univ-jfc.fr\/vphn\/wp-content\/uploads\/sites\/65\/2020\/01\/Insigne-de-poitrine-du-49\u00e8me-RI-Wikipedia.jpg 360w\" sizes=\"(max-width: 200px) 100vw, 200px\" \/><figcaption id=\"caption-attachment-5934\" class=\"wp-caption-text\">Insigne de poitrine du 49\u00e8me RI (Collection priv\u00e9e)<\/figcaption><\/figure>\n<p style=\"text-align: left\">Au vu des exploits du <a href=\"http:\/\/blogs.univ-jfc.fr\/vphn\/histoire-locale\/le-corps-franc-pommies-la-resistance-de-larmee-2020\/lexique\/\">CFP<\/a>, et dans le contexte de l\u2019amalgame des <a href=\"http:\/\/blogs.univ-jfc.fr\/vphn\/histoire-locale\/le-corps-franc-pommies-la-resistance-de-larmee-2020\/lexique\/\">FFI<\/a> \u00e0 l\u2019arm\u00e9e r\u00e9guli\u00e8re, le g\u00e9n\u00e9ral de Lattre de Tassigny d\u00e9cida de transformer le CFP en r\u00e9giment d\u2019infanterie. Parall\u00e8lement, la tr\u00e8s large majorit\u00e9 des unit\u00e9s de r\u00e9sistants \u00e9tait constitu\u00e9e en r\u00e9giments de s\u00e9curit\u00e9 au sein de divisions de seconde ligne, en raison de leur trop faible efficacit\u00e9 au combat.\u00a0Et malgr\u00e9 son manque d&rsquo;entra\u00eenement et d&rsquo;\u00e9quipement, le <a href=\"http:\/\/blogs.univ-jfc.fr\/vphn\/histoire-locale\/le-corps-franc-pommies-la-resistance-de-larmee-2020\/lexique\/\">49\u00e8me RI<\/a>\u00a0comptait sur un excellent encadrement et un bon moral sous le feu, ce qui lui permit d\u2019accomplir plusieurs faits d\u2019armes durant les campagnes d\u2019Alsace et d\u2019Allemagne.<\/p>\n<p><strong>Depuis le 8 mai 1945 : la post\u00e9rit\u00e9 du\u00a0Corps Franc Pommi\u00e8s<\/strong><\/p>\n<figure id=\"attachment_5574\" aria-describedby=\"caption-attachment-5574\" style=\"width: 260px\" class=\"wp-caption alignright\"><img loading=\"lazy\" class=\"wp-image-5574 \" src=\"http:\/\/blogs.univ-jfc.fr\/vphn\/wp-content\/uploads\/sites\/65\/2020\/01\/Ladjudant-chef-Vanderberghe-inspectant-un-de-ses-commandos-Indochine-Archives-ECPAD-300x298.jpg\" alt=\"\" width=\"260\" height=\"258\" srcset=\"https:\/\/blogs.univ-jfc.fr\/vphn\/wp-content\/uploads\/sites\/65\/2020\/01\/Ladjudant-chef-Vanderberghe-inspectant-un-de-ses-commandos-Indochine-Archives-ECPAD-300x298.jpg 300w, https:\/\/blogs.univ-jfc.fr\/vphn\/wp-content\/uploads\/sites\/65\/2020\/01\/Ladjudant-chef-Vanderberghe-inspectant-un-de-ses-commandos-Indochine-Archives-ECPAD-150x150.jpg 150w, https:\/\/blogs.univ-jfc.fr\/vphn\/wp-content\/uploads\/sites\/65\/2020\/01\/Ladjudant-chef-Vanderberghe-inspectant-un-de-ses-commandos-Indochine-Archives-ECPAD-100x100.jpg 100w, https:\/\/blogs.univ-jfc.fr\/vphn\/wp-content\/uploads\/sites\/65\/2020\/01\/Ladjudant-chef-Vanderberghe-inspectant-un-de-ses-commandos-Indochine-Archives-ECPAD.jpg 705w\" sizes=\"(max-width: 260px) 100vw, 260px\" \/><figcaption id=\"caption-attachment-5574\" class=\"wp-caption-text\">L&rsquo;adjudant-chef Vanderberghe (au premier plan), ancien du CFP, inspectant un de ses commandos, Indochine (Archives ECPAD)<\/figcaption><\/figure>\n<p style=\"text-align: left\">Apr\u00e8s les hommages rendus au <a href=\"http:\/\/blogs.univ-jfc.fr\/vphn\/histoire-locale\/le-corps-franc-pommies-la-resistance-de-larmee-2020\/lexique\/\">49\u00e8me RI<\/a> \u00e0 travers les nombreux d\u00e9fil\u00e9s d\u2019apr\u00e8s-guerre, notamment \u00e0 Paris et \u00e0 Berlin, le devenir des hommes de <a href=\"http:\/\/blogs.univ-jfc.fr\/vphn\/histoire-locale\/le-corps-franc-pommies-la-resistance-de-larmee-2020\/andre-pommies\/\">Pommi\u00e8s<\/a> fut tr\u00e8s divers.\u00a0 Beaucoup d\u2019entre eux moururent en restant dans l&rsquo;arm\u00e9e lors de la Guerre d\u2019Indochine. D\u2019autres entr\u00e8rent dans la L\u00e9gion \u00e9trang\u00e8re.\u00a0<a href=\"http:\/\/blogs.univ-jfc.fr\/vphn\/histoire-locale\/le-corps-franc-pommies-la-resistance-de-larmee-2020\/andre-pommies\/\">Pommi\u00e8s<\/a>\u00a0eut d\u2019ailleurs une\u00a0carri\u00e8re fulgurante dans l\u2019arm\u00e9e, atteignant le grade de g\u00e9n\u00e9ral de brigade.<\/p>\n<p>Comme tous les autres groupes de la R\u00e9sistance fran\u00e7aise, le <a href=\"http:\/\/blogs.univ-jfc.fr\/vphn\/histoire-locale\/le-corps-franc-pommies-la-resistance-de-larmee-2020\/lexique\/\">CFP<\/a> a \u00e9t\u00e9 victime de la barbarie nazie. Alors que le mouvement en \u00e9tait encore \u00e0 sa phase de clandestinit\u00e9, certains de ses membres furent activement pourchass\u00e9s par la Gestapo et par leurs suppl\u00e9tifs. La torture fut souvent pratiqu\u00e9e, et 156 chasseurs furent d\u00e9port\u00e9s dans les camps de concentration. Pendant la phase de lutte ouverte contre l\u2019occupant \u00e0 l&rsquo;\u00e9t\u00e9 1944, la Wehrmacht, mais surtout la Waffen SS, commirent des atrocit\u00e9s sur les chasseurs, mais aussi sur les populations civiles. Durant cette p\u00e9riode, les forces allemandes ne consid\u00e9raient pas les combattants du <a href=\"http:\/\/blogs.univ-jfc.fr\/vphn\/histoire-locale\/le-corps-franc-pommies-la-resistance-de-larmee-2020\/lexique\/\">CFP<\/a> comme des soldats mais comme des \u201cterroristes\u201d, <em>ne pouvant b\u00e9n\u00e9ficier des clauses de la Convention de Gen\u00e8ve.<\/em><\/p>\n<p style=\"text-align: left\">La m\u00e9moire collective est aujourd&rsquo;hui entretenue par les v\u00e9t\u00e9rans du <a href=\"http:\/\/blogs.univ-jfc.fr\/vphn\/histoire-locale\/le-corps-franc-pommies-la-resistance-de-larmee-2020\/lexique\/\">CFP<\/a>, notamment \u00e0 travers une\u00a0amicale, un p\u00e9riodique (<em>L&rsquo;\u00c9toile noire<\/em>) et un mus\u00e9e-m\u00e9morial\u00a0 \u00e0 Castelnau-Magnoac. Il s\u2019agit de mettre en valeur l\u2019histoire particuli\u00e8re du <a href=\"http:\/\/blogs.univ-jfc.fr\/vphn\/histoire-locale\/le-corps-franc-pommies-la-resistance-de-larmee-2020\/lexique\/\">CFP<\/a> vis-\u00e0-vis des autres unit\u00e9s de la R\u00e9sistance, d\u2019\u00eatre reconnu, parfois en entrant en conflit avec d\u2019anciens membres <a href=\"http:\/\/blogs.univ-jfc.fr\/vphn\/histoire-locale\/le-corps-franc-pommies-la-resistance-de-larmee-2020\/lexique\/\">FFI<\/a>. Il est ainsi reproch\u00e9 l\u2019oubli de l\u2019histoire du <a href=\"http:\/\/blogs.univ-jfc.fr\/vphn\/histoire-locale\/le-corps-franc-pommies-la-resistance-de-larmee-2020\/lexique\/\">CFP<\/a> dans les m\u00e9dias au profit\u00a0 de l\u2019histoire d\u2019une R\u00e9sistance fran\u00e7aise unifi\u00e9e, mettant en valeur les r\u00e9sistants gaullistes et communistes. Des ouvrages racontant l\u2019histoire du <a href=\"http:\/\/blogs.univ-jfc.fr\/vphn\/histoire-locale\/le-corps-franc-pommies-la-resistance-de-larmee-2020\/lexique\/\">CFP<\/a>, comportant plusieurs t\u00e9moignages, comblent des lacunes et enrichissent l\u2019historiographie, m\u00eame s\u2019ils exposent des points de vue subjectifs. Plusieurs historiens, m\u00eame si peu d&rsquo;entre eux traitent du <a href=\"http:\/\/blogs.univ-jfc.fr\/vphn\/histoire-locale\/le-corps-franc-pommies-la-resistance-de-larmee-2020\/lexique\/\">CFP<\/a>, assimilent ses membres \u00e0 des <a href=\"http:\/\/blogs.univ-jfc.fr\/vphn\/histoire-locale\/le-corps-franc-pommies-la-resistance-de-larmee-2020\/lexique\/\">vichysto-r\u00e9sistants<\/a>. La question qui anime encore l\u2019Amicale du <a href=\"http:\/\/blogs.univ-jfc.fr\/vphn\/histoire-locale\/le-corps-franc-pommies-la-resistance-de-larmee-2020\/lexique\/\">CFP<\/a> est la pr\u00e9f\u00e9rence entre l\u2019exclusion ou la dissolution dans la m\u00e9moire et l\u2019historiographie de la R\u00e9sistance fran\u00e7aise.<\/p>\n<p style=\"text-align: left\"><a href=\"http:\/\/blogs.univ-jfc.fr\/vphn\/pour-aller-plus-loin-3\/\">Pour aller plus loin&#8230;<\/a><\/p>\n<p style=\"text-align: left\">\u00c9tudiants : DARCIAL Milo, QUINET Pierre<\/p>\n","protected":false},"excerpt":{"rendered":"<p>\u00a0\u00ab Le Corps Franc Pommi\u00e8s n&rsquo;est pas seulement la plus exceptionnelle unit\u00e9 de la R\u00e9sistance Fran\u00e7aise. Il est plus que cela. Il est la r\u00e9sistance dans sa puret\u00e9 originelle, la r\u00e9sistance sans arri\u00e8re-pens\u00e9e et sans calcul, la r\u00e9sistance spontan\u00e9e n\u00e9e d&rsquo;un refus du fond des \u00eatres. \u00bb Gabriel Delaunay De la d\u00e9faite de 1940 \u00e0 &hellip; <\/p>\n<p class=\"link-more\"><a href=\"https:\/\/blogs.univ-jfc.fr\/vphn\/histoire-locale\/le-corps-franc-pommies-la-resistance-de-larmee-2020\/\" class=\"more-link\">Continuer la lecture<span class=\"screen-reader-text\"> de &laquo;&nbsp;Le Corps Franc Pommi\u00e8s : la r\u00e9sistance de l&rsquo;arm\u00e9e [2020]&nbsp;&raquo;<\/span><\/a><\/p>\n","protected":false},"author":700,"featured_media":0,"parent":1173,"menu_order":0,"comment_status":"closed","ping_status":"closed","template":"","meta":[],"_links":{"self":[{"href":"https:\/\/blogs.univ-jfc.fr\/vphn\/wp-json\/wp\/v2\/pages\/5320"}],"collection":[{"href":"https:\/\/blogs.univ-jfc.fr\/vphn\/wp-json\/wp\/v2\/pages"}],"about":[{"href":"https:\/\/blogs.univ-jfc.fr\/vphn\/wp-json\/wp\/v2\/types\/page"}],"author":[{"embeddable":true,"href":"https:\/\/blogs.univ-jfc.fr\/vphn\/wp-json\/wp\/v2\/users\/700"}],"replies":[{"embeddable":true,"href":"https:\/\/blogs.univ-jfc.fr\/vphn\/wp-json\/wp\/v2\/comments?post=5320"}],"version-history":[{"count":44,"href":"https:\/\/blogs.univ-jfc.fr\/vphn\/wp-json\/wp\/v2\/pages\/5320\/revisions"}],"predecessor-version":[{"id":7717,"href":"https:\/\/blogs.univ-jfc.fr\/vphn\/wp-json\/wp\/v2\/pages\/5320\/revisions\/7717"}],"up":[{"embeddable":true,"href":"https:\/\/blogs.univ-jfc.fr\/vphn\/wp-json\/wp\/v2\/pages\/1173"}],"wp:attachment":[{"href":"https:\/\/blogs.univ-jfc.fr\/vphn\/wp-json\/wp\/v2\/media?parent=5320"}],"curies":[{"name":"wp","href":"https:\/\/api.w.org\/{rel}","templated":true}]}}