{"id":5341,"date":"2020-01-30T12:00:55","date_gmt":"2020-01-30T11:00:55","guid":{"rendered":"http:\/\/blogs.univ-jfc.fr\/vphn\/?page_id=5341"},"modified":"2021-03-01T17:59:24","modified_gmt":"2021-03-01T16:59:24","slug":"les-hotels-particuliers-albigeois-du-xiie-siecle-a-nos-jours-2020","status":"publish","type":"page","link":"https:\/\/blogs.univ-jfc.fr\/vphn\/patrimoine-et-sites-remarquables\/les-hotels-particuliers-albigeois-du-xiie-siecle-a-nos-jours-2020\/","title":{"rendered":"Les h\u00f4tels particuliers albigeois du XIIe si\u00e8cle \u00e0 nos jours [2020]"},"content":{"rendered":"<p>Le Tarn a connu durant des si\u00e8cles de nombreuses mutations que ce soit architecturalement, \u00e9conomiquement ou politiquement. La ville d\u2019Albi n\u2019\u00e9chappe pas \u00e0 cette r\u00e8gle et conna\u00eet de nombreuses transformations durant les diff\u00e9rentes p\u00e9riodes historiques.<\/p>\n<p>Ainsi, nous allons nous int\u00e9resser aux h\u00f4tels particuliers de la cit\u00e9 \u00e9piscopale du milieu du XIIe si\u00e8cle jusqu&rsquo;\u00e0 nos jours.<\/p>\n<p>Un h\u00f4tel particulier est une habitation luxueuse, habit\u00e9e par une seule famille. Le but de ce genre d\u2019habitation est de montrer sa puissance et sa richesse.<\/p>\n<p>Albi compte de tr\u00e8s nombreux h\u00f4tels particuliers (une vingtaine), ce qui en fait le premier pourvoyeur d\u2019h\u00f4tels dans le Tarn.<\/p>\n<p>Ces nombreux h\u00f4tels particuliers sont-ils un v\u00e9ritable symbole de la puissance et de l\u2019\u00e9volution d\u2019Albi ?<\/p>\n<p>Pour r\u00e9pondre \u00e0 cette probl\u00e9matique, nous avons ax\u00e9 nos recherches sur le contexte \u00e9conomique d\u2019Albi au cours du XIIe si\u00e8cle\u00a0avec l\u2019apparition du premier h\u00f4tel particulier,\u00a0puis du renouveau albigeois jusqu\u2019\u00e0 la p\u00e9riode moderne,\u00a0enfin, les nouvelles fonctions des h\u00f4tels apr\u00e8s\u00a0cette \u00e9poque.<\/p>\n<p>Tout d\u2019abord, la ville conna\u00eet au XIIe si\u00e8cle un changement, en effet l\u2019\u00e9conomie albigeoise permet un acc\u00e8s simple \u00e0 la bourgeoisie. Pour devenir habitant \u00e0 proprement parler d\u2019Albi, il suffit de payer des imp\u00f4ts communaux. Nous pouvons constater qu\u2019\u00e0 cette \u00e9poque, il n\u2019y a qu\u2019un pas entre habitant et bourgeois.<\/p>\n<p>Une augmentation d\u00e9mographique est \u00e9galement \u00e0 noter gr\u00e2ce aux nouvelles fonctions de l\u2019agriculture et \u00e0 l\u2019adoucissement du climat.<\/p>\n<p>Comme il y a une population plus importante, il faut construire rapidement de nouveaux habitats et si possible pour moins cher car la pierre albigeoise est de mauvaise qualit\u00e9. <a href=\"http:\/\/blogs.univ-jfc.fr\/vphn\/?page_id=6169&amp;preview=true\">L&rsquo;argile<\/a> se d\u00e9veloppe.<\/p>\n<p>Le premier h\u00f4tel particulier est construit au milieu du XIIe si\u00e8cle, il s\u2019agit de l&rsquo;H\u00f4tel Fenasse.<\/p>\n<p>Ci-dessous, la vo\u00fbte romane symbole de l\u2019architecture de l\u2019\u00e9poque sur la fa\u00e7ade de le rue Saint-\u00c9tienne.<u> <\/u><\/p>\n<figure id=\"attachment_6009\" aria-describedby=\"caption-attachment-6009\" style=\"width: 183px\" class=\"wp-caption alignright\"><img loading=\"lazy\" class=\"wp-image-6009\" src=\"http:\/\/blogs.univ-jfc.fr\/vphn\/wp-content\/uploads\/sites\/65\/2020\/01\/682px-Albi-Class\u00e9_PA00095468.jpg-bis.jpg\" alt=\"\" width=\"183\" height=\"275\" srcset=\"https:\/\/blogs.univ-jfc.fr\/vphn\/wp-content\/uploads\/sites\/65\/2020\/01\/682px-Albi-Class\u00e9_PA00095468.jpg-bis.jpg 682w, https:\/\/blogs.univ-jfc.fr\/vphn\/wp-content\/uploads\/sites\/65\/2020\/01\/682px-Albi-Class\u00e9_PA00095468.jpg-bis-200x300.jpg 200w\" sizes=\"(max-width: 183px) 100vw, 183px\" \/><figcaption id=\"caption-attachment-6009\" class=\"wp-caption-text\"><a href=\"https:\/\/commons.wikimedia.org\/wiki\/File:Albi-Class%C3%A9_PA00095468.jpg?uselang=fr\">H\u00f4tel Fenasse<\/a>. Photo de Jean-Christophe Benoist.<\/figcaption><\/figure>\n<p>L\u2019architecture et la monumentalit\u00e9 de cet h\u00f4tel refl\u00e8tent donc la puissance de la famille Fenasse, c\u2019est lorsque Guilhem Fenasse en est propri\u00e9taire, que l\u2019h\u00f4tel est le plus somptueux. En effet, il est l\u2019homme le plus riche de la ville \u00e0 la fin du XIIIe si\u00e8cle.<\/p>\n<p>Or, la famille Fenasse est une famille cathare. C\u2019est ainsi qu\u2019en 1300, Guilhem Fenasse est arr\u00eat\u00e9 et jug\u00e9 pour son catharisme.<\/p>\n<p>Son h\u00f4tel est donc confisqu\u00e9\u00a0puis\u00a0confi\u00e9 \u00e0 un des fr\u00e8res de l\u2019\u00e9v\u00eaque B\u00e9raud de Fargues (qui est le neveu du pape Cl\u00e9ment V).<\/p>\n<p>Il faut souligner le fait que les nouveaux \u00ab\u00a0nobles\u00a0\u00bb marchands ne fusionnent aucunement avec l\u2019ancienne noblesse, cette nouvelle couche sociale continue de travailler et de n\u00e9gocier.<\/p>\n<p>Ils voyagent beaucoup en Italie, ce qui leur permet d\u2019importer la Renaissance italienne dans\u00a0la ville. Elle se diffuse \u00e0 travers le style et l\u2019architecture de ces nouveaux h\u00f4tels.<\/p>\n<p>La menace d\u2019incendie devenant r\u00e9currente, les autorit\u00e9s du royaume prennent des mesures radicales. En 1669, Colbert, contr\u00f4leur g\u00e9n\u00e9ral des finances sous Louis XIV impose une ordonnance\u00a0: il faut recouvrir toutes les fa\u00e7ades d\u2019un cr\u00e9pi pour limiter les risques d\u2019incendie. De ce fait, certains h\u00f4tels \u00e0 Albi sont\u00a0b\u00e2tis totalement en brique. C\u2019est le cas de l\u2019H\u00f4tel Saint-Hippolyte, l\u2019entr\u00e9e de cet h\u00f4tel se fait par un portail de style Louis XIII. D\u2019ailleurs, ce n\u2019est pas le seul h\u00f4tel qui se dote de ce style d\u2019entr\u00e9e, l\u2019H\u00f4tel Reyn\u00e8s \u00e9galement. (Ci\u2013dessous)<\/p>\n<figure id=\"attachment_6036\" aria-describedby=\"caption-attachment-6036\" style=\"width: 321px\" class=\"wp-caption aligncenter\"><img loading=\"lazy\" class=\"wp-image-6036\" src=\"http:\/\/blogs.univ-jfc.fr\/vphn\/wp-content\/uploads\/sites\/65\/2020\/01\/768px-Fa\u00e7ade_de_lh\u00f4tel_Reyn\u00e8s.jpg\" alt=\"\" width=\"321\" height=\"321\" srcset=\"https:\/\/blogs.univ-jfc.fr\/vphn\/wp-content\/uploads\/sites\/65\/2020\/01\/768px-Fa\u00e7ade_de_lh\u00f4tel_Reyn\u00e8s.jpg 768w, https:\/\/blogs.univ-jfc.fr\/vphn\/wp-content\/uploads\/sites\/65\/2020\/01\/768px-Fa\u00e7ade_de_lh\u00f4tel_Reyn\u00e8s-150x150.jpg 150w, https:\/\/blogs.univ-jfc.fr\/vphn\/wp-content\/uploads\/sites\/65\/2020\/01\/768px-Fa\u00e7ade_de_lh\u00f4tel_Reyn\u00e8s-300x300.jpg 300w, https:\/\/blogs.univ-jfc.fr\/vphn\/wp-content\/uploads\/sites\/65\/2020\/01\/768px-Fa\u00e7ade_de_lh\u00f4tel_Reyn\u00e8s-100x100.jpg 100w\" sizes=\"(max-width: 321px) 100vw, 321px\" \/><figcaption id=\"caption-attachment-6036\" class=\"wp-caption-text\"><a href=\"https:\/\/fr.wikipedia.org\/wiki\/Fichier:Fa%C3%A7ade_de_l%27h%C3%B4tel_Reyn%C3%A8s.jpg\">H\u00f4tel Reyn\u00e8s<\/a>. Photo de Antoine Meissonnier.<\/figcaption><\/figure>\n<p>En plus d\u2019un changement architectural, la d\u00e9coration int\u00e9rieure change. Ces changements s\u2019observent tout d\u2019abord au niveau des escaliers. Au d\u00e9but de l\u2019\u00e9poque moderne, les escaliers sont le plus souvent \u00e0 vis en pierre ou en bois. Nous retrouvons ce type d\u2019escalier notamment dans l\u2019H\u00f4tel Reynes.\u00a0 N\u00e9anmoins, au XVIIe si\u00e8cle,\u00a0les escaliers s\u2019\u00e9largissent et se dotent d\u2019un balustre\u00a0avec la domination du classicisme.<\/p>\n<p>Nous pouvons \u00e9galement observer un changement au niveau des plafonds de certains h\u00f4tels. C\u2019est le cas de l\u2019H\u00f4tel Saunal o\u00f9, au 2<sup>\u00e8me<\/sup> \u00e9tage,\u00a0le plafond est\u00a0recouvert de peintures datant du XVIe si\u00e8cle.<\/p>\n<p>Aujourd&rsquo;hui, ces h\u00f4tels particuliers ont de nouvelles fonctions. Pour commencer, voyons les fonctions politiques et administratives de ces h\u00f4tels.<\/p>\n<p>Certains\u00a0de ces h\u00f4tels occupent des fonctions politiques, par\u00a0exemple l&rsquo;H\u00f4tel Saint-Hippolyte qui abrite la mairie. Nous pouvons \u00e9galement citer l&rsquo;H\u00f4tel de Boyer, qui depuis sa r\u00e9habilitation, est la nouvelle pr\u00e9fecture.<\/p>\n<p>De plus, ces h\u00f4tels sont encore aujourd&rsquo;hui des symboles du patrimoine albigeois et attirent par cons\u00e9quent de nombreux touristes venant admirer leur architecture si particuli\u00e8re. Ainsi, certains h\u00f4tels peuvent \u00eatre visit\u00e9s comme l&rsquo;H\u00f4tel de Gorsse.<\/p>\n<p>D&rsquo;autres h\u00f4tels sont transform\u00e9s en mus\u00e9es, comme l&rsquo;H\u00f4tel de Saunal, et d\u2019autres encore abritent des boutiques ou des magasins, comme la maison Enjalbert qui abrite une boutique \u00e0 son rez-de-chauss\u00e9e. (Ci\u2013dessous).<\/p>\n<figure id=\"attachment_6010\" aria-describedby=\"caption-attachment-6010\" style=\"width: 222px\" class=\"wp-caption aligncenter\"><img loading=\"lazy\" class=\"wp-image-6010\" src=\"http:\/\/blogs.univ-jfc.fr\/vphn\/wp-content\/uploads\/sites\/65\/2020\/01\/768px-Maison_Enjalbert_Albi_XVI\u00b0_si\u00e8cle.jpg\" alt=\"\" width=\"222\" height=\"296\" srcset=\"https:\/\/blogs.univ-jfc.fr\/vphn\/wp-content\/uploads\/sites\/65\/2020\/01\/768px-Maison_Enjalbert_Albi_XVI\u00b0_si\u00e8cle.jpg 768w, https:\/\/blogs.univ-jfc.fr\/vphn\/wp-content\/uploads\/sites\/65\/2020\/01\/768px-Maison_Enjalbert_Albi_XVI\u00b0_si\u00e8cle-225x300.jpg 225w\" sizes=\"(max-width: 222px) 100vw, 222px\" \/><figcaption id=\"caption-attachment-6010\" class=\"wp-caption-text\"><a href=\"https:\/\/fr.wikipedia.org\/wiki\/Fichier:Maison_Enjalbert_Albi_XVI%C2%B0_si%C3%A8cle.jpg\">Maison Enjalbert<\/a>. Photo de ByacC.<\/figcaption><\/figure>\n<p>Nous avons vu que la mise en place de ces h\u00f4tels fut longue, mais gr\u00e2ce aux\u00a0diff\u00e9rentes am\u00e9liorations, les riches propri\u00e9taires ont toujours su se renouveler pour am\u00e9liorer leurs demeures.<\/p>\n<p>Maintenant, ce sont des lieux touristiques. Comme nous l\u2019avons vu avec l\u2019h\u00f4tel Reyn\u00e8s, class\u00e9 monument historique Fran\u00e7ais depuis 1875. Ce sont aussi\u00a0des lieux d\u2019habitations collectifs, exemple de l\u2019H\u00f4tel du Castelnau qui abrite des HLM de nos jours.<\/p>\n<p>Pour conclure, les h\u00f4tels particuliers sont donc un symbole de la puissance albigeoise mais \u00e9galement une preuve que la cit\u00e9 \u00e9piscopale a r\u00e9ussi \u00e0 passer les diff\u00e9rentes \u00e9poques en sachant se renouveler pour garder un statut de ville historique et symbolique.<\/p>\n<p><a href=\"http:\/\/blogs.univ-jfc.fr\/vphn\/patrimoine-et-sites-remarquables\/les-hotels-particuliers-albigeois-du-xiie-siecle-a-nos-jours-2020\/bibliographie\/\">Bibliographie\u00a0<\/a><\/p>\n<p>\u00c9tudiants : ROQUES Lucas (L2),\u00a0SOUSTELLE\u00a0Lucas (L2), LAVOIX Quentin (L1), ORTHLIEB Thomas (L1)<\/p>\n","protected":false},"excerpt":{"rendered":"<p>Le Tarn a connu durant des si\u00e8cles de nombreuses mutations que ce soit architecturalement, \u00e9conomiquement ou politiquement. La ville d\u2019Albi n\u2019\u00e9chappe pas \u00e0 cette r\u00e8gle et conna\u00eet de nombreuses transformations durant les diff\u00e9rentes p\u00e9riodes historiques. Ainsi, nous allons nous int\u00e9resser aux h\u00f4tels particuliers de la cit\u00e9 \u00e9piscopale du milieu du XIIe si\u00e8cle jusqu&rsquo;\u00e0 nos jours. &hellip; <\/p>\n<p class=\"link-more\"><a href=\"https:\/\/blogs.univ-jfc.fr\/vphn\/patrimoine-et-sites-remarquables\/les-hotels-particuliers-albigeois-du-xiie-siecle-a-nos-jours-2020\/\" class=\"more-link\">Continuer la lecture<span class=\"screen-reader-text\"> de &laquo;&nbsp;Les h\u00f4tels particuliers albigeois du XIIe si\u00e8cle \u00e0 nos jours [2020]&nbsp;&raquo;<\/span><\/a><\/p>\n","protected":false},"author":712,"featured_media":0,"parent":30,"menu_order":0,"comment_status":"closed","ping_status":"closed","template":"","meta":[],"_links":{"self":[{"href":"https:\/\/blogs.univ-jfc.fr\/vphn\/wp-json\/wp\/v2\/pages\/5341"}],"collection":[{"href":"https:\/\/blogs.univ-jfc.fr\/vphn\/wp-json\/wp\/v2\/pages"}],"about":[{"href":"https:\/\/blogs.univ-jfc.fr\/vphn\/wp-json\/wp\/v2\/types\/page"}],"author":[{"embeddable":true,"href":"https:\/\/blogs.univ-jfc.fr\/vphn\/wp-json\/wp\/v2\/users\/712"}],"replies":[{"embeddable":true,"href":"https:\/\/blogs.univ-jfc.fr\/vphn\/wp-json\/wp\/v2\/comments?post=5341"}],"version-history":[{"count":18,"href":"https:\/\/blogs.univ-jfc.fr\/vphn\/wp-json\/wp\/v2\/pages\/5341\/revisions"}],"predecessor-version":[{"id":9515,"href":"https:\/\/blogs.univ-jfc.fr\/vphn\/wp-json\/wp\/v2\/pages\/5341\/revisions\/9515"}],"up":[{"embeddable":true,"href":"https:\/\/blogs.univ-jfc.fr\/vphn\/wp-json\/wp\/v2\/pages\/30"}],"wp:attachment":[{"href":"https:\/\/blogs.univ-jfc.fr\/vphn\/wp-json\/wp\/v2\/media?parent=5341"}],"curies":[{"name":"wp","href":"https:\/\/api.w.org\/{rel}","templated":true}]}}

Les hôtels particuliers albigeois du XIIe siècle à nos jours [2020]

<p>Le Tarn a connu durant des siècles de nombreuses mutations que ce soit architecturalement, économiquement ou politiquement. La ville d’Albi n’échappe pas à cette règle et connaît de nombreuses transformations durant les différentes périodes historiques.</p>
<p>Ainsi, nous allons nous intéresser aux hôtels particuliers de la cité épiscopale du milieu du XIIe siècle jusqu&rsquo;à nos jours.</p>
<p>Un hôtel particulier est une habitation luxueuse, habitée par une seule famille. Le but de ce genre d’habitation est de montrer sa puissance et sa richesse.</p>
<p>Albi compte de très nombreux hôtels particuliers (une vingtaine), ce qui en fait le premier pourvoyeur d’hôtels dans le Tarn.</p>
<p>Ces nombreux hôtels particuliers sont-ils un véritable symbole de la puissance et de l’évolution d’Albi ?</p>
<p>Pour répondre à cette problématique, nous avons axé nos recherches sur le contexte économique d’Albi au cours du XIIe siècle avec l’apparition du premier hôtel particulier, puis du renouveau albigeois jusqu’à la période moderne, enfin, les nouvelles fonctions des hôtels après cette époque.</p>
<p>Tout d’abord, la ville connaît au XIIe siècle un changement, en effet l’économie albigeoise permet un accès simple à la bourgeoisie. Pour devenir habitant à proprement parler d’Albi, il suffit de payer des impôts communaux. Nous pouvons constater qu’à cette époque, il n’y a qu’un pas entre habitant et bourgeois.</p>
<p>Une augmentation démographique est également à noter grâce aux nouvelles fonctions de l’agriculture et à l’adoucissement du climat.</p>
<p>Comme il y a une population plus importante, il faut construire rapidement de nouveaux habitats et si possible pour moins cher car la pierre albigeoise est de mauvaise qualité. <a href="http://blogs.univ-jfc.fr/vphn/?page_id=6169&amp;preview=true">L&rsquo;argile</a> se développe.</p>
<p>Le premier hôtel particulier est construit au milieu du XIIe siècle, il s’agit de l&rsquo;Hôtel Fenasse.</p>
<p>Ci-dessous, la voûte romane symbole de l’architecture de l’époque sur la façade de le rue Saint-Étienne.<u> </u></p>
<figure id="attachment_6009" aria-describedby="caption-attachment-6009" style="width: 183px" class="wp-caption alignright"><img loading="lazy" class="wp-image-6009" src="http://blogs.univ-jfc.fr/vphn/wp-content/uploads/sites/65/2020/01/682px-Albi-Classé_PA00095468.jpg-bis.jpg" alt="" width="183" height="275" srcset="https://blogs.univ-jfc.fr/vphn/wp-content/uploads/sites/65/2020/01/682px-Albi-Classé_PA00095468.jpg-bis.jpg 682w, https://blogs.univ-jfc.fr/vphn/wp-content/uploads/sites/65/2020/01/682px-Albi-Classé_PA00095468.jpg-bis-200x300.jpg 200w" sizes="(max-width: 183px) 100vw, 183px" /><figcaption id="caption-attachment-6009" class="wp-caption-text"><a href="https://commons.wikimedia.org/wiki/File:Albi-Class%C3%A9_PA00095468.jpg?uselang=fr">Hôtel Fenasse</a>. Photo de Jean-Christophe Benoist.</figcaption></figure>
<p>L’architecture et la monumentalité de cet hôtel reflètent donc la puissance de la famille Fenasse, c’est lorsque Guilhem Fenasse en est propriétaire, que l’hôtel est le plus somptueux. En effet, il est l’homme le plus riche de la ville à la fin du XIIIe siècle.</p>
<p>Or, la famille Fenasse est une famille cathare. C’est ainsi qu’en 1300, Guilhem Fenasse est arrêté et jugé pour son catharisme.</p>
<p>Son hôtel est donc confisqué puis confié à un des frères de l’évêque Béraud de Fargues (qui est le neveu du pape Clément V).</p>
<p>Il faut souligner le fait que les nouveaux « nobles » marchands ne fusionnent aucunement avec l’ancienne noblesse, cette nouvelle couche sociale continue de travailler et de négocier.</p>
<p>Ils voyagent beaucoup en Italie, ce qui leur permet d’importer la Renaissance italienne dans la ville. Elle se diffuse à travers le style et l’architecture de ces nouveaux hôtels.</p>
<p>La menace d’incendie devenant récurrente, les autorités du royaume prennent des mesures radicales. En 1669, Colbert, contrôleur général des finances sous Louis XIV impose une ordonnance : il faut recouvrir toutes les façades d’un crépi pour limiter les risques d’incendie. De ce fait, certains hôtels à Albi sont bâtis totalement en brique. C’est le cas de l’Hôtel Saint-Hippolyte, l’entrée de cet hôtel se fait par un portail de style Louis XIII. D’ailleurs, ce n’est pas le seul hôtel qui se dote de ce style d’entrée, l’Hôtel Reynès également. (Ci–dessous)</p>
<figure id="attachment_6036" aria-describedby="caption-attachment-6036" style="width: 321px" class="wp-caption aligncenter"><img loading="lazy" class="wp-image-6036" src="http://blogs.univ-jfc.fr/vphn/wp-content/uploads/sites/65/2020/01/768px-Façade_de_lhôtel_Reynès.jpg" alt="" width="321" height="321" srcset="https://blogs.univ-jfc.fr/vphn/wp-content/uploads/sites/65/2020/01/768px-Façade_de_lhôtel_Reynès.jpg 768w, https://blogs.univ-jfc.fr/vphn/wp-content/uploads/sites/65/2020/01/768px-Façade_de_lhôtel_Reynès-150x150.jpg 150w, https://blogs.univ-jfc.fr/vphn/wp-content/uploads/sites/65/2020/01/768px-Façade_de_lhôtel_Reynès-300x300.jpg 300w, https://blogs.univ-jfc.fr/vphn/wp-content/uploads/sites/65/2020/01/768px-Façade_de_lhôtel_Reynès-100x100.jpg 100w" sizes="(max-width: 321px) 100vw, 321px" /><figcaption id="caption-attachment-6036" class="wp-caption-text"><a href="https://fr.wikipedia.org/wiki/Fichier:Fa%C3%A7ade_de_l%27h%C3%B4tel_Reyn%C3%A8s.jpg">Hôtel Reynès</a>. Photo de Antoine Meissonnier.</figcaption></figure>
<p>En plus d’un changement architectural, la décoration intérieure change. Ces changements s’observent tout d’abord au niveau des escaliers. Au début de l’époque moderne, les escaliers sont le plus souvent à vis en pierre ou en bois. Nous retrouvons ce type d’escalier notamment dans l’Hôtel Reynes.  Néanmoins, au XVIIe siècle, les escaliers s’élargissent et se dotent d’un balustre avec la domination du classicisme.</p>
<p>Nous pouvons également observer un changement au niveau des plafonds de certains hôtels. C’est le cas de l’Hôtel Saunal où, au 2<sup>ème</sup> étage, le plafond est recouvert de peintures datant du XVIe siècle.</p>
<p>Aujourd&rsquo;hui, ces hôtels particuliers ont de nouvelles fonctions. Pour commencer, voyons les fonctions politiques et administratives de ces hôtels.</p>
<p>Certains de ces hôtels occupent des fonctions politiques, par exemple l&rsquo;Hôtel Saint-Hippolyte qui abrite la mairie. Nous pouvons également citer l&rsquo;Hôtel de Boyer, qui depuis sa réhabilitation, est la nouvelle préfecture.</p>
<p>De plus, ces hôtels sont encore aujourd&rsquo;hui des symboles du patrimoine albigeois et attirent par conséquent de nombreux touristes venant admirer leur architecture si particulière. Ainsi, certains hôtels peuvent être visités comme l&rsquo;Hôtel de Gorsse.</p>
<p>D&rsquo;autres hôtels sont transformés en musées, comme l&rsquo;Hôtel de Saunal, et d’autres encore abritent des boutiques ou des magasins, comme la maison Enjalbert qui abrite une boutique à son rez-de-chaussée. (Ci–dessous).</p>
<figure id="attachment_6010" aria-describedby="caption-attachment-6010" style="width: 222px" class="wp-caption aligncenter"><img loading="lazy" class="wp-image-6010" src="http://blogs.univ-jfc.fr/vphn/wp-content/uploads/sites/65/2020/01/768px-Maison_Enjalbert_Albi_XVI°_siècle.jpg" alt="" width="222" height="296" srcset="https://blogs.univ-jfc.fr/vphn/wp-content/uploads/sites/65/2020/01/768px-Maison_Enjalbert_Albi_XVI°_siècle.jpg 768w, https://blogs.univ-jfc.fr/vphn/wp-content/uploads/sites/65/2020/01/768px-Maison_Enjalbert_Albi_XVI°_siècle-225x300.jpg 225w" sizes="(max-width: 222px) 100vw, 222px" /><figcaption id="caption-attachment-6010" class="wp-caption-text"><a href="https://fr.wikipedia.org/wiki/Fichier:Maison_Enjalbert_Albi_XVI%C2%B0_si%C3%A8cle.jpg">Maison Enjalbert</a>. Photo de ByacC.</figcaption></figure>
<p>Nous avons vu que la mise en place de ces hôtels fut longue, mais grâce aux différentes améliorations, les riches propriétaires ont toujours su se renouveler pour améliorer leurs demeures.</p>
<p>Maintenant, ce sont des lieux touristiques. Comme nous l’avons vu avec l’hôtel Reynès, classé monument historique Français depuis 1875. Ce sont aussi des lieux d’habitations collectifs, exemple de l’Hôtel du Castelnau qui abrite des HLM de nos jours.</p>
<p>Pour conclure, les hôtels particuliers sont donc un symbole de la puissance albigeoise mais également une preuve que la cité épiscopale a réussi à passer les différentes époques en sachant se renouveler pour garder un statut de ville historique et symbolique.</p>
<p><a href="http://blogs.univ-jfc.fr/vphn/patrimoine-et-sites-remarquables/les-hotels-particuliers-albigeois-du-xiie-siecle-a-nos-jours-2020/bibliographie/">Bibliographie </a></p>
<p>Étudiants : ROQUES Lucas (L2), SOUSTELLE Lucas (L2), LAVOIX Quentin (L1), ORTHLIEB Thomas (L1)</p>

<p>Le Tarn a connu durant des siècles de nombreuses mutations que ce soit architecturalement, économiquement ou politiquement. La ville d’Albi n’échappe pas à cette règle et connaît de nombreuses transformations durant les différentes périodes historiques. Ainsi, nous allons nous intéresser aux hôtels particuliers de la cité épiscopale du milieu du XIIe siècle jusqu&rsquo;à nos jours. &hellip; </p>
<p class="link-more"><a href="https://blogs.univ-jfc.fr/vphn/patrimoine-et-sites-remarquables/les-hotels-particuliers-albigeois-du-xiie-siecle-a-nos-jours-2020/" class="more-link">Continuer la lecture<span class="screen-reader-text"> de &laquo;&nbsp;Les hôtels particuliers albigeois du XIIe siècle à nos jours [2020]&nbsp;&raquo;</span></a></p>
