{"id":5419,"date":"2020-03-02T17:25:51","date_gmt":"2020-03-02T16:25:51","guid":{"rendered":"http:\/\/blogs.univ-jfc.fr\/vphn\/?page_id=5419"},"modified":"2020-03-03T11:11:45","modified_gmt":"2020-03-03T10:11:45","slug":"najac-milieu-du-xiiie-fin-xive","status":"publish","type":"page","link":"https:\/\/blogs.univ-jfc.fr\/vphn\/patrimoine-et-sites-remarquables\/najac-milieu-du-xiiie-fin-xive\/","title":{"rendered":"Najac (milieu du XIIIe \u2013 fin XIVe)"},"content":{"rendered":"<p align=\"justify\"><span style=\"color: #eeeeee\"><span style=\"font-family: Liberation Serif, serif\"><span style=\"font-size: medium\">En 1229 la r\u00e9daction du trait\u00e9 de Maux-Paris mets fin \u00e0 la croisade des Albigeois et place le roi de France en grand vainqueur de ce conflit. En effet ce dernier impose au comte de Toulouse de ne plus pouvoir construire de place forte sur son territoire, de plus il r\u00e9ussit \u00e9galement \u00e0 marier son fr\u00e8re (Alphonse de Poitiers) \u00e0 la fille du comte, Jeanne de Toulouse. Ce qui a la mort du comte de Toulouse fait rentrer le comt\u00e9 dans le territoire royal. L\u2019arriv\u00e9e de la puissance royal dans le comt\u00e9 de Toulouse est plus particuli\u00e8rement dans la province du Rouergue men\u00e9 \u00e0 des changements durables sur ce territoire. C\u2019est dans ce contexte que va se d\u00e9velopper le bourg castral de Najac (village fortifi\u00e9 du Nord- Ouest du Rouergue construit autour d\u2019un ch\u00e2teau \u00e9rig\u00e9 par les comtes de Toulouse).<\/span><\/span><\/span><\/p>\n<figure id=\"attachment_5899\" aria-describedby=\"caption-attachment-5899\" style=\"width: 300px\" class=\"wp-caption aligncenter\"><img loading=\"lazy\" class=\"wp-image-5899 size-medium\" src=\"http:\/\/blogs.univ-jfc.fr\/vphn\/wp-content\/uploads\/sites\/65\/2020\/01\/alphonse-300x294.png\" alt=\"\" width=\"300\" height=\"294\" srcset=\"https:\/\/blogs.univ-jfc.fr\/vphn\/wp-content\/uploads\/sites\/65\/2020\/01\/alphonse-300x294.png 300w, https:\/\/blogs.univ-jfc.fr\/vphn\/wp-content\/uploads\/sites\/65\/2020\/01\/alphonse.png 459w\" sizes=\"(max-width: 300px) 100vw, 300px\" \/><figcaption id=\"caption-attachment-5899\" class=\"wp-caption-text\">Alphonse de Poitiers (1220-1271), comte de Poitiers (1241-1271) et de Toulouse (1249-1271). Reproduction faite par Henri Decaisne.<\/figcaption><\/figure>\n<p align=\"justify\"><span style=\"color: #eeeeee\"><span style=\"font-family: Liberation Serif, serif\"><span style=\"font-size: medium\">Nous pouvons donc nous demander \u00ab comment le bourg castral de Najac s\u2019est impos\u00e9 comme une puissance r\u00e9gionale dans le Rouergue au XIII<sup>e<\/sup> si\u00e8cle ? \u00bb.<\/span><\/span><\/span><\/p>\n<p align=\"justify\"><span style=\"color: #eeeeee\"><span style=\"font-family: Liberation Serif, serif\"><span style=\"font-size: medium\">Afin de r\u00e9pondre \u00e0 cette probl\u00e9matique nous verrons dans un premier temps l\u2019arriv\u00e9e de la puissance royale \u00e0 Najac avec l\u2019\u00e9rection de la forteresse et la construction de l\u2019\u00e9glise Saint-Jean qui r\u00e9affirme la pr\u00e9sence de l\u2019\u00c9glise dans la province suite \u00e0 l\u2019h\u00e9r\u00e9sie cathare. Dans un second temps nous verrons que Najac est une puissance notable durant le XIII<sup>e <\/sup>si\u00e8cle \u00e0 la fois sur le plan militaire et \u00e9conomique. Enfin nous verrons comment Najac subit la mont\u00e9e en puissance de Villefranche-de-Rouergue et la prise par les Anglais durant le XIV<sup>e<\/sup> si\u00e8cle. <\/span><\/span><\/span><\/p>\n<h1 align=\"justify\"><span style=\"color: #eeeeee\"><span style=\"font-family: Liberation Serif, serif\"><span style=\"font-size: large\"><b>L\u2019arriv\u00e9e de la puissance royale (1229-1253)<\/b><\/span><\/span><\/span><\/h1>\n<figure id=\"attachment_6587\" aria-describedby=\"caption-attachment-6587\" style=\"width: 401px\" class=\"wp-caption alignright\"><img loading=\"lazy\" class=\"wp-image-6587 \" src=\"http:\/\/blogs.univ-jfc.fr\/vphn\/wp-content\/uploads\/sites\/65\/2020\/01\/royaume-de-france-300x220.png\" alt=\"\" width=\"401\" height=\"294\" srcset=\"https:\/\/blogs.univ-jfc.fr\/vphn\/wp-content\/uploads\/sites\/65\/2020\/01\/royaume-de-france-300x220.png 300w, https:\/\/blogs.univ-jfc.fr\/vphn\/wp-content\/uploads\/sites\/65\/2020\/01\/royaume-de-france.png 760w\" sizes=\"(max-width: 401px) 100vw, 401px\" \/><figcaption id=\"caption-attachment-6587\" class=\"wp-caption-text\">Le royaume de France \u00e0 la mort de Philippe Auguste (Wikip\u00e9dia)<\/figcaption><\/figure>\n<p align=\"justify\"><span style=\"color: #eeeeee\"><span style=\"font-family: Liberation Serif, serif\"><span style=\"font-size: medium\">Au XII<sup>e<\/sup> si\u00e8cle les comtes de Toulouse qui r\u00e8gnent alors sur ce territoire d\u00e9cident d\u2019y \u00e9tablir leur forteresse du Rouergue. L\u2019endroit choisi est Najac qui a une position strat\u00e9gique parce que nous sommes \u00e0 l\u2019int\u00e9rieur du comt\u00e9 de Toulouse, \u00e0 la fronti\u00e8re du royaume de France vers le Nord et du royaume d\u2019Angleterre \u00e0 l\u2019est avec l\u2019Aquitaine. <\/span><\/span><\/span><\/p>\n<p align=\"justify\"><span style=\"color: #eeeeee\"><span style=\"font-family: Liberation Serif, serif\"><span style=\"font-size: medium\">Alphonse de Poitiers, fr\u00e8re du roi Louis IX d\u00e9cide alors de remanier le ch\u00e2teau pour en faire une forteresse royale. Arriv\u00e9e a Najac Alphonse de Poitiers doit s\u2019imposer dans le Rouergue. Il a la volont\u00e9 d\u2019imposer la puissance cap\u00e9tienne \u00e0 Najac alors ind\u00e9pendante. <\/span><\/span><\/span><\/p>\n<p align=\"justify\"><span style=\"color: #eeeeee\"><span style=\"font-family: Liberation Serif, serif\"><span style=\"font-size: medium\">La forteresse a de nombreux \u00e9l\u00e9ments d\u00e9fensifs afin de repousser ses ennemis. L\u2019historien Francis Salet nous avait d\u00e9j\u00e0, en 1937, \u00e9clair\u00e9 sur l&rsquo;histoire du ch\u00e2teau, ainsi que sur ses particularit\u00e9s. Tout d\u2019abord d\u00fb \u00e0 sa hauteur les portes ne peuvent pas \u00eatre d\u00e9fonc\u00e9 par un b\u00e9lier. Chaque porte est prot\u00e9g\u00e9e par une herse qui descend dans un rail de pierre. Entre la herse et la porte il y a une fente qu\u2019on appelle \u00e0 l\u2019\u00e9poque assommoir m\u00e2chicoulis. Ensuite il y a les hauts murs et remparts de la forteresse ne permettent pas aux assaillants de passer par-dessus. L\u2019\u00e9l\u00e9ment phare de la forteresse de Najac est le donjon qui est la caract\u00e9ristique d\u00e9fensive essentielle du Moyen-\u00e2ge mais c\u2019est aussi un outil de communication pour montrer la puissance du comte de Toulouse. De plus le donjon a des yeux avec ses arch\u00e8res, ses meurtri\u00e8res de 7m d\u2019ouverture verticale. Alphonse de Poitiers par ses meurtri\u00e8res permet \u00e0 son donjon de ne pas avoir d\u2019angle mort et ainsi montrer que sa forteresse est puissante et imprenable.<\/span><\/span><\/span><\/p>\n<figure id=\"attachment_5898\" aria-describedby=\"caption-attachment-5898\" style=\"width: 300px\" class=\"wp-caption alignright\"><img loading=\"lazy\" class=\"wp-image-5898 size-medium\" src=\"http:\/\/blogs.univ-jfc.fr\/vphn\/wp-content\/uploads\/sites\/65\/2020\/01\/forteresse-300x200.png\" alt=\"\" width=\"300\" height=\"200\" srcset=\"https:\/\/blogs.univ-jfc.fr\/vphn\/wp-content\/uploads\/sites\/65\/2020\/01\/forteresse-300x200.png 300w, https:\/\/blogs.univ-jfc.fr\/vphn\/wp-content\/uploads\/sites\/65\/2020\/01\/forteresse.png 650w\" sizes=\"(max-width: 300px) 100vw, 300px\" \/><figcaption id=\"caption-attachment-5898\" class=\"wp-caption-text\">La forteresse de Najac (<a href=\"https:\/\/www.tourisme-aveyron.com\/fr\/diffusio\/patrimoine-culturel-visites\/forteresse-royale-de-najac-najac_TFO18778650928\">Office de Tourisme Ouest Aveyron<\/a>)<\/figcaption><\/figure>\n<p align=\"justify\"><span style=\"color: #eeeeee\"><span style=\"font-family: Liberation Serif, serif\"><span style=\"font-size: medium\">Alphonse de Poitiers va mener alors une politique d\u2019urbanisation dans le Sud-Ouest puisque sur 300 villes nouvelles cr\u00e9er en France au XIII<sup>e <\/sup>si\u00e8cle il va en cr\u00e9er 50 en seulement 20 ans (comme <a href=\"http:\/\/blogs.univ-jfc.fr\/vphn\/villefranche-de-rouergue-de-la-fondation-a-la-construction-de-la-collegiale\/\">Villefranche de Rouergue<\/a>). La construction de la forteresse de Najac d\u00e9montre les lents mais irr\u00e9sistibles progr\u00e8s d&rsquo;unification du royaume r\u00e9alis\u00e9s par la puissance royale au c\u0153ur des provinces alors les plus recul\u00e9es. <\/span><\/span><\/span><\/p>\n<p align=\"justify\"><span style=\"color: #eeeeee\"><span style=\"font-family: Liberation Serif, serif\"><span style=\"font-size: medium\">A la mort du compte de Toulouse (1249), les Najacois refusent et se r\u00e9voltent contre la domination cap\u00e9tienne, ils refusent \u00e9galement de pr\u00eater serment au nouveau comte. Alphonse de Poitiers ordonne aux inquisiteurs de condamner les habitants Cathares. Les condamnations de l\u2019inquisition peuvent \u00eatre une simple amende, dans un cas extr\u00eame, mener au b\u00fbcher. Sinon ils participent \u00e0 des p\u00e8lerinages pour se repentir. Ceux qui ne participent pas aux <\/span><\/span><\/span><span style=\"color: #eeeeee\"><span style=\"font-family: Liberation Serif, serif\"><span style=\"font-size: medium\">p\u00e8l<\/span><\/span><\/span><span style=\"color: #eeeeee\"><span style=\"font-family: Liberation Serif, serif\"><span style=\"font-size: medium\">erinages, doivent participer au \ufb01nancement de l\u2019\u00e9glise Saint-Jean. <\/span><\/span><\/span><\/p>\n<figure id=\"attachment_7306\" aria-describedby=\"caption-attachment-7306\" style=\"width: 300px\" class=\"wp-caption alignleft\"><img loading=\"lazy\" class=\"size-medium wp-image-7306\" src=\"http:\/\/blogs.univ-jfc.fr\/vphn\/wp-content\/uploads\/sites\/65\/2020\/03\/egliselhomme_w2000-300x219.jpg\" alt=\"\" width=\"300\" height=\"219\" srcset=\"https:\/\/blogs.univ-jfc.fr\/vphn\/wp-content\/uploads\/sites\/65\/2020\/03\/egliselhomme_w2000-300x219.jpg 300w, https:\/\/blogs.univ-jfc.fr\/vphn\/wp-content\/uploads\/sites\/65\/2020\/03\/egliselhomme_w2000.jpg 600w\" sizes=\"(max-width: 300px) 100vw, 300px\" \/><figcaption id=\"caption-attachment-7306\" class=\"wp-caption-text\">\u00c9glise Saint-Jean de Najac (XIIIe si\u00e8cle)<br \/>Clich\u00e9 personnel<\/figcaption><\/figure>\n<p align=\"justify\"><span style=\"color: #eeeeee\"><span style=\"font-family: Liberation Serif, serif\"><span style=\"font-size: medium\">Quant aux autres, ils participe<\/span><\/span><\/span><span style=\"color: #eeeeee\"><span style=\"font-family: Liberation Serif, serif\"><span style=\"font-size: medium\">nt \u00e0 la construction. Najac deviendra une ville en 1258 gr\u00e2ce \u00e0 la construction de l\u2019\u00e9glise. Alphonse de Poitiers souhaite une \u00e9glise plus grande et plus imposante qui marquera au fer rouge sa toute puissance et celle de Najac. Elle tient pour mesure, une hauteur de dix-sep<\/span><\/span><\/span><span style=\"color: #eeeeee\"><span style=\"font-family: Liberation Serif, serif\"><span style=\"font-size: medium\">t m\u00e8tres, une longueur de quarante-cinq m\u00e8tres, une largeur de onze m\u00e8tres. L\u2019\u00e9glise Saint-Jean est une \u00e9glise gothique, poss\u00e9dant un cloch\u00e9 hexagonal et une chapelle lat\u00e9rale construite au XIV<sup>e<\/sup> si\u00e8cle. Entre 1274 et 1282, la confr\u00e9rie de S<\/span><\/span><\/span><span style=\"color: #eeeeee\"><span style=\"font-family: Liberation Serif, serif\"><span style=\"font-size: medium\">aint Jaques d\u00e9cide de construire un h\u00f4pital en face de l\u2019\u00e9glise. L\u2019h\u00f4pital fonctionne jusqu\u2019au XVII<sup>e<\/sup> si\u00e8cle mais se voit vendu comme bien national, avant de devenir une maison. <\/span><\/span><\/span><\/p>\n<h1 align=\"justify\"><span style=\"color: #eeeeee\"><span style=\"font-family: Liberation Serif, serif\"><span style=\"font-size: large\"><b>Une puissance notable dans le Rouergue (1253-1368)<\/b><\/span><\/span><\/span><\/h1>\n<figure id=\"attachment_6605\" aria-describedby=\"caption-attachment-6605\" style=\"width: 225px\" class=\"wp-caption alignright\"><img loading=\"lazy\" class=\"size-medium wp-image-6605\" src=\"http:\/\/blogs.univ-jfc.fr\/vphn\/wp-content\/uploads\/sites\/65\/2020\/01\/gouveneur-225x300.png\" alt=\"\" width=\"225\" height=\"300\" srcset=\"https:\/\/blogs.univ-jfc.fr\/vphn\/wp-content\/uploads\/sites\/65\/2020\/01\/gouveneur-225x300.png 225w, https:\/\/blogs.univ-jfc.fr\/vphn\/wp-content\/uploads\/sites\/65\/2020\/01\/gouveneur.png 522w\" sizes=\"(max-width: 225px) 100vw, 225px\" \/><figcaption id=\"caption-attachment-6605\" class=\"wp-caption-text\">Maison du gouverneur, Najac<br \/>Clich\u00e9 personnel<\/figcaption><\/figure>\n<p align=\"justify\"><span style=\"color: #eeeeee\"><span style=\"font-family: Liberation Serif, serif\"><span style=\"font-size: medium\">La puissance militaire de Najac s\u2019illustre par la pr\u00e9sence de nombreuses fortifications dans tout le village. En effet le bourg castral en lui-m\u00eame comporte plus d\u2019une vingtaine de porte ainsi que de nombreux \u00e9l\u00e9ments de d\u00e9fense qui avaient pour but d\u2019interdire l\u2019acc\u00e8s \u00e0 la forteresse aux potentiels visiteurs hostile.De plus cette puissance est incarn\u00e9e par la pr\u00e9sence du gouverneur (qui est un officier royal qui a pour r\u00f4le de maintenir l\u2019ordre dans la r\u00e9gion). Pour appuyer la pr\u00e9sence de cet officier une garnison est \u00e9galement pr\u00e9sente dans le bourg castral afin de veiller \u00e0 la d\u00e9fense de la forteresse ainsi qu\u2019au maintient de l\u2019ordre. Najac est donc une place primordiale dans le commandement des troupes royales dans la province du Rouergue \u00e0 l\u2019\u00e9poque.<\/span><\/span><\/span><\/p>\n<figure id=\"attachment_6614\" aria-describedby=\"caption-attachment-6614\" style=\"width: 200px\" class=\"wp-caption alignleft\"><img loading=\"lazy\" class=\"wp-image-6614 size-medium\" src=\"http:\/\/blogs.univ-jfc.fr\/vphn\/wp-content\/uploads\/sites\/65\/2020\/01\/Najac-s\u00e9tend-sur-la-cr\u00eate-1-685x1030-200x300.jpg\" alt=\"\" width=\"200\" height=\"300\" srcset=\"https:\/\/blogs.univ-jfc.fr\/vphn\/wp-content\/uploads\/sites\/65\/2020\/01\/Najac-s\u00e9tend-sur-la-cr\u00eate-1-685x1030-200x300.jpg 200w, https:\/\/blogs.univ-jfc.fr\/vphn\/wp-content\/uploads\/sites\/65\/2020\/01\/Najac-s\u00e9tend-sur-la-cr\u00eate-1-685x1030-681x1024.jpg 681w, https:\/\/blogs.univ-jfc.fr\/vphn\/wp-content\/uploads\/sites\/65\/2020\/01\/Najac-s\u00e9tend-sur-la-cr\u00eate-1-685x1030.jpg 685w\" sizes=\"(max-width: 200px) 100vw, 200px\" \/><figcaption id=\"caption-attachment-6614\" class=\"wp-caption-text\">Clich\u00e9 repr\u00e9sentant la place du march\u00e9 du village et de la forteresse de Najac<br \/> Image de l\u2019office de tourisme de Najac.<\/figcaption><\/figure>\n<p align=\"justify\"><span style=\"color: #eeeeee\"><span style=\"font-family: Liberation Serif, serif\"><span style=\"font-size: medium\">La puissance commerciale de Najac lui vient principalement de deux facteurs. Le premier est sa proximit\u00e9 avec des ressources naturelles tr\u00e8s riche et le second est sa position g\u00e9ographique tr\u00e8s avantageuse. Pour ce qui est des ressources naturelles. Elles s\u2019incarnent principalement dans les nombreuses mines de cuivre et d\u2019argent pr\u00e9sente sur tout le territoire autour du bourg castral. Exploit\u00e9es depuis l\u2019\u00e9poque gallo-romaine ces mines font de Najac une place qui a su se sp\u00e9cialiser dans l\u2019utilisation des mati\u00e8res premi\u00e8res autour d\u2019elle (de nombreux quartiers se sp\u00e9cialisent en devenant des zones de transformation des m\u00e9taux). Quant \u00e0 sa position g\u00e9ographique avantageuse Najac se situe a un carrefour entre diff\u00e9rentes provinces (Quercy, Rouergue et l\u2019Albigeois) ce qui permet au bourg castral d\u2019avoir \u00e9norm\u00e9ment des voyageurs qui transite par Najac. De nombreuses foires s\u2019organise alors dans le village (une fois par mois d\u2019apr\u00e8s les sources). Ce qui assure la prosp\u00e9rit\u00e9 \u00e9conomique de Najac durant le XIII<sup>e<\/sup> si\u00e8cle et le XIV<sup>e <\/sup> si\u00e8cle.<\/span><\/span><\/span><\/p>\n<h1 align=\"justify\"><span style=\"font-size: large\"><strong><span style=\"color: #eeeeee\"><span style=\"font-family: Liberation Serif, serif\">La transmission du pouvoir vers Villefranche de Rouergue (1368-1380)<\/span><\/span><\/strong><\/span><\/h1>\n<p align=\"justify\"><span style=\"color: #eeeeee\"><span style=\"font-family: Liberation Serif, serif\"><span style=\"font-size: medium\">Durant le XIV<sup>e <\/sup>si\u00e8cle, Villefranche est tr\u00e8s tourn\u00e9 vers l\u2019\u00e9conomie. Son acc\u00e8s direct \u00e0 l\u2019Aveyron lui facilite ses \u00e9changes commerciaux. Villefranche est g\u00e9ographiquement mieux plac\u00e9 que Najac, ce qui donne un avantage consid\u00e9rable en mati\u00e8re d\u2019\u00e9conomie de march\u00e9. La maison du S\u00e9n\u00e9chal, se situait \u00e0 Najac. La saisie de deux maisons pour h\u00e9r\u00e9sie \u00e0 permis la construction de la maison Consulaire en 1276. <\/span><\/span><\/span><\/p>\n<figure id=\"attachment_6626\" aria-describedby=\"caption-attachment-6626\" style=\"width: 204px\" class=\"wp-caption alignright\"><img loading=\"lazy\" class=\"size-medium wp-image-6626\" src=\"http:\/\/blogs.univ-jfc.fr\/vphn\/wp-content\/uploads\/sites\/65\/2020\/01\/s\u00e9nzzd-204x300.jpg\" alt=\"\" width=\"204\" height=\"300\" srcset=\"https:\/\/blogs.univ-jfc.fr\/vphn\/wp-content\/uploads\/sites\/65\/2020\/01\/s\u00e9nzzd-204x300.jpg 204w, https:\/\/blogs.univ-jfc.fr\/vphn\/wp-content\/uploads\/sites\/65\/2020\/01\/s\u00e9nzzd.jpg 349w\" sizes=\"(max-width: 204px) 100vw, 204px\" \/><figcaption id=\"caption-attachment-6626\" class=\"wp-caption-text\">Maison du s\u00e9n\u00e9chal, Najac<br \/>Clich\u00e9 personnel<\/figcaption><\/figure>\n<p align=\"justify\"><span style=\"color: #eeeeee\"><span style=\"font-family: Liberation Serif, serif\"><span style=\"font-size: medium\">C\u2019est gr\u00e2ce aux consuls que na\u00eet cette maison, et une nouvelle place pour le march\u00e9 inaugur\u00e9 en 1316. Cependant en 1369, les Anglais occupent Villefranche. Son activit\u00e9 \u00e9conomique est en plaine \ufb02oraison et devient en d\u00e9pit de Najac, le nouveau si\u00e8ge de la s\u00e9n\u00e9chauss\u00e9e en 1370. Villefranche devient donc la capitale \u00e9conomique, administrative et judiciaire. En mai 1369, les principaux privil\u00e8ges de Villefranche sont con\ufb01rm\u00e9s par les lettres du Duc d\u2019Anjou et par Charles V, le 21 juin 1370. Par ces lettres le si\u00e8ge du s\u00e9n\u00e9chal, du juge-mage et du tr\u00e9sorier de la s\u00e9n\u00e9chauss\u00e9e de Rouergue sont \ufb01x\u00e9s \u00e0 Villefranche. En d\u00e9cembre 1371 est cr\u00e9\u00e9 \u00e0 Villefranche un atelier mon\u00e9taire royal qui existera jusqu\u2019en 1566. Najac demeure jusqu\u2019en 1370 le chef-lieu de la s\u00e9n\u00e9chauss\u00e9e de Rouergue, s\u2019\u00e9tendant sur le territoire de six cantons actuel de l\u2019Aveyron et du Tarn et Garonne ann\u00e9e ou le si\u00e8ge du S\u00e9n\u00e9chal est d\u00e9plac\u00e9 \u00e0 Villefranche de Rouergue. <\/span><\/span><\/span><\/p>\n<p align=\"justify\"><span style=\"color: #eeeeee\"><span style=\"font-family: Liberation Serif, serif\"><span style=\"font-size: medium\">Najac va conna\u00eetre un long d\u00e9clin. Ce d\u00e9clin commence \u00e0 la fin du XIVe si\u00e8cle avec la guerre de cent ans (1337-1453), lorsque le bourg tomba entre les mains des Anglais. Pendant dix ans, les Anglais occupent le territoire et son ch\u00e2teau. D\u2019apr\u00e8s les \u00e9crits un soir, les Najacois vont se r\u00e9volter face \u00e0 la menace anglaise et r\u00e9ussissent \u00e0 p\u00e9n\u00e9trer dans le ch\u00e2teau par ruse. Ils vont tuer la garnison anglaise et r\u00e9cup\u00e9rer le ch\u00e2teau. Il faut savoir que lorsque les Cap\u00e9tiens prirent le pouvoir sur le comt\u00e9 de Toulouse par le mariage d&rsquo;Alphonse de Poitiers avec l&rsquo;h\u00e9riti\u00e8re du comt\u00e9 Jeanne de Toulouse, l&rsquo;ancienne capitale administrative du Rouergue, Najac, si\u00e8ge de la s\u00e9n\u00e9chauss\u00e9e du Rouergue, fut jug\u00e9e trop fid\u00e8le \u00e0 l&rsquo;ancienne dynastie Raymondine. Alphonse de Poitiers d\u00e9cida de cr\u00e9er une ville nouvelle afin d&rsquo;y transf\u00e9rer le si\u00e8ge de son administration, afin de casser les anciennes all\u00e9geances. Il fonda donc Villefranche-de-Rouergue en 1252. Najac va \u00eatre alors victime d\u2019un abandon progressif de la ville. Au XIV il y a entre 5000 et 6000 habitants \u00e0 Najac, Au fil des si\u00e8cles la ville conna\u00eet un d\u00e9clin d\u00e9mographique et par cons\u00e9quent \u00e9conomique et ce ph\u00e9nom\u00e8ne va exister jusqu\u2019\u00e0 aujourd\u2019hui. <\/span><\/span><\/span><\/p>\n<p align=\"justify\"><span style=\"color: #eeeeee\"><span style=\"font-family: Liberation Serif, serif\"><span style=\"font-size: medium\">Pour conclure, Najac gr\u00e2ce \u00e0 Alphonse de Poitiers comte de Toulouse va conna\u00eetre une puissance \u00e0 tous les niveaux. La ville de Najac est marqu\u00e9e par sa puissance militaire avec sa forteresse et tous les \u00e9l\u00e9ments d\u00e9fensifs de la ville, sa puissance commerciale avec ses nombreux march\u00e9s, la r\u00e9gion qui regorgent de richesses, sa position strat\u00e9gique pour le commerce et enfin une puissance religieuse avec la construction de l\u2019\u00c9glise Saint-Jean. Gr\u00e2ce \u00e0 tout cela Najac a r\u00e9ussi r\u00e9ellement \u00e0 s\u2019imposer comme une puissance r\u00e9gionale dans tout le Rouergue au XIIIe si\u00e8cle avant de d\u00e9cliner \u00e0 partir du XIVe si\u00e8cle avec l\u2019occupation anglaise et le d\u00e9placement de la s\u00e9n\u00e9chauss\u00e9e vers Villefranche de Rouergue.<\/span><\/span><\/span><\/p>\n<figure id=\"attachment_7305\" aria-describedby=\"caption-attachment-7305\" style=\"width: 212px\" class=\"wp-caption alignright\"><img loading=\"lazy\" class=\"size-medium wp-image-7305\" src=\"http:\/\/blogs.univ-jfc.fr\/vphn\/wp-content\/uploads\/sites\/65\/2020\/03\/festival-212x300.png\" alt=\"\" width=\"212\" height=\"300\" srcset=\"https:\/\/blogs.univ-jfc.fr\/vphn\/wp-content\/uploads\/sites\/65\/2020\/03\/festival-212x300.png 212w, https:\/\/blogs.univ-jfc.fr\/vphn\/wp-content\/uploads\/sites\/65\/2020\/03\/festival.png 679w\" sizes=\"(max-width: 212px) 100vw, 212px\" \/><figcaption id=\"caption-attachment-7305\" class=\"wp-caption-text\">Affiche des m\u00e9di\u00e9vales de Najac (\u00e9dition 2019)<br \/>Page Facebook de l\u2019association.<\/figcaption><\/figure>\n<p align=\"justify\"><span style=\"color: #eeeeee\"><span style=\"font-family: Liberation Serif, serif\"><span style=\"font-size: medium\">Au fil des si\u00e8cles Najac a subi un d\u00e9clin d\u00e9mographique suite au d\u00e9<\/span><\/span><\/span><span style=\"color: #eeeeee\"><span style=\"font-family: Liberation Serif, serif\"><span style=\"font-size: medium\">placement de cette s\u00e9n\u00e9chauss\u00e9e qui a entra\u00een\u00e9 progressivement une baisse de puissance sur le plan militaire, commercial et religieux. De nos jours Najac vit essentiellement du tourisme. <\/span><\/span><\/span><span style=\"color: #eeeeee\"><span style=\"font-family: Liberation Serif, serif\"><span style=\"font-size: medium\">En effet pendant l\u2019\u00e9t\u00e9 Najac accueille un <a href=\"https:\/\/www.tourisme-villefranche-najac.com\/fr\/villefranche-najac\/najac\/najac.php\">festival m\u00e9di\u00e9val<\/a> qui montre la volont\u00e9 de se rattacher \u00e0 l\u2019h\u00e9ritage m\u00e9di\u00e9val du village.<\/span><\/span><\/span><\/p>\n<h1 align=\"justify\"><a href=\"http:\/\/blogs.univ-jfc.fr\/vphn\/bibliographie-4\/\">Bibliographie<\/a><\/h1>\n<p align=\"justify\"><span style=\"color: #eeeeee\">\u00c9tudiant(e)s\u00a0: Panissal Paul (L2) \/ Jean Th\u00e9o (L2) \/ Newerkowitsch Laure (L1) <\/span><\/p>\n","protected":false},"excerpt":{"rendered":"<p>En 1229 la r\u00e9daction du trait\u00e9 de Maux-Paris mets fin \u00e0 la croisade des Albigeois et place le roi de France en grand vainqueur de ce conflit. En effet ce dernier impose au comte de Toulouse de ne plus pouvoir construire de place forte sur son territoire, de plus il r\u00e9ussit \u00e9galement \u00e0 marier son &hellip; <\/p>\n<p class=\"link-more\"><a href=\"https:\/\/blogs.univ-jfc.fr\/vphn\/patrimoine-et-sites-remarquables\/najac-milieu-du-xiiie-fin-xive\/\" class=\"more-link\">Continuer la lecture<span class=\"screen-reader-text\"> de &laquo;&nbsp;Najac (milieu du XIIIe \u2013 fin XIVe)&nbsp;&raquo;<\/span><\/a><\/p>\n","protected":false},"author":569,"featured_media":0,"parent":30,"menu_order":1,"comment_status":"closed","ping_status":"closed","template":"","meta":[],"_links":{"self":[{"href":"https:\/\/blogs.univ-jfc.fr\/vphn\/wp-json\/wp\/v2\/pages\/5419"}],"collection":[{"href":"https:\/\/blogs.univ-jfc.fr\/vphn\/wp-json\/wp\/v2\/pages"}],"about":[{"href":"https:\/\/blogs.univ-jfc.fr\/vphn\/wp-json\/wp\/v2\/types\/page"}],"author":[{"embeddable":true,"href":"https:\/\/blogs.univ-jfc.fr\/vphn\/wp-json\/wp\/v2\/users\/569"}],"replies":[{"embeddable":true,"href":"https:\/\/blogs.univ-jfc.fr\/vphn\/wp-json\/wp\/v2\/comments?post=5419"}],"version-history":[{"count":13,"href":"https:\/\/blogs.univ-jfc.fr\/vphn\/wp-json\/wp\/v2\/pages\/5419\/revisions"}],"predecessor-version":[{"id":8344,"href":"https:\/\/blogs.univ-jfc.fr\/vphn\/wp-json\/wp\/v2\/pages\/5419\/revisions\/8344"}],"up":[{"embeddable":true,"href":"https:\/\/blogs.univ-jfc.fr\/vphn\/wp-json\/wp\/v2\/pages\/30"}],"wp:attachment":[{"href":"https:\/\/blogs.univ-jfc.fr\/vphn\/wp-json\/wp\/v2\/media?parent=5419"}],"curies":[{"name":"wp","href":"https:\/\/api.w.org\/{rel}","templated":true}]}}