{"id":6218,"date":"2020-01-30T12:15:42","date_gmt":"2020-01-30T11:15:42","guid":{"rendered":"http:\/\/blogs.univ-jfc.fr\/vphn\/?page_id=6218"},"modified":"2020-01-30T12:23:55","modified_gmt":"2020-01-30T11:23:55","slug":"bibliographie-la-fondation-de-cordes-sur-ciel-2020","status":"publish","type":"page","link":"https:\/\/blogs.univ-jfc.fr\/vphn\/patrimoine-et-sites-remarquables\/la-fondation-de-cordes-sur-ciel-2020\/bibliographie-la-fondation-de-cordes-sur-ciel-2020\/","title":{"rendered":"Bibliographie La fondation de Cordes-sur-ciel [2020]"},"content":{"rendered":"<p><b>Villes et bastides au Moyen-\u00e2ge<\/b><\/p>\n<p>&#8211; DE SAINT-BLANQUAT O., <i>La Fondation des bastides royales dans la s\u00e9n\u00e9chauss\u00e9e de Toulouse : aux XIIIe et XIVe si\u00e8cles<\/i>, C.R.D.P, Toulouse, 1985.<\/p>\n<p>&#8211; HEERS J.,<i> La ville au Moyen \u00e2ge<\/i>, Hachette, Paris, 1990.<\/p>\n<p>&#8211; SAULAIS B., <i>Les Bastides : institutions originales du Sud-Ouest<\/i>, Archives de la Haute-Garonne, Toulouse, 1986.<\/p>\n<p><b>Contexte de la fondation de Cordes-sur-ciel<\/b><\/p>\n<p>&#8211; BERLIOZ J. (dir.), <i>Le pays cathare, les religions m\u00e9di\u00e9vales et leurs expressions m\u00e9ridionales<\/i>, \u00c9dition du seuil coll. Points, Paris, 2016.<\/p>\n<p>&#8211; ROQUEBER M., <i>L\u2019\u00e9pop\u00e9e Cathare, la croisade albigeoise<\/i>, Perrin, Paris, 2001.<\/p>\n<p>&#8211; ZERNER-CHARDAVOINE M., <i>La croisade albigeoise<\/i>, Gallimard-Julliard coll. Archives, Paris, 1979.<\/p>\n<p><b>Aristocratie m\u00e9di\u00e9vale<\/b><\/p>\n<p>&#8211; MACE L., <i>Les comtes de Toulouse et leur entourage XII-XIIIe si\u00e8cle, rivalit\u00e9s, alliances et jeux de pouvoirs<\/i>, Privat, Toulouse, 2003.<\/p>\n<p>-MAZENQ C., <i>Raymond VII, comte de Toulouse 1229-1249<\/i>, M\u00e9moire de ma\u00eetrise, Toulouse II Jean-Jaur\u00e8s, sous la direction de P. Bonnassie, 1997.<\/p>\n<p><b>L\u2019architecture m\u00e9di\u00e9vale<\/b><\/p>\n<p>&#8211; BENOIT F., <i>L&rsquo;architecture : l&rsquo;Occident m\u00e9di\u00e9val du Romain au Roman<\/i>, Librairie Renouard, coll. Manuels d\u2019histoire de l\u2019art, Paris, 1933.<\/p>\n<p>&#8211; MONNIER G.,<i> Histoire de l\u2019architecture<\/i>, PUF, Paris, 2010.<\/p>\n<p><b>Cordes-sur-ciel<\/b><\/p>\n<p>&#8211; LAZARRO C., <i>Cordes au Moyen-Age : recherche sur les maisons m\u00e9di\u00e9vales du XIIIe et XIVe si\u00e8cles, <\/i>M\u00e9moire de ma\u00eetrise, Toulouse II Jean-Jaur\u00e8s, sous la direction de M. Pradalier-Schlumberger, 1998.<\/p>\n<p>&#8211; PORTAL C., <i>Cordes-sur-ciel, histoire et architecture<\/i>, Cordes, Soci\u00e9t\u00e9 des amis du Vieux Cordes, 2000.<\/p>\n<p>&#8211; TREMOLET C., <i>La baillie de Cordes \u00e0 la fin du XIII<\/i><i>e<\/i><i> si\u00e8cle<\/i>, M\u00e9moire de ma\u00eetrise, Universit\u00e9 de Toulouse-Le-Mirail, sous la direction de P. Bonnassie, 1981.<\/p>\n<p><b>Articles sp\u00e9cialis\u00e9s<\/b><\/p>\n<p>&#8211; CASSAN E., \u00ab Cordes en Albigeois : dynamiques d\u2019un paysage urbain d\u2019origine castrale, du d\u00e9but du XIIIe si\u00e8cle au milieu du XVIe si\u00e8cle \u00bb, <i>Arch\u00e9ologie du midi m\u00e9di\u00e9val,<\/i> tome 31, 2013.<\/p>\n<p>&#8211; CASSAN E., \u00ab Des forts villageois autour du Castrum de Cordes en Albigeois : d\u00e9fenses des campagnes et \u00e9volution des paysages du XIVe au XVIIe si\u00e8cle <i>\u00bb, Arch\u00e9ologie du Midi m\u00e9di\u00e9val<\/i>, Tome 29, 2011, pp. 149-186.<\/p>\n<p>&#8211; DE MARSY A., \u00ab Une ville du moyen \u00e2ge, Cordes \u00bb, <i>Bulletin Monumental<\/i>, tome 57, 1891. pp. 284-285<\/p>\n<p>&nbsp;<\/p>\n","protected":false},"excerpt":{"rendered":"<p>Villes et bastides au Moyen-\u00e2ge &#8211; DE SAINT-BLANQUAT O., La Fondation des bastides royales dans la s\u00e9n\u00e9chauss\u00e9e de Toulouse : aux XIIIe et XIVe si\u00e8cles, C.R.D.P, Toulouse, 1985. &#8211; HEERS J., La ville au Moyen \u00e2ge, Hachette, Paris, 1990. &#8211; SAULAIS B., Les Bastides : institutions originales du Sud-Ouest, Archives de la Haute-Garonne, Toulouse, 1986. &hellip; <\/p>\n<p class=\"link-more\"><a href=\"https:\/\/blogs.univ-jfc.fr\/vphn\/patrimoine-et-sites-remarquables\/la-fondation-de-cordes-sur-ciel-2020\/bibliographie-la-fondation-de-cordes-sur-ciel-2020\/\" class=\"more-link\">Continuer la lecture<span class=\"screen-reader-text\"> de &laquo;&nbsp;Bibliographie La fondation de Cordes-sur-ciel [2020]&nbsp;&raquo;<\/span><\/a><\/p>\n","protected":false},"author":573,"featured_media":0,"parent":6023,"menu_order":0,"comment_status":"closed","ping_status":"closed","template":"","meta":[],"_links":{"self":[{"href":"https:\/\/blogs.univ-jfc.fr\/vphn\/wp-json\/wp\/v2\/pages\/6218"}],"collection":[{"href":"https:\/\/blogs.univ-jfc.fr\/vphn\/wp-json\/wp\/v2\/pages"}],"about":[{"href":"https:\/\/blogs.univ-jfc.fr\/vphn\/wp-json\/wp\/v2\/types\/page"}],"author":[{"embeddable":true,"href":"https:\/\/blogs.univ-jfc.fr\/vphn\/wp-json\/wp\/v2\/users\/573"}],"replies":[{"embeddable":true,"href":"https:\/\/blogs.univ-jfc.fr\/vphn\/wp-json\/wp\/v2\/comments?post=6218"}],"version-history":[{"count":3,"href":"https:\/\/blogs.univ-jfc.fr\/vphn\/wp-json\/wp\/v2\/pages\/6218\/revisions"}],"predecessor-version":[{"id":6273,"href":"https:\/\/blogs.univ-jfc.fr\/vphn\/wp-json\/wp\/v2\/pages\/6218\/revisions\/6273"}],"up":[{"embeddable":true,"href":"https:\/\/blogs.univ-jfc.fr\/vphn\/wp-json\/wp\/v2\/pages\/6023"}],"wp:attachment":[{"href":"https:\/\/blogs.univ-jfc.fr\/vphn\/wp-json\/wp\/v2\/media?parent=6218"}],"curies":[{"name":"wp","href":"https:\/\/api.w.org\/{rel}","templated":true}]}}